{"id":6743,"date":"2020-02-06T16:40:59","date_gmt":"2020-02-06T15:40:59","guid":{"rendered":"http:\/\/blogs.univ-jfc.fr\/vphn\/?page_id=6743"},"modified":"2020-03-02T15:56:27","modified_gmt":"2020-03-02T14:56:27","slug":"definition-courtine","status":"publish","type":"page","link":"https:\/\/blogs.univ-jfc.fr\/vphn\/patrimoine-et-sites-remarquables\/le-chateau-de-la-roque-2020\/definition-courtine\/","title":{"rendered":"D\u00e9finition courtine"},"content":{"rendered":"<h3><strong>Courtine :\u00a0<\/strong>Une courtine est un \u00e9l\u00e9ment de muraille qui relie deux bastions ou deux tours flanquantes (de chaque c\u00f4t\u00e9).<\/h3>\n","protected":false},"excerpt":{"rendered":"<p>Courtine :\u00a0Une courtine est un \u00e9l\u00e9ment de muraille qui relie deux bastions ou deux tours flanquantes (de chaque c\u00f4t\u00e9).<\/p>\n","protected":false},"author":705,"featured_media":0,"parent":5347,"menu_order":0,"comment_status":"closed","ping_status":"closed","template":"","meta":[],"_links":{"self":[{"href":"https:\/\/blogs.univ-jfc.fr\/vphn\/wp-json\/wp\/v2\/pages\/6743"}],"collection":[{"href":"https:\/\/blogs.univ-jfc.fr\/vphn\/wp-json\/wp\/v2\/pages"}],"about":[{"href":"https:\/\/blogs.univ-jfc.fr\/vphn\/wp-json\/wp\/v2\/types\/page"}],"author":[{"embeddable":true,"href":"https:\/\/blogs.univ-jfc.fr\/vphn\/wp-json\/wp\/v2\/users\/705"}],"replies":[{"embeddable":true,"href":"https:\/\/blogs.univ-jfc.fr\/vphn\/wp-json\/wp\/v2\/comments?post=6743"}],"version-history":[{"count":2,"href":"https:\/\/blogs.univ-jfc.fr\/vphn\/wp-json\/wp\/v2\/pages\/6743\/revisions"}],"predecessor-version":[{"id":7287,"href":"https:\/\/blogs.univ-jfc.fr\/vphn\/wp-json\/wp\/v2\/pages\/6743\/revisions\/7287"}],"up":[{"embeddable":true,"href":"https:\/\/blogs.univ-jfc.fr\/vphn\/wp-json\/wp\/v2\/pages\/5347"}],"wp:attachment":[{"href":"https:\/\/blogs.univ-jfc.fr\/vphn\/wp-json\/wp\/v2\/media?parent=6743"}],"curies":[{"name":"wp","href":"https:\/\/api.w.org\/{rel}","templated":true}]}}