{"id":6767,"date":"2020-02-06T17:12:05","date_gmt":"2020-02-06T16:12:05","guid":{"rendered":"http:\/\/blogs.univ-jfc.fr\/vphn\/?page_id=6767"},"modified":"2020-02-06T17:26:24","modified_gmt":"2020-02-06T16:26:24","slug":"pour-aller-plus-loin-3","status":"publish","type":"page","link":"https:\/\/blogs.univ-jfc.fr\/vphn\/histoire-locale\/le-corps-franc-pommies-la-resistance-de-larmee-2020\/pour-aller-plus-loin-3\/","title":{"rendered":"Pour aller plus loin&#8230;"},"content":{"rendered":"<p><span style=\"font-weight: 400\">&#8211; C\u00e9roni, M., <\/span><i><span style=\"font-weight: 400\">Le Corps franc Pommi\u00e8s : La Clandestinit\u00e9<\/span><\/i><span style=\"font-weight: 400\"> (tome 1), Toulouse, Grand Rond, 1980.<\/span><\/p>\n<p><span style=\"font-weight: 400\">&#8211; C\u00e9roni, M., <\/span><i><span style=\"font-weight: 400\">Le Corps franc Pommi\u00e8s : La Lutte ouverte<\/span><\/i><span style=\"font-weight: 400\"> (tome 2), Toulouse, Grand Rond, 1984.<\/span><\/p>\n<p><span style=\"font-weight: 400\">&#8211; Giraudon, R., <\/span><i><span style=\"font-weight: 400\">Le Corps franc Pommi\u00e8s : 49\u00e8me RIL : Vers la victoire <\/span><\/i><span style=\"font-weight: 400\">(tome 3), Toulouse, Signes du monde, 1995.<\/span><\/p>\n<p><span style=\"font-weight: 400\">&#8211; Lormier, D., <\/span><i><span style=\"font-weight: 400\">L&rsquo;\u00c9pop\u00e9e du Corps franc Pommi\u00e8s : des Pyr\u00e9n\u00e9es \u00e0 Berlin<\/span><\/i><span style=\"font-weight: 400\">, Paris, J. Grancher, 1990.<\/span><\/p>\n<p><span style=\"font-weight: 400\">&#8211; Martel, A. (dir.), <\/span><i><span style=\"font-weight: 400\">Histoire militaire de la France : 4. De 1940 \u00e0 nos jours<\/span><\/i><span style=\"font-weight: 400\">, Paris, Presses Universitaires de France, 1994.<\/span><\/p>\n<p><span style=\"font-weight: 400\">&#8211;\u00a0 Pommi\u00e8s J.-A., <\/span><i><span style=\"font-weight: 400\">Le corps franc Pommi\u00e8s : Une arm\u00e9e dans la R\u00e9sistance<\/span><\/i><span style=\"font-weight: 400\">, Toulouse,\u00a0 Privat, 2014.<\/span><\/p>\n<p><span style=\"font-weight: 400\">&#8211; Sturni, A., <\/span><i><span style=\"font-weight: 400\">L&rsquo;insoumis : Un enfant d&rsquo;Alsace dans la tourmente<\/span><\/i><span style=\"font-weight: 400\">, Paris, La Pens\u00e9e Universelle, 1991.<\/span><\/p>\n<p>\u00c9tudiants : DARCIAL Milo, QUINET Pierre<\/p>\n","protected":false},"excerpt":{"rendered":"<p>&#8211; C\u00e9roni, M., Le Corps franc Pommi\u00e8s : La Clandestinit\u00e9 (tome 1), Toulouse, Grand Rond, 1980. &#8211; C\u00e9roni, M., Le Corps franc Pommi\u00e8s : La Lutte ouverte (tome 2), Toulouse, Grand Rond, 1984. &#8211; Giraudon, R., Le Corps franc Pommi\u00e8s : 49\u00e8me RIL : Vers la victoire (tome 3), Toulouse, Signes du monde, 1995. &#8211; &hellip; <\/p>\n<p class=\"link-more\"><a href=\"https:\/\/blogs.univ-jfc.fr\/vphn\/histoire-locale\/le-corps-franc-pommies-la-resistance-de-larmee-2020\/pour-aller-plus-loin-3\/\" class=\"more-link\">Continuer la lecture<span class=\"screen-reader-text\"> de &laquo;&nbsp;Pour aller plus loin&#8230;&nbsp;&raquo;<\/span><\/a><\/p>\n","protected":false},"author":700,"featured_media":0,"parent":5320,"menu_order":0,"comment_status":"closed","ping_status":"closed","template":"","meta":[],"_links":{"self":[{"href":"https:\/\/blogs.univ-jfc.fr\/vphn\/wp-json\/wp\/v2\/pages\/6767"}],"collection":[{"href":"https:\/\/blogs.univ-jfc.fr\/vphn\/wp-json\/wp\/v2\/pages"}],"about":[{"href":"https:\/\/blogs.univ-jfc.fr\/vphn\/wp-json\/wp\/v2\/types\/page"}],"author":[{"embeddable":true,"href":"https:\/\/blogs.univ-jfc.fr\/vphn\/wp-json\/wp\/v2\/users\/700"}],"replies":[{"embeddable":true,"href":"https:\/\/blogs.univ-jfc.fr\/vphn\/wp-json\/wp\/v2\/comments?post=6767"}],"version-history":[{"count":4,"href":"https:\/\/blogs.univ-jfc.fr\/vphn\/wp-json\/wp\/v2\/pages\/6767\/revisions"}],"predecessor-version":[{"id":6786,"href":"https:\/\/blogs.univ-jfc.fr\/vphn\/wp-json\/wp\/v2\/pages\/6767\/revisions\/6786"}],"up":[{"embeddable":true,"href":"https:\/\/blogs.univ-jfc.fr\/vphn\/wp-json\/wp\/v2\/pages\/5320"}],"wp:attachment":[{"href":"https:\/\/blogs.univ-jfc.fr\/vphn\/wp-json\/wp\/v2\/media?parent=6767"}],"curies":[{"name":"wp","href":"https:\/\/api.w.org\/{rel}","templated":true}]}}