{"id":6805,"date":"2020-02-10T15:13:18","date_gmt":"2020-02-10T14:13:18","guid":{"rendered":"http:\/\/blogs.univ-jfc.fr\/vphn\/?page_id=6805"},"modified":"2020-03-05T23:24:40","modified_gmt":"2020-03-05T22:24:40","slug":"la-vente-de-la-barronie-de-miglos-en-1599","status":"publish","type":"page","link":"https:\/\/blogs.univ-jfc.fr\/vphn\/la-vente-de-la-barronie-de-miglos-en-1599\/","title":{"rendered":"La vente de la barronie de Miglos en 1599"},"content":{"rendered":"<p align=\"justify\">A la fin du XVIe si\u00e8cle, le baron de Miglos \u00e9tait Bernard de Goth depuis sont mariage vers 1970 avec Catherine de B\u00e9on. Mais la fin du XVIe si\u00e8cle est marqu\u00e9e par la guerre entre la ligue catholique et les protestants sous la direction de Henri de Navarre pour le tr\u00f4ne de France (depuis l&rsquo;assassinat du roi Henri III en 1589 par Jacques Cl\u00e9ment, un moine ligueur). Etant le vassal du comte de Foix, Bernard de Goth doit partir \u00e0 la guerre et rejoindre les rangs de l&rsquo;arm\u00e9e royal. Avant de partir, Bernard de Goth r\u00e9digea un testament dans lequel il donne la baronnie de Miglos \u00e0 son enfant dans l&rsquo;eventualit\u00e9 o\u00f9 Catherine de B\u00e9on serait enceinte. Il meurt cependant \u00e0 la guerre vers 1590 et sa femme n&rsquo;\u00e9tait pas enceinte. Catherine devint donc la baronne de Miglos mais elle se remaria et suivit son nouveaux mari dans sa seigneurie. Ne pouvant gerer 2 domaines \u00e9loign\u00e9 spatialement, elle d\u00e9cida en 1599 de vendre la baronnie. Cette acheteur fut Charles de Miglos, qui habitait \u00e0 Capoulet. Cependant l&rsquo;acte f\u00fbt r\u00e9ellement sign\u00e9 en 1606 mais comme Charles de Miglos \u00e9tait mort en 1605, alors ce f\u00fbt son neveux Pierre de Miglos qui en h\u00e9rita.<\/p>\n","protected":false},"excerpt":{"rendered":"<p>A la fin du XVIe si\u00e8cle, le baron de Miglos \u00e9tait Bernard de Goth depuis sont mariage vers 1970 avec Catherine de B\u00e9on. Mais la fin du XVIe si\u00e8cle est marqu\u00e9e par la guerre entre la ligue catholique et les protestants sous la direction de Henri de Navarre pour le tr\u00f4ne de France (depuis l&rsquo;assassinat &hellip; <\/p>\n<p class=\"link-more\"><a href=\"https:\/\/blogs.univ-jfc.fr\/vphn\/la-vente-de-la-barronie-de-miglos-en-1599\/\" class=\"more-link\">Continuer la lecture<span class=\"screen-reader-text\"> de &laquo;&nbsp;La vente de la barronie de Miglos en 1599&nbsp;&raquo;<\/span><\/a><\/p>\n","protected":false},"author":711,"featured_media":0,"parent":0,"menu_order":3,"comment_status":"closed","ping_status":"closed","template":"","meta":[],"_links":{"self":[{"href":"https:\/\/blogs.univ-jfc.fr\/vphn\/wp-json\/wp\/v2\/pages\/6805"}],"collection":[{"href":"https:\/\/blogs.univ-jfc.fr\/vphn\/wp-json\/wp\/v2\/pages"}],"about":[{"href":"https:\/\/blogs.univ-jfc.fr\/vphn\/wp-json\/wp\/v2\/types\/page"}],"author":[{"embeddable":true,"href":"https:\/\/blogs.univ-jfc.fr\/vphn\/wp-json\/wp\/v2\/users\/711"}],"replies":[{"embeddable":true,"href":"https:\/\/blogs.univ-jfc.fr\/vphn\/wp-json\/wp\/v2\/comments?post=6805"}],"version-history":[{"count":2,"href":"https:\/\/blogs.univ-jfc.fr\/vphn\/wp-json\/wp\/v2\/pages\/6805\/revisions"}],"predecessor-version":[{"id":7680,"href":"https:\/\/blogs.univ-jfc.fr\/vphn\/wp-json\/wp\/v2\/pages\/6805\/revisions\/7680"}],"wp:attachment":[{"href":"https:\/\/blogs.univ-jfc.fr\/vphn\/wp-json\/wp\/v2\/media?parent=6805"}],"curies":[{"name":"wp","href":"https:\/\/api.w.org\/{rel}","templated":true}]}}

<p align="justify">A la fin du XVIe siècle, le baron de Miglos était Bernard de Goth depuis sont mariage vers 1970 avec Catherine de Béon. Mais la fin du XVIe siècle est marquée par la guerre entre la ligue catholique et les protestants sous la direction de Henri de Navarre pour le trône de France (depuis l&rsquo;assassinat du roi Henri III en 1589 par Jacques Clément, un moine ligueur). Etant le vassal du comte de Foix, Bernard de Goth doit partir à la guerre et rejoindre les rangs de l&rsquo;armée royal. Avant de partir, Bernard de Goth rédigea un testament dans lequel il donne la baronnie de Miglos à son enfant dans l&rsquo;eventualité où Catherine de Béon serait enceinte. Il meurt cependant à la guerre vers 1590 et sa femme n&rsquo;était pas enceinte. Catherine devint donc la baronne de Miglos mais elle se remaria et suivit son nouveaux mari dans sa seigneurie. Ne pouvant gerer 2 domaines éloigné spatialement, elle décida en 1599 de vendre la baronnie. Cette acheteur fut Charles de Miglos, qui habitait à Capoulet. Cependant l&rsquo;acte fût réellement signé en 1606 mais comme Charles de Miglos était mort en 1605, alors ce fût son neveux Pierre de Miglos qui en hérita.</p>

<p>A la fin du XVIe siècle, le baron de Miglos était Bernard de Goth depuis sont mariage vers 1970 avec Catherine de Béon. Mais la fin du XVIe siècle est marquée par la guerre entre la ligue catholique et les protestants sous la direction de Henri de Navarre pour le trône de France (depuis l&rsquo;assassinat &hellip; </p>
<p class="link-more"><a href="https://blogs.univ-jfc.fr/vphn/la-vente-de-la-barronie-de-miglos-en-1599/" class="more-link">Continuer la lecture<span class="screen-reader-text"> de &laquo;&nbsp;La vente de la barronie de Miglos en 1599&nbsp;&raquo;</span></a></p>
