{"id":6870,"date":"2020-02-12T14:02:54","date_gmt":"2020-02-12T13:02:54","guid":{"rendered":"http:\/\/blogs.univ-jfc.fr\/vphn\/?page_id=6870"},"modified":"2020-02-17T10:49:58","modified_gmt":"2020-02-17T09:49:58","slug":"bibliographie-3","status":"publish","type":"page","link":"https:\/\/blogs.univ-jfc.fr\/vphn\/bibliographie-3\/","title":{"rendered":"Bibliographie"},"content":{"rendered":"<p><strong>Histoire de Gaillac :<\/strong><\/p>\n<p align=\"justify\"><span style=\"font-weight: 400\">CABIE. E. \u201cRapports de Saint Didier, \u00e9v\u00eaque de Cahors et de Saint Didier, \u00e9v\u00eaque d\u2019Auxerre avec l\u2019Albigeois\u201d, <\/span><i><span style=\"font-weight: 400\">Annales du Midi : revue arch\u00e9ologique, historique et philologique de la France m\u00e9ridionale<\/span><\/i><span style=\"font-weight: 400\">, Tome 6, N\u00b024, 1894. pp.401-419.<\/span><\/p>\n<p><strong>L\u2019Abbaye Saint-Michel de Gaillac :<\/strong><\/p>\n<p align=\"justify\"><span style=\"font-weight: 400\">AHLSELL de TOULZA. G. &amp; CAZES. D. \u00ab\u00a0L\u2019\u00e9glise abbatiale Saint-Michel de Gaillac\u00a0\u00bb, <\/span><i><span style=\"font-weight: 400\">Congr\u00e8s arch\u00e9ologique de France<\/span><\/i><span style=\"font-weight: 400\">, 1982, PP. 280-293.<\/span><\/p>\n<p align=\"justify\"><span style=\"font-weight: 400\">DURLIAT. M. <\/span><i><span style=\"font-weight: 400\">Patrimoine artistique de Gaillac ; visite commune des \u00e9glises Saint-Michel et Saint-Pierre, <\/span><\/i><span style=\"font-weight: 400\">Mill\u00e9naire de Gaillac, 1972, pp.199-277.<\/span><\/p>\n<p align=\"justify\"><span style=\"font-weight: 400\">LACGER. L. \u201cL&rsquo;Abbaye Saint-Michel de Gaillac en Albigeois, de sa fondation a\u0300 sa s\u00e9cularisation, du milieu du Xe si\u00e8cle a\u0300 l&rsquo;ann\u00e9e 1534\u2026\u201d, <\/span><i><span style=\"font-weight: 400\">La Revue Mabillon,<\/span><\/i><span style=\"font-weight: 400\"> 1923-1924, Liguge\u0301 : Impr. E. Aubin.<\/span><\/p>\n<p align=\"justify\">Sembr\u00e8s Pauline (L1) et Orsal Lucie (L2)<\/p>\n<p align=\"justify\"><a href=\"http:\/\/blogs.univ-jfc.fr\/vphn\/bibliographie-exhaustive\/\">Pour une bibliographie exhaustive<\/a><\/p>\n","protected":false},"excerpt":{"rendered":"<p>Histoire de Gaillac : CABIE. E. \u201cRapports de Saint Didier, \u00e9v\u00eaque de Cahors et de Saint Didier, \u00e9v\u00eaque d\u2019Auxerre avec l\u2019Albigeois\u201d, Annales du Midi : revue arch\u00e9ologique, historique et philologique de la France m\u00e9ridionale, Tome 6, N\u00b024, 1894. pp.401-419. L\u2019Abbaye Saint-Michel de Gaillac : AHLSELL de TOULZA. G. &amp; CAZES. D. \u00ab\u00a0L\u2019\u00e9glise abbatiale Saint-Michel de &hellip; <\/p>\n<p class=\"link-more\"><a href=\"https:\/\/blogs.univ-jfc.fr\/vphn\/bibliographie-3\/\" class=\"more-link\">Continuer la lecture<span class=\"screen-reader-text\"> de &laquo;&nbsp;Bibliographie&nbsp;&raquo;<\/span><\/a><\/p>\n","protected":false},"author":708,"featured_media":0,"parent":0,"menu_order":0,"comment_status":"closed","ping_status":"closed","template":"","meta":[],"_links":{"self":[{"href":"https:\/\/blogs.univ-jfc.fr\/vphn\/wp-json\/wp\/v2\/pages\/6870"}],"collection":[{"href":"https:\/\/blogs.univ-jfc.fr\/vphn\/wp-json\/wp\/v2\/pages"}],"about":[{"href":"https:\/\/blogs.univ-jfc.fr\/vphn\/wp-json\/wp\/v2\/types\/page"}],"author":[{"embeddable":true,"href":"https:\/\/blogs.univ-jfc.fr\/vphn\/wp-json\/wp\/v2\/users\/708"}],"replies":[{"embeddable":true,"href":"https:\/\/blogs.univ-jfc.fr\/vphn\/wp-json\/wp\/v2\/comments?post=6870"}],"version-history":[{"count":5,"href":"https:\/\/blogs.univ-jfc.fr\/vphn\/wp-json\/wp\/v2\/pages\/6870\/revisions"}],"predecessor-version":[{"id":6978,"href":"https:\/\/blogs.univ-jfc.fr\/vphn\/wp-json\/wp\/v2\/pages\/6870\/revisions\/6978"}],"wp:attachment":[{"href":"https:\/\/blogs.univ-jfc.fr\/vphn\/wp-json\/wp\/v2\/media?parent=6870"}],"curies":[{"name":"wp","href":"https:\/\/api.w.org\/{rel}","templated":true}]}}

<p><strong>Histoire de Gaillac :</strong></p>
<p align="justify"><span style="font-weight: 400">CABIE. E. “Rapports de Saint Didier, évêque de Cahors et de Saint Didier, évêque d’Auxerre avec l’Albigeois”, </span><i><span style="font-weight: 400">Annales du Midi : revue archéologique, historique et philologique de la France méridionale</span></i><span style="font-weight: 400">, Tome 6, N°24, 1894. pp.401-419.</span></p>
<p><strong>L’Abbaye Saint-Michel de Gaillac :</strong></p>
<p align="justify"><span style="font-weight: 400">AHLSELL de TOULZA. G. &amp; CAZES. D. « L’église abbatiale Saint-Michel de Gaillac », </span><i><span style="font-weight: 400">Congrès archéologique de France</span></i><span style="font-weight: 400">, 1982, PP. 280-293.</span></p>
<p align="justify"><span style="font-weight: 400">DURLIAT. M. </span><i><span style="font-weight: 400">Patrimoine artistique de Gaillac ; visite commune des églises Saint-Michel et Saint-Pierre, </span></i><span style="font-weight: 400">Millénaire de Gaillac, 1972, pp.199-277.</span></p>
<p align="justify"><span style="font-weight: 400">LACGER. L. “L&rsquo;Abbaye Saint-Michel de Gaillac en Albigeois, de sa fondation à sa sécularisation, du milieu du Xe siècle à l&rsquo;année 1534…”, </span><i><span style="font-weight: 400">La Revue Mabillon,</span></i><span style="font-weight: 400"> 1923-1924, Ligugé : Impr. E. Aubin.</span></p>
<p align="justify">Sembrès Pauline (L1) et Orsal Lucie (L2)</p>
<p align="justify"><a href="http://blogs.univ-jfc.fr/vphn/bibliographie-exhaustive/">Pour une bibliographie exhaustive</a></p>

<p>Histoire de Gaillac : CABIE. E. “Rapports de Saint Didier, évêque de Cahors et de Saint Didier, évêque d’Auxerre avec l’Albigeois”, Annales du Midi : revue archéologique, historique et philologique de la France méridionale, Tome 6, N°24, 1894. pp.401-419. L’Abbaye Saint-Michel de Gaillac : AHLSELL de TOULZA. G. &amp; CAZES. D. « L’église abbatiale Saint-Michel de &hellip; </p>
<p class="link-more"><a href="https://blogs.univ-jfc.fr/vphn/bibliographie-3/" class="more-link">Continuer la lecture<span class="screen-reader-text"> de &laquo;&nbsp;Bibliographie&nbsp;&raquo;</span></a></p>
