{"id":6942,"date":"2020-02-13T14:52:38","date_gmt":"2020-02-13T13:52:38","guid":{"rendered":"http:\/\/blogs.univ-jfc.fr\/vphn\/?page_id=6942"},"modified":"2020-03-06T12:19:19","modified_gmt":"2020-03-06T11:19:19","slug":"biographie-cathedrale-notre-dame-de-lassomption-de-montauban","status":"publish","type":"page","link":"https:\/\/blogs.univ-jfc.fr\/vphn\/patrimoine-et-sites-remarquables\/cathedrale-notre-dame-de-lassomption-de-montauban-2020\/biographie-cathedrale-notre-dame-de-lassomption-de-montauban\/","title":{"rendered":"Architecture royale-Cath\u00e9drale Notre-dame de l&rsquo;Assomption de Montauban"},"content":{"rendered":"<h2><span id=\"p53\">Classicisme:<br \/>\n<\/span><\/h2>\n<p align=\"justify\">L\u2019architecture classique est un style fortement orient\u00e9 et inspir\u00e9 de l\u2019Antiquit\u00e9. Ce style est utilis\u00e9 durant tout le r\u00e8gne de Louis XIV pour appuyer son rayonnement ainsi que celui du royaume de France sur l\u2019Europe.<\/p>\n<p align=\"justify\">Le style se particularise par une ou plusieurs colonnades, par un grand fronton triangulaire \u00e0 l\u2019image des temples romains et grecs mais avant tout par la sobri\u00e9t\u00e9 et la simplicit\u00e9 des motifs, ce qui diff\u00e8re des temples antiques.<\/p>\n<h2><\/h2>\n<h2><span id=\"p58\">Fran\u00e7ois d\u2019<span id=\"70\" class=\"s-rg\">Orbay<br \/>\n<\/span><\/span><\/h2>\n<figure id=\"attachment_6945\" aria-describedby=\"caption-attachment-6945\" style=\"width: 209px\" class=\"wp-caption aligncenter\"><img loading=\"lazy\" class=\"wp-image-6945 size-medium\" src=\"http:\/\/blogs.univ-jfc.fr\/vphn\/wp-content\/uploads\/sites\/65\/2020\/02\/002-209x300.png\" alt=\"\" width=\"209\" height=\"300\" srcset=\"https:\/\/blogs.univ-jfc.fr\/vphn\/wp-content\/uploads\/sites\/65\/2020\/02\/002-209x300.png 209w, https:\/\/blogs.univ-jfc.fr\/vphn\/wp-content\/uploads\/sites\/65\/2020\/02\/002-768x1102.png 768w, https:\/\/blogs.univ-jfc.fr\/vphn\/wp-content\/uploads\/sites\/65\/2020\/02\/002-714x1024.png 714w, https:\/\/blogs.univ-jfc.fr\/vphn\/wp-content\/uploads\/sites\/65\/2020\/02\/002.png 800w\" sizes=\"(max-width: 209px) 100vw, 209px\" \/><figcaption id=\"caption-attachment-6945\" class=\"wp-caption-text\">Portrait de Fran\u00e7ois II d&rsquo;Orbay pr\u00e9sent au mus\u00e9e de Cherbourg.<br \/> wikip\u00e9dia.com<\/figcaption><\/figure>\n<p align=\"justify\"><span id=\"p58\">\u00a0<\/span><span id=\"p59\">Fran\u00e7ois II d\u2019<span id=\"71\" class=\"s-rg\">Orbay<\/span> <span id=\"p57\">(1634-1697)<\/span>, fils de Fran\u00e7ois Ier d\u2019<span id=\"72\" class=\"s-rg\">Orbay<\/span> ma\u00eetre entrepreneur des b\u00e2timents du roi.<\/span><span id=\"p60\"> Il suit le m\u00eame chemin que son p\u00e8re et entame des travaux pour l\u2019\u00e9tat.<\/span><span id=\"p61\"> Il dirige notamment les travaux du coll\u00e8ge des <span id=\"73\" class=\"s-rg\">Quatre-Nations<\/span>, mais aussi sur le Louvre et les Tuileries.<\/span><span id=\"p62\"> En 1671, il est admis \u00e0 l&rsquo;Acad\u00e9mie royale d&rsquo;architecture et devient architecte du roi Louis XIV.<\/span><span id=\"p63\"> Le roi lui confie la construction de la cath\u00e9drale de Montauban suite \u00e0 ses grands travaux sur le ch\u00e2teau de Versailles.<\/span><\/p>\n<p>&nbsp;<\/p>\n<p>&nbsp;<\/p>\n<h2><span id=\"p65\">Jules <span id=\"74\">Hardouin-Mansart<br \/>\n<\/span><\/span><\/h2>\n<figure id=\"attachment_6944\" aria-describedby=\"caption-attachment-6944\" style=\"width: 217px\" class=\"wp-caption aligncenter\"><img loading=\"lazy\" class=\"wp-image-6944 size-medium\" src=\"http:\/\/blogs.univ-jfc.fr\/vphn\/wp-content\/uploads\/sites\/65\/2020\/02\/003-217x300.jpg\" alt=\"\" width=\"217\" height=\"300\" srcset=\"https:\/\/blogs.univ-jfc.fr\/vphn\/wp-content\/uploads\/sites\/65\/2020\/02\/003-217x300.jpg 217w, https:\/\/blogs.univ-jfc.fr\/vphn\/wp-content\/uploads\/sites\/65\/2020\/02\/003-768x1060.jpg 768w, https:\/\/blogs.univ-jfc.fr\/vphn\/wp-content\/uploads\/sites\/65\/2020\/02\/003-742x1024.jpg 742w, https:\/\/blogs.univ-jfc.fr\/vphn\/wp-content\/uploads\/sites\/65\/2020\/02\/003.jpg 800w\" sizes=\"(max-width: 217px) 100vw, 217px\" \/><figcaption id=\"caption-attachment-6944\" class=\"wp-caption-text\">Portrait de Jules Hardouin-Mansart par Hyacinthe Rigaud ce trouvant au Louvres-Lens. louvrelens.fr<\/figcaption><\/figure>\n<p align=\"justify\"><span id=\"p65\"><span id=\"74\"><\/span> <\/span><span id=\"p66\">C<span id=\"75\" class=\"s-rg\">omte<\/span> de <span id=\"76\" class=\"s-rg\">Sagonne<\/span> <span id=\"p64\">(1646-1708)<\/span>, gagna l\u2019estime du roi apr\u00e8s avoir dessin\u00e9 les plans du ch\u00e2teau de <span id=\"77\" class=\"s-rg\">Clagny<\/span> destin\u00e9 \u00e0 la ma\u00eetresse favorite du roi, madame de Montespan.<\/span><span id=\"p15\"> Il devient premier architecte du roi en 1681.<\/span><span id=\"p16\"> Il a notamment construit le d\u00f4me de l\u2019h\u00f4tel des Invalides, l\u2019\u00e9glise Notre-dame de Versailles et reprend les travaux de Notre-dame de l\u2019Assomption apr\u00e8s Fran\u00e7ois d\u2019<span id=\"28\" class=\"s-rg\">Orbay<\/span>.<\/span><\/p>\n<p>&nbsp;<\/p>\n<h2><span id=\"p79\">Robert de Cotte\u00a0<\/span><span id=\"p80\"> <\/span><\/h2>\n<figure id=\"attachment_6947\" aria-describedby=\"caption-attachment-6947\" style=\"width: 226px\" class=\"wp-caption aligncenter\"><img loading=\"lazy\" class=\"wp-image-6947 size-medium\" src=\"http:\/\/blogs.univ-jfc.fr\/vphn\/wp-content\/uploads\/sites\/65\/2020\/02\/005-226x300.jpg\" alt=\"\" width=\"226\" height=\"300\" srcset=\"https:\/\/blogs.univ-jfc.fr\/vphn\/wp-content\/uploads\/sites\/65\/2020\/02\/005-226x300.jpg 226w, https:\/\/blogs.univ-jfc.fr\/vphn\/wp-content\/uploads\/sites\/65\/2020\/02\/005.jpg 428w\" sizes=\"(max-width: 226px) 100vw, 226px\" \/><figcaption id=\"caption-attachment-6947\" class=\"wp-caption-text\">Portrait de Robert de Cotte par Hyacinthe Rigaud en 1713 pr\u00e9sent au mus\u00e9e du Louvres<br \/> wikip\u00e9dia.com<\/figcaption><\/figure>\n<p align=\"justify\"><span id=\"p80\">Grand architecte de France <span id=\"p78\">(1656-1735)<\/span>, il est l\u2019\u00e9l\u00e8ve de Jules <span id=\"84\" class=\"s-rg\">Hardouin-Mansart<\/span> et son principal collaborateur.<\/span><span id=\"p81\"> Il est re\u00e7u en 1687 \u00e0 l\u2019acad\u00e9mie royale d\u2019architecture puis devient premier architecte du roi et directeur de l\u2019acad\u00e9mie vingt ans plus tard.<\/span><span id=\"p82\"> Tr\u00e8s <span id=\"85\" class=\"s-ve\">renomm\u00e9<\/span> dans toute l\u2019Europe, beaucoup d\u2019architectes le consultent pour avoir son avis.<\/span><span id=\"p83\"> Une de ses grandes \u0153uvres \u00e9tait le palais <span id=\"86\" class=\"s-rg\">Thurn<\/span> und Taxis dans le Saint-Empire.<\/span><\/p>\n<p>&nbsp;<\/p>\n","protected":false},"excerpt":{"rendered":"<p>Classicisme: L\u2019architecture classique est un style fortement orient\u00e9 et inspir\u00e9 de l\u2019Antiquit\u00e9. Ce style est utilis\u00e9 durant tout le r\u00e8gne de Louis XIV pour appuyer son rayonnement ainsi que celui du royaume de France sur l\u2019Europe. Le style se particularise par une ou plusieurs colonnades, par un grand fronton triangulaire \u00e0 l\u2019image des temples romains &hellip; <\/p>\n<p class=\"link-more\"><a href=\"https:\/\/blogs.univ-jfc.fr\/vphn\/patrimoine-et-sites-remarquables\/cathedrale-notre-dame-de-lassomption-de-montauban-2020\/biographie-cathedrale-notre-dame-de-lassomption-de-montauban\/\" class=\"more-link\">Continuer la lecture<span class=\"screen-reader-text\"> de &laquo;&nbsp;Architecture royale-Cath\u00e9drale Notre-dame de l&rsquo;Assomption de Montauban&nbsp;&raquo;<\/span><\/a><\/p>\n","protected":false},"author":706,"featured_media":0,"parent":5271,"menu_order":2,"comment_status":"closed","ping_status":"closed","template":"","meta":[],"_links":{"self":[{"href":"https:\/\/blogs.univ-jfc.fr\/vphn\/wp-json\/wp\/v2\/pages\/6942"}],"collection":[{"href":"https:\/\/blogs.univ-jfc.fr\/vphn\/wp-json\/wp\/v2\/pages"}],"about":[{"href":"https:\/\/blogs.univ-jfc.fr\/vphn\/wp-json\/wp\/v2\/types\/page"}],"author":[{"embeddable":true,"href":"https:\/\/blogs.univ-jfc.fr\/vphn\/wp-json\/wp\/v2\/users\/706"}],"replies":[{"embeddable":true,"href":"https:\/\/blogs.univ-jfc.fr\/vphn\/wp-json\/wp\/v2\/comments?post=6942"}],"version-history":[{"count":7,"href":"https:\/\/blogs.univ-jfc.fr\/vphn\/wp-json\/wp\/v2\/pages\/6942\/revisions"}],"predecessor-version":[{"id":7712,"href":"https:\/\/blogs.univ-jfc.fr\/vphn\/wp-json\/wp\/v2\/pages\/6942\/revisions\/7712"}],"up":[{"embeddable":true,"href":"https:\/\/blogs.univ-jfc.fr\/vphn\/wp-json\/wp\/v2\/pages\/5271"}],"wp:attachment":[{"href":"https:\/\/blogs.univ-jfc.fr\/vphn\/wp-json\/wp\/v2\/media?parent=6942"}],"curies":[{"name":"wp","href":"https:\/\/api.w.org\/{rel}","templated":true}]}}

Architecture royale-Cathédrale Notre-dame de l&rsquo;Assomption de Montauban

<h2><span id="p53">Classicisme:<br />
</span></h2>
<p align="justify">L’architecture classique est un style fortement orienté et inspiré de l’Antiquité. Ce style est utilisé durant tout le règne de Louis XIV pour appuyer son rayonnement ainsi que celui du royaume de France sur l’Europe.</p>
<p align="justify">Le style se particularise par une ou plusieurs colonnades, par un grand fronton triangulaire à l’image des temples romains et grecs mais avant tout par la sobriété et la simplicité des motifs, ce qui diffère des temples antiques.</p>
<h2></h2>
<h2><span id="p58">François d’<span id="70" class="s-rg">Orbay<br />
</span></span></h2>
<figure id="attachment_6945" aria-describedby="caption-attachment-6945" style="width: 209px" class="wp-caption aligncenter"><img loading="lazy" class="wp-image-6945 size-medium" src="http://blogs.univ-jfc.fr/vphn/wp-content/uploads/sites/65/2020/02/002-209x300.png" alt="" width="209" height="300" srcset="https://blogs.univ-jfc.fr/vphn/wp-content/uploads/sites/65/2020/02/002-209x300.png 209w, https://blogs.univ-jfc.fr/vphn/wp-content/uploads/sites/65/2020/02/002-768x1102.png 768w, https://blogs.univ-jfc.fr/vphn/wp-content/uploads/sites/65/2020/02/002-714x1024.png 714w, https://blogs.univ-jfc.fr/vphn/wp-content/uploads/sites/65/2020/02/002.png 800w" sizes="(max-width: 209px) 100vw, 209px" /><figcaption id="caption-attachment-6945" class="wp-caption-text">Portrait de François II d&rsquo;Orbay présent au musée de Cherbourg.<br /> wikipédia.com</figcaption></figure>
<p align="justify"><span id="p58"> </span><span id="p59">François II d’<span id="71" class="s-rg">Orbay</span> <span id="p57">(1634-1697)</span>, fils de François Ier d’<span id="72" class="s-rg">Orbay</span> maître entrepreneur des bâtiments du roi.</span><span id="p60"> Il suit le même chemin que son père et entame des travaux pour l’état.</span><span id="p61"> Il dirige notamment les travaux du collège des <span id="73" class="s-rg">Quatre-Nations</span>, mais aussi sur le Louvre et les Tuileries.</span><span id="p62"> En 1671, il est admis à l&rsquo;Académie royale d&rsquo;architecture et devient architecte du roi Louis XIV.</span><span id="p63"> Le roi lui confie la construction de la cathédrale de Montauban suite à ses grands travaux sur le château de Versailles.</span></p>
<p>&nbsp;</p>
<p>&nbsp;</p>
<h2><span id="p65">Jules <span id="74">Hardouin-Mansart<br />
</span></span></h2>
<figure id="attachment_6944" aria-describedby="caption-attachment-6944" style="width: 217px" class="wp-caption aligncenter"><img loading="lazy" class="wp-image-6944 size-medium" src="http://blogs.univ-jfc.fr/vphn/wp-content/uploads/sites/65/2020/02/003-217x300.jpg" alt="" width="217" height="300" srcset="https://blogs.univ-jfc.fr/vphn/wp-content/uploads/sites/65/2020/02/003-217x300.jpg 217w, https://blogs.univ-jfc.fr/vphn/wp-content/uploads/sites/65/2020/02/003-768x1060.jpg 768w, https://blogs.univ-jfc.fr/vphn/wp-content/uploads/sites/65/2020/02/003-742x1024.jpg 742w, https://blogs.univ-jfc.fr/vphn/wp-content/uploads/sites/65/2020/02/003.jpg 800w" sizes="(max-width: 217px) 100vw, 217px" /><figcaption id="caption-attachment-6944" class="wp-caption-text">Portrait de Jules Hardouin-Mansart par Hyacinthe Rigaud ce trouvant au Louvres-Lens. louvrelens.fr</figcaption></figure>
<p align="justify"><span id="p65"><span id="74"></span> </span><span id="p66">C<span id="75" class="s-rg">omte</span> de <span id="76" class="s-rg">Sagonne</span> <span id="p64">(1646-1708)</span>, gagna l’estime du roi après avoir dessiné les plans du château de <span id="77" class="s-rg">Clagny</span> destiné à la maîtresse favorite du roi, madame de Montespan.</span><span id="p15"> Il devient premier architecte du roi en 1681.</span><span id="p16"> Il a notamment construit le dôme de l’hôtel des Invalides, l’église Notre-dame de Versailles et reprend les travaux de Notre-dame de l’Assomption après François d’<span id="28" class="s-rg">Orbay</span>.</span></p>
<p>&nbsp;</p>
<h2><span id="p79">Robert de Cotte </span><span id="p80"> </span></h2>
<figure id="attachment_6947" aria-describedby="caption-attachment-6947" style="width: 226px" class="wp-caption aligncenter"><img loading="lazy" class="wp-image-6947 size-medium" src="http://blogs.univ-jfc.fr/vphn/wp-content/uploads/sites/65/2020/02/005-226x300.jpg" alt="" width="226" height="300" srcset="https://blogs.univ-jfc.fr/vphn/wp-content/uploads/sites/65/2020/02/005-226x300.jpg 226w, https://blogs.univ-jfc.fr/vphn/wp-content/uploads/sites/65/2020/02/005.jpg 428w" sizes="(max-width: 226px) 100vw, 226px" /><figcaption id="caption-attachment-6947" class="wp-caption-text">Portrait de Robert de Cotte par Hyacinthe Rigaud en 1713 présent au musée du Louvres<br /> wikipédia.com</figcaption></figure>
<p align="justify"><span id="p80">Grand architecte de France <span id="p78">(1656-1735)</span>, il est l’élève de Jules <span id="84" class="s-rg">Hardouin-Mansart</span> et son principal collaborateur.</span><span id="p81"> Il est reçu en 1687 à l’académie royale d’architecture puis devient premier architecte du roi et directeur de l’académie vingt ans plus tard.</span><span id="p82"> Très <span id="85" class="s-ve">renommé</span> dans toute l’Europe, beaucoup d’architectes le consultent pour avoir son avis.</span><span id="p83"> Une de ses grandes œuvres était le palais <span id="86" class="s-rg">Thurn</span> und Taxis dans le Saint-Empire.</span></p>
<p>&nbsp;</p>

<p>Classicisme: L’architecture classique est un style fortement orienté et inspiré de l’Antiquité. Ce style est utilisé durant tout le règne de Louis XIV pour appuyer son rayonnement ainsi que celui du royaume de France sur l’Europe. Le style se particularise par une ou plusieurs colonnades, par un grand fronton triangulaire à l’image des temples romains &hellip; </p>
<p class="link-more"><a href="https://blogs.univ-jfc.fr/vphn/patrimoine-et-sites-remarquables/cathedrale-notre-dame-de-lassomption-de-montauban-2020/biographie-cathedrale-notre-dame-de-lassomption-de-montauban/" class="more-link">Continuer la lecture<span class="screen-reader-text"> de &laquo;&nbsp;Architecture royale-Cathédrale Notre-dame de l&rsquo;Assomption de Montauban&nbsp;&raquo;</span></a></p>
