{"id":7057,"date":"2020-02-21T13:47:18","date_gmt":"2020-02-21T12:47:18","guid":{"rendered":"http:\/\/blogs.univ-jfc.fr\/vphn\/?page_id=7057"},"modified":"2020-03-05T11:42:30","modified_gmt":"2020-03-05T10:42:30","slug":"annexes","status":"publish","type":"page","link":"https:\/\/blogs.univ-jfc.fr\/vphn\/patrimoine-et-sites-remarquables\/la-cathedrale-notre-dame-de-rodez-au-fil-des-siecles-2020\/annexes\/","title":{"rendered":"Annexes"},"content":{"rendered":"<div class=\"page\" title=\"Page 1\">\n<div class=\"section\">\n<div class=\"layoutArea\">\n<div class=\"column\">\n<div class=\"page\" title=\"Page 1\">\n<div class=\"layoutArea\">\n<div class=\"column\">\n<p>&nbsp;<\/p>\n<figure id=\"attachment_7066\" aria-describedby=\"caption-attachment-7066\" style=\"width: 218px\" class=\"wp-caption alignleft\"><img loading=\"lazy\" class=\" wp-image-7066\" src=\"http:\/\/blogs.univ-jfc.fr\/vphn\/wp-content\/uploads\/sites\/65\/2020\/02\/GeorgesdArmagnac_cropped_1.jpg\" alt=\"\" width=\"218\" height=\"269\" \/><figcaption id=\"caption-attachment-7066\" class=\"wp-caption-text\">Wikip\u00e9dia<\/figcaption><\/figure>\n<p><strong>Georges d\u2019Armagnac (1501-1585)<\/strong><\/p>\n<\/div>\n<\/div>\n<p align=\"justify\">Georges d\u2019Armagnac est issu de la Maison d\u2019Armagnac. C\u2019est une famille originaire de Gascogne. Elle \u00e9tait l\u2019une des familles les plus puissantes du royaume de France aux XIV et XV si\u00e8cles.<br \/>\nAu cours de sa carri\u00e8re, il fut un haut dignitaire religieux du sud de la France.\u00a0Il a occup\u00e9 de nombreux r\u00f4les tel qu\u2019\u00e9v\u00eaque de Rodez, Archev\u00eaque de Tours, Archev\u00eaque de Toulouse puis d\u2019Avignon. Il \u00e9tait ambassadeur de Fran\u00e7ois I \u00e0 Venise de 1536 \u00e0 1539. Ainsi que\u00a0lieutenant g\u00e9n\u00e9ral du roi de Navarre et du roi de France en Languedoc en 1552, 1557 et 1560.<\/p>\n<\/div>\n<div class=\"page\" title=\"Page 1\">\n<div class=\"layoutArea\">\n<div class=\"column\">\n<p>&nbsp;<\/p>\n<figure id=\"attachment_7067\" aria-describedby=\"caption-attachment-7067\" style=\"width: 171px\" class=\"wp-caption alignright\"><img loading=\"lazy\" class=\" wp-image-7067\" src=\"http:\/\/blogs.univ-jfc.fr\/vphn\/wp-content\/uploads\/sites\/65\/2020\/02\/GeorgesdArmagnac_cropped_2_Guillaume_Philandrier.jpg\" alt=\"\" width=\"171\" height=\"232\" \/><figcaption id=\"caption-attachment-7067\" class=\"wp-caption-text\">Wikim\u00e9dia commons<\/figcaption><\/figure>\n<p style=\"text-align: left\">\u00a0<strong>Guillaume de Phillandrier (1505-1563)<\/strong><\/p>\n<\/div>\n<p align=\"justify\">Guillaume de Phillandrier est un humaniste fran\u00e7ais ayant particip\u00e9 \u00e0 la vie religieuse de la cath\u00e9drale de Rodez en tant que chanoine.\u00a0Il est aussi \u00e0 l\u2019origine de la conception du fronton de la fa\u00e7ade occidentale de la cath\u00e9drale de Rodez.<\/p>\n<p align=\"justify\">Il fut \u00e9galement le secr\u00e9taire personnel de Georges d\u2019Armagnac.\u00a0<span style=\"font-size: 1rem\">Il \u00e9tait un ami proche de Fran\u00e7ois Rabelais.\u00a0<\/span><span style=\"font-size: 1rem\">Il a r\u00e9dig\u00e9 de nombreux commentaires d\u2019\u0153uvres de l\u2019antiquit\u00e9 tel que \u00ab In decem libros M. Vitruvii Pollionis de architectura annotationes \u00bb en 1544.<\/span><\/p>\n<div class=\"page\" title=\"Page 1\">\n<div class=\"section\">\n<div class=\"layoutArea\">\n<div class=\"page\" title=\"Page 2\">\n<div class=\"layoutArea\">\n<div class=\"column\">\n<p>&nbsp;<\/p>\n<p>&nbsp;<\/p>\n<figure id=\"attachment_7069\" aria-describedby=\"caption-attachment-7069\" style=\"width: 328px\" class=\"wp-caption alignleft\"><img loading=\"lazy\" class=\" wp-image-7069\" src=\"http:\/\/blogs.univ-jfc.fr\/vphn\/wp-content\/uploads\/sites\/65\/2020\/02\/Francois_D_Estaing-300x225.jpg\" alt=\"\" width=\"328\" height=\"246\" srcset=\"https:\/\/blogs.univ-jfc.fr\/vphn\/wp-content\/uploads\/sites\/65\/2020\/02\/Francois_D_Estaing-300x225.jpg 300w, https:\/\/blogs.univ-jfc.fr\/vphn\/wp-content\/uploads\/sites\/65\/2020\/02\/Francois_D_Estaing.jpg 666w\" sizes=\"(max-width: 328px) 100vw, 328px\" \/><figcaption id=\"caption-attachment-7069\" class=\"wp-caption-text\">Wikimedia commons<\/figcaption><\/figure>\n<p><strong>Fran\u00e7ois d\u2019Estaing (1462-1529)<\/strong><\/p>\n<\/div>\n<p align=\"justify\">Fran\u00e7ois d\u2019Estaing est un dignitaire religieux ayant exerc\u00e9 dans le domaine eccl\u00e9siastique toute sa vie. Il a \u00e9t\u00e9 nomm\u00e9 \u00e9v\u00eaque de Rodez par Jules II et consacra 25 ans de sa vie au dioc\u00e8se de Rodez. Il est issu d\u2019une famille de la noblesse ruth\u00e9noise : la famille d\u2019Estaing.\u00a0La famille s\u2019\u00e9teint en 1794, avec l\u2019ex\u00e9cution de l\u2019amiral Charles Henri d\u2019Estaing. Elle fut l\u2019une des plus grandes familles du Rouergue.<\/p>\n<div class=\"section\">\n<div class=\"layoutArea\">\n<div class=\"page\" title=\"Page 2\">\n<div class=\"layoutArea\">\n<div class=\"column\">\n<p>&nbsp;<\/p>\n<p>&nbsp;<\/p>\n<p><strong>Antoine Salvanh (1476-1554)<\/strong><\/p>\n<\/div>\n<\/div>\n<div class=\"section\">\n<div class=\"layoutArea\">\n<p align=\"justify\">Antoine Salvanh est un architecte ayant particip\u00e9 aux travaux de constructions de la cath\u00e9drale de Rodez. Il a contribu\u00e9 \u00e0\u00a0moderniser\u00a0la cath\u00e9drale en influen\u00e7ant le passage de l\u2019art gothique \u00e0 la renaissance. Il a particip\u00e9 \u00e0 la reconstruction du clocher, des vo\u00fbtes et de la nef.\u00a0Il est enterr\u00e9 dans la chapelle Saint-Roch qui a \u00e9t\u00e9 construite par lui-m\u00eame.<\/p>\n<\/div>\n<\/div>\n<\/div>\n<\/div>\n<\/div>\n<\/div>\n<\/div>\n<div class=\"page\" title=\"Page 2\">\n<p>&nbsp;<\/p>\n<div class=\"layoutArea\">\n<div class=\"column\">\n<figure id=\"attachment_7068\" aria-describedby=\"caption-attachment-7068\" style=\"width: 219px\" class=\"wp-caption alignright\"><img loading=\"lazy\" class=\" wp-image-7068\" src=\"http:\/\/blogs.univ-jfc.fr\/vphn\/wp-content\/uploads\/sites\/65\/2020\/02\/Blason_famille_de_Calmont_dOlt-273x300.png\" alt=\"\" width=\"219\" height=\"241\" srcset=\"https:\/\/blogs.univ-jfc.fr\/vphn\/wp-content\/uploads\/sites\/65\/2020\/02\/Blason_famille_de_Calmont_dOlt-273x300.png 273w, https:\/\/blogs.univ-jfc.fr\/vphn\/wp-content\/uploads\/sites\/65\/2020\/02\/Blason_famille_de_Calmont_dOlt-768x845.png 768w, https:\/\/blogs.univ-jfc.fr\/vphn\/wp-content\/uploads\/sites\/65\/2020\/02\/Blason_famille_de_Calmont_dOlt-931x1024.png 931w, https:\/\/blogs.univ-jfc.fr\/vphn\/wp-content\/uploads\/sites\/65\/2020\/02\/Blason_famille_de_Calmont_dOlt.png 1090w\" sizes=\"(max-width: 219px) 100vw, 219px\" \/><figcaption id=\"caption-attachment-7068\" class=\"wp-caption-text\">Blason de la famille Calmont<br \/>\u00a0 \u00a0 \u00a0 \u00a0 \u00a0 \u00a0 \u00a0 \u00a0 \u00a0 \u00a0 \u00a0 \u00a0 \u00a0 \u00a0Wikip\u00e9dia<\/figcaption><\/figure>\n<p>&nbsp;<\/p>\n<p><strong>Raimond de Calmont (1274-1297)<\/strong><\/p>\n<\/div>\n<\/div>\n<div class=\"section\">\n<div class=\"layoutArea\">\n<p align=\"justify\">Raimond de Calmont \u00e9tait \u00e9v\u00eaque \u00e0 Rodez durant le XIII si\u00e8cle. C\u2019\u00e9tait l\u2019un des \u00e9v\u00eaques les plus importants de cette p\u00e9riode. En effet, il a r\u00e9form\u00e9 la vie religieuse pour une meilleure organisation. Il a \u00e9galement particip\u00e9 \u00e0 de nombreux conciles provinciaux, ce qui fait de lui un \u00e9v\u00eaque tr\u00e8s impliqu\u00e9.<\/p>\n<\/div>\n<div class=\"page\" title=\"Page 3\"><\/div>\n<div class=\"page\" title=\"Page 3\"><\/div>\n<\/div>\n<\/div>\n<\/div>\n<\/div>\n<div class=\"page\" title=\"Page 3\"><\/div>\n<\/div>\n<\/div>\n<\/div>\n<\/div>\n<\/div>\n<\/div>\n<\/div>\n","protected":false},"excerpt":{"rendered":"<p>&nbsp; Georges d\u2019Armagnac (1501-1585) Georges d\u2019Armagnac est issu de la Maison d\u2019Armagnac. C\u2019est une famille originaire de Gascogne. Elle \u00e9tait l\u2019une des familles les plus puissantes du royaume de France aux XIV et XV si\u00e8cles. Au cours de sa carri\u00e8re, il fut un haut dignitaire religieux du sud de la France.\u00a0Il a occup\u00e9 de nombreux &hellip; <\/p>\n<p class=\"link-more\"><a href=\"https:\/\/blogs.univ-jfc.fr\/vphn\/patrimoine-et-sites-remarquables\/la-cathedrale-notre-dame-de-rodez-au-fil-des-siecles-2020\/annexes\/\" class=\"more-link\">Continuer la lecture<span class=\"screen-reader-text\"> de &laquo;&nbsp;Annexes&nbsp;&raquo;<\/span><\/a><\/p>\n","protected":false},"author":702,"featured_media":0,"parent":5313,"menu_order":0,"comment_status":"closed","ping_status":"closed","template":"","meta":[],"_links":{"self":[{"href":"https:\/\/blogs.univ-jfc.fr\/vphn\/wp-json\/wp\/v2\/pages\/7057"}],"collection":[{"href":"https:\/\/blogs.univ-jfc.fr\/vphn\/wp-json\/wp\/v2\/pages"}],"about":[{"href":"https:\/\/blogs.univ-jfc.fr\/vphn\/wp-json\/wp\/v2\/types\/page"}],"author":[{"embeddable":true,"href":"https:\/\/blogs.univ-jfc.fr\/vphn\/wp-json\/wp\/v2\/users\/702"}],"replies":[{"embeddable":true,"href":"https:\/\/blogs.univ-jfc.fr\/vphn\/wp-json\/wp\/v2\/comments?post=7057"}],"version-history":[{"count":40,"href":"https:\/\/blogs.univ-jfc.fr\/vphn\/wp-json\/wp\/v2\/pages\/7057\/revisions"}],"predecessor-version":[{"id":7582,"href":"https:\/\/blogs.univ-jfc.fr\/vphn\/wp-json\/wp\/v2\/pages\/7057\/revisions\/7582"}],"up":[{"embeddable":true,"href":"https:\/\/blogs.univ-jfc.fr\/vphn\/wp-json\/wp\/v2\/pages\/5313"}],"wp:attachment":[{"href":"https:\/\/blogs.univ-jfc.fr\/vphn\/wp-json\/wp\/v2\/media?parent=7057"}],"curies":[{"name":"wp","href":"https:\/\/api.w.org\/{rel}","templated":true}]}}

<div class="page" title="Page 1">
<div class="section">
<div class="layoutArea">
<div class="column">
<div class="page" title="Page 1">
<div class="layoutArea">
<div class="column">
<p>&nbsp;</p>
<figure id="attachment_7066" aria-describedby="caption-attachment-7066" style="width: 218px" class="wp-caption alignleft"><img loading="lazy" class=" wp-image-7066" src="http://blogs.univ-jfc.fr/vphn/wp-content/uploads/sites/65/2020/02/GeorgesdArmagnac_cropped_1.jpg" alt="" width="218" height="269" /><figcaption id="caption-attachment-7066" class="wp-caption-text">Wikipédia</figcaption></figure>
<p><strong>Georges d’Armagnac (1501-1585)</strong></p>
</div>
</div>
<p align="justify">Georges d’Armagnac est issu de la Maison d’Armagnac. C’est une famille originaire de Gascogne. Elle était l’une des familles les plus puissantes du royaume de France aux XIV et XV siècles.<br />
Au cours de sa carrière, il fut un haut dignitaire religieux du sud de la France. Il a occupé de nombreux rôles tel qu’évêque de Rodez, Archevêque de Tours, Archevêque de Toulouse puis d’Avignon. Il était ambassadeur de François I à Venise de 1536 à 1539. Ainsi que lieutenant général du roi de Navarre et du roi de France en Languedoc en 1552, 1557 et 1560.</p>
</div>
<div class="page" title="Page 1">
<div class="layoutArea">
<div class="column">
<p>&nbsp;</p>
<figure id="attachment_7067" aria-describedby="caption-attachment-7067" style="width: 171px" class="wp-caption alignright"><img loading="lazy" class=" wp-image-7067" src="http://blogs.univ-jfc.fr/vphn/wp-content/uploads/sites/65/2020/02/GeorgesdArmagnac_cropped_2_Guillaume_Philandrier.jpg" alt="" width="171" height="232" /><figcaption id="caption-attachment-7067" class="wp-caption-text">Wikimédia commons</figcaption></figure>
<p style="text-align: left"> <strong>Guillaume de Phillandrier (1505-1563)</strong></p>
</div>
<p align="justify">Guillaume de Phillandrier est un humaniste français ayant participé à la vie religieuse de la cathédrale de Rodez en tant que chanoine. Il est aussi à l’origine de la conception du fronton de la façade occidentale de la cathédrale de Rodez.</p>
<p align="justify">Il fut également le secrétaire personnel de Georges d’Armagnac. <span style="font-size: 1rem">Il était un ami proche de François Rabelais. </span><span style="font-size: 1rem">Il a rédigé de nombreux commentaires d’œuvres de l’antiquité tel que « In decem libros M. Vitruvii Pollionis de architectura annotationes » en 1544.</span></p>
<div class="page" title="Page 1">
<div class="section">
<div class="layoutArea">
<div class="page" title="Page 2">
<div class="layoutArea">
<div class="column">
<p>&nbsp;</p>
<p>&nbsp;</p>
<figure id="attachment_7069" aria-describedby="caption-attachment-7069" style="width: 328px" class="wp-caption alignleft"><img loading="lazy" class=" wp-image-7069" src="http://blogs.univ-jfc.fr/vphn/wp-content/uploads/sites/65/2020/02/Francois_D_Estaing-300x225.jpg" alt="" width="328" height="246" srcset="https://blogs.univ-jfc.fr/vphn/wp-content/uploads/sites/65/2020/02/Francois_D_Estaing-300x225.jpg 300w, https://blogs.univ-jfc.fr/vphn/wp-content/uploads/sites/65/2020/02/Francois_D_Estaing.jpg 666w" sizes="(max-width: 328px) 100vw, 328px" /><figcaption id="caption-attachment-7069" class="wp-caption-text">Wikimedia commons</figcaption></figure>
<p><strong>François d’Estaing (1462-1529)</strong></p>
</div>
<p align="justify">François d’Estaing est un dignitaire religieux ayant exercé dans le domaine ecclésiastique toute sa vie. Il a été nommé évêque de Rodez par Jules II et consacra 25 ans de sa vie au diocèse de Rodez. Il est issu d’une famille de la noblesse ruthénoise : la famille d’Estaing. La famille s’éteint en 1794, avec l’exécution de l’amiral Charles Henri d’Estaing. Elle fut l’une des plus grandes familles du Rouergue.</p>
<div class="section">
<div class="layoutArea">
<div class="page" title="Page 2">
<div class="layoutArea">
<div class="column">
<p>&nbsp;</p>
<p>&nbsp;</p>
<p><strong>Antoine Salvanh (1476-1554)</strong></p>
</div>
</div>
<div class="section">
<div class="layoutArea">
<p align="justify">Antoine Salvanh est un architecte ayant participé aux travaux de constructions de la cathédrale de Rodez. Il a contribué à moderniser la cathédrale en influençant le passage de l’art gothique à la renaissance. Il a participé à la reconstruction du clocher, des voûtes et de la nef. Il est enterré dans la chapelle Saint-Roch qui a été construite par lui-même.</p>
</div>
</div>
</div>
</div>
</div>
</div>
</div>
<div class="page" title="Page 2">
<p>&nbsp;</p>
<div class="layoutArea">
<div class="column">
<figure id="attachment_7068" aria-describedby="caption-attachment-7068" style="width: 219px" class="wp-caption alignright"><img loading="lazy" class=" wp-image-7068" src="http://blogs.univ-jfc.fr/vphn/wp-content/uploads/sites/65/2020/02/Blason_famille_de_Calmont_dOlt-273x300.png" alt="" width="219" height="241" srcset="https://blogs.univ-jfc.fr/vphn/wp-content/uploads/sites/65/2020/02/Blason_famille_de_Calmont_dOlt-273x300.png 273w, https://blogs.univ-jfc.fr/vphn/wp-content/uploads/sites/65/2020/02/Blason_famille_de_Calmont_dOlt-768x845.png 768w, https://blogs.univ-jfc.fr/vphn/wp-content/uploads/sites/65/2020/02/Blason_famille_de_Calmont_dOlt-931x1024.png 931w, https://blogs.univ-jfc.fr/vphn/wp-content/uploads/sites/65/2020/02/Blason_famille_de_Calmont_dOlt.png 1090w" sizes="(max-width: 219px) 100vw, 219px" /><figcaption id="caption-attachment-7068" class="wp-caption-text">Blason de la famille Calmont<br />                           Wikipédia</figcaption></figure>
<p>&nbsp;</p>
<p><strong>Raimond de Calmont (1274-1297)</strong></p>
</div>
</div>
<div class="section">
<div class="layoutArea">
<p align="justify">Raimond de Calmont était évêque à Rodez durant le XIII siècle. C’était l’un des évêques les plus importants de cette période. En effet, il a réformé la vie religieuse pour une meilleure organisation. Il a également participé à de nombreux conciles provinciaux, ce qui fait de lui un évêque très impliqué.</p>
</div>
<div class="page" title="Page 3"></div>
<div class="page" title="Page 3"></div>
</div>
</div>
</div>
</div>
<div class="page" title="Page 3"></div>
</div>
</div>
</div>
</div>
</div>
</div>
</div>

<p>&nbsp; Georges d’Armagnac (1501-1585) Georges d’Armagnac est issu de la Maison d’Armagnac. C’est une famille originaire de Gascogne. Elle était l’une des familles les plus puissantes du royaume de France aux XIV et XV siècles. Au cours de sa carrière, il fut un haut dignitaire religieux du sud de la France. Il a occupé de nombreux &hellip; </p>
<p class="link-more"><a href="https://blogs.univ-jfc.fr/vphn/patrimoine-et-sites-remarquables/la-cathedrale-notre-dame-de-rodez-au-fil-des-siecles-2020/annexes/" class="more-link">Continuer la lecture<span class="screen-reader-text"> de &laquo;&nbsp;Annexes&nbsp;&raquo;</span></a></p>
