{"id":72,"date":"2018-01-17T09:16:22","date_gmt":"2018-01-17T08:16:22","guid":{"rendered":"http:\/\/blogs.univ-jfc.fr\/vphn\/?page_id=72"},"modified":"2018-06-11T07:53:27","modified_gmt":"2018-06-11T05:53:27","slug":"joachim-murat","status":"publish","type":"page","link":"https:\/\/blogs.univ-jfc.fr\/vphn\/figures-et-evenements\/joachim-murat\/","title":{"rendered":"Joachim Murat [2017]"},"content":{"rendered":"<p style=\"text-align: right\"><a href=\"https:\/\/www.youtube.com\/watch?v=IBLrgc5wvGY\" target=\"_blank\" rel=\"noopener noreferrer\"><strong>VOIR LA VIDEO<\/strong><\/a><\/p>\n<p style=\"text-align: justify\">Joachim Murat ne n\u00e9cessite nulle pr\u00e9sentation pour tout amateur de l\u2019histoire du <a href=\"https:\/\/www.universalis.fr\/encyclopedie\/premier-empire\/\" target=\"_blank\" rel=\"noopener noreferrer\">premier Empire (1804 \u2013 1815).<\/a> N\u00e9anmoins, son origine quercynoise est moins connue, m\u00eame des Quercinois, alors m\u00eame que son village natal porte\u00a0d\u00e9sormais son nom\u00a0: Labastide-Murat (au lieu de Labastide-Fortuni\u00e8re). Ceci montre l\u2019\u00e9tendue de sa post\u00e9rit\u00e9 ainsi que son attachement au Quercy dont il fut d\u00e9put\u00e9. Il s\u2019agit donc ici de retracer bri\u00e8vement le parcours atypique de Joachim Murat.<\/p>\n<figure id=\"attachment_1689\" aria-describedby=\"caption-attachment-1689\" style=\"width: 193px\" class=\"wp-caption alignleft\"><img loading=\"lazy\" class=\"wp-image-1689 size-medium\" src=\"http:\/\/blogs.univ-jfc.fr\/vphn\/wp-content\/uploads\/sites\/65\/2018\/02\/Capture-d\u2019e\u0301cran-2018-02-02-a\u0300-15.22.11-compressor-193x300.png\" alt=\"\" width=\"193\" height=\"300\" srcset=\"https:\/\/blogs.univ-jfc.fr\/vphn\/wp-content\/uploads\/sites\/65\/2018\/02\/Capture-d\u2019e\u0301cran-2018-02-02-a\u0300-15.22.11-compressor-193x300.png 193w, https:\/\/blogs.univ-jfc.fr\/vphn\/wp-content\/uploads\/sites\/65\/2018\/02\/Capture-d\u2019e\u0301cran-2018-02-02-a\u0300-15.22.11-compressor-768x1194.png 768w, https:\/\/blogs.univ-jfc.fr\/vphn\/wp-content\/uploads\/sites\/65\/2018\/02\/Capture-d\u2019e\u0301cran-2018-02-02-a\u0300-15.22.11-compressor-658x1024.png 658w, https:\/\/blogs.univ-jfc.fr\/vphn\/wp-content\/uploads\/sites\/65\/2018\/02\/Capture-d\u2019e\u0301cran-2018-02-02-a\u0300-15.22.11-compressor.png 922w\" sizes=\"(max-width: 193px) 100vw, 193px\" \/><figcaption id=\"caption-attachment-1689\" class=\"wp-caption-text\">Portrait de Joachim Murat, prince fran\u00e7ais, grand amiral de France, mar\u00e9chal de l\u2019Empire, en tenue de c\u00e9r\u00e9monie 1805, Fran\u00e7ois G\u00e9rard, huile sur toile \u00a9 Paris, mus\u00e9e de l\u2019Arm\u00e9e, inv.2017.2.1, acquis avec le concours du minist\u00e8re des Arm\u00e9es et du minist\u00e8re de la Culture \u2013 Fonds du patrimoine. Dist. RMN-Grand-Palais \/ \u00c9milie Cambier<\/figcaption><\/figure>\n<p style=\"text-align: justify\">Joachim Murat voit le jour en 1767 dans une famille d\u2019aubergistes du Quercy. Destin\u00e9 \u00e0 une carri\u00e8re eccl\u00e9siastique, il trouve finalement sa place dans l\u2019arm\u00e9e. Sa jeunesse dans l\u2019auberge familiale o\u00f9 il exerce la fonction de palefrenier peut expliquer son parcours de cavalier hors pair. En effet, si Murat entre dans la post\u00e9rit\u00e9 c\u2019est gr\u00e2ce \u00e0 son r\u00f4le capital dans les campagnes napol\u00e9oniennes au cours desquelles il lance certaines des charges de cavalerie les plus c\u00e9l\u00e8bres de l\u2019Empire, notamment une, connue comme salvatrice, celle <a href=\"https:\/\/www.universalis.fr\/encyclopedie\/bataille-d-eylau\/\" target=\"_blank\" rel=\"noopener noreferrer\">d\u2019Eylau<\/a> en 1807. Aussi, le cavalier est de toutes les campagnes terrestres de Napol\u00e9on, qu\u2019il accompagne depuis la r\u00e9pression de l\u2019insurrection royaliste du <a href=\"https:\/\/www.universalis.fr\/encyclopedie\/journee-du-13-vendemiaire-an-iv\/\" target=\"_blank\" rel=\"noopener noreferrer\">13 vend\u00e9miaire an IV<\/a> (5 octobre 1795).<\/p>\n<p style=\"text-align: justify\">Hormis son parcours militaire, Joachim Murat exerce des fonctions politiques telles que celle de diplomate notamment lors des n\u00e9gociations de la paix de Florence en 1801 qui permettent d\u2019asseoir le r\u00e9gime naissant de Bonaparte. En 1806, le natif du Quercy se voit confier la charge de grand-duc de Berg (autour de D\u00fcsseldorf), il doit donc administrer le territoire et y \u00eatre le relai de la politique imp\u00e9riale. Enfin, en 1808, Murat est plac\u00e9 par Napol\u00e9on sur le tr\u00f4ne de Naples o\u00f9 il doit succ\u00e9der \u00e0 <a href=\"https:\/\/www.universalis.fr\/encyclopedie\/joseph-bonaparte\/\" target=\"_blank\" rel=\"noopener noreferrer\">Joseph Bonaparte<\/a> (le fr\u00e8re de l\u2019Empereur) qui se voit confier le tr\u00f4ne d\u2019Espagne. Cet \u00e9v\u00e9nement est un moment charni\u00e8re dans le parcours de Joachim Murat car il marque le d\u00e9but de son \u00e9loignement de l\u2019Empereur.<\/p>\n<p style=\"text-align: justify\">Il est donc \u00e9tabli que la carri\u00e8re de cet homme est intimement li\u00e9e \u00e0 celle de Napol\u00e9on Bonaparte dont il \u00e9pouse la s\u0153ur\u00a0: <a href=\"https:\/\/www.universalis.fr\/encyclopedie\/caroline-bonaparte\/\" target=\"_blank\" rel=\"noopener noreferrer\">Caroline<\/a>, et ce d\u00e8s 1800. En outre, il est un des protagonistes de certains des tournants de la vie de Napol\u00e9on. En effet, nous l\u2019avons vu pr\u00e9c\u00e9demment, il participe \u00e0 la r\u00e9ussite de la r\u00e9pression du 13 vend\u00e9miaire. En outre, et c\u2019est peut-\u00eatre plus marquant, il est un des acteurs majeurs du <a href=\"https:\/\/www.universalis.fr\/encyclopedie\/dix-huit-brumaire-an-viii\/\" target=\"_blank\" rel=\"noopener noreferrer\">18 brumaire<\/a> (9 novembre 1799). Ce jour-l\u00e0, c\u2019est Murat qui dissout la Chambre qui avait tenu t\u00eate \u00e0 Bonaparte. M\u00eame si Murat contribue \u00e0 la r\u00e9ussite de l\u2019Empereur, la carri\u00e8re du cavalier d\u00e9pend fortement des faveurs de Napol\u00e9on. En effet, c\u2019est sa rencontre avec Napol\u00e9on qui fait passer la vie de Murat de simple militaire \u00e0 celle d\u2019un dignitaire du premier Empire. Lors de leur rencontre (13 vend\u00e9miaire an IV), le cavalier est chef d\u2019escadrons, soit officier de cavalerie. En 1804, soit 9 ans plus tard, Joachim Murat fait partie de la <a href=\"https:\/\/www.herodote.net\/19_mai_1804-evenement-18040519.php\" target=\"_blank\" rel=\"noopener noreferrer\">premi\u00e8re promotion de Mar\u00e9chal d\u2019empire<\/a>, le plus haut grade de la <a href=\"http:\/\/www.larousse.fr\/encyclopedie\/divers\/Grande_Arm\u00e9e\/106134\" target=\"_blank\" rel=\"noopener noreferrer\">Grande Arm\u00e9e<\/a>.<\/p>\n<p style=\"text-align: justify\">Tout comme il a permis son ascension, ce lien \u00e9troit avec l\u2019empereur explique que suite \u00e0 la chute de Napol\u00e9on \u00e0 <a href=\"https:\/\/www.universalis.fr\/encyclopedie\/bataille-de-waterloo\/\" target=\"_blank\" rel=\"noopener noreferrer\">Waterloo<\/a>, Murat se voit fragilis\u00e9 dans son royaume de Naples. En effet, le jeune roi qui s\u2019\u00e9loigne progressivement de Napol\u00e9on depuis 1808 acte ceci en s\u2019alliant publiquement \u00e0 l\u2019Autriche en 1815, alors ennemi de l\u2019Empire. S\u2019apercevant de son erreur, le cavalier entreprend une conqu\u00eate de l\u2019Italie pour tenter de l\u2019unifier et servir les int\u00e9r\u00eats de l\u2019Empire. C\u2019est au cours de celle-ci qu\u2019il prononce la d\u00e9claration de Rimini, un des premiers textes \u00e9voquant un certain droit des peuples \u00e0 disposer d\u2019eux-m\u00eames, mais aussi et surtout le <a href=\"http:\/\/www.larousse.fr\/encyclopedie\/divers\/Risorgimento\/141081\" target=\"_blank\" rel=\"noopener noreferrer\"><em>Risorgimento<\/em><\/a>. Toutefois, Murat est de plus en plus fragilis\u00e9, ce qui le contraint \u00e0 l\u2019exil. Cela ne l\u2019emp\u00eache pas de tenter une op\u00e9ration de reconqu\u00eate. Il d\u00e9barque au Pizzo, \u00e0 l\u2019extr\u00eame-sud de la Sicile avec ses derniers fid\u00e8les o\u00f9 il se fait capturer. <a href=\"http:\/\/www.larousse.fr\/encyclopedie\/personnage\/Ferdinand_I_er_de_Bourbon\/119289\" target=\"_blank\" rel=\"noopener noreferrer\">Ferdinand IV<\/a>, \u00e0 la fois son pr\u00e9d\u00e9cesseur et successeur sur le tr\u00f4ne de Naples, fait en sorte qu\u2019il soit rapidement condamn\u00e9 \u00e0 mort afin d\u2019emp\u00eacher toute contestation de son autorit\u00e9.<\/p>\n<p style=\"text-align: justify\">Cet enfant du Quercy est en effet un personnage incontournable de l\u2019histoire du premier Empire. En outre, son ascension fulgurante est un parfait exemple des bouleversements sociaux op\u00e9r\u00e9s par la R\u00e9volution et l\u2019Empire. Enfin, Murat est consid\u00e9r\u00e9 par certains historiens comme un des pr\u00e9curseurs du <em>Risorgimento<\/em> en raison de sa vision de l\u2019Italie formul\u00e9e dans la d\u00e9claration de Rimini.<\/p>\n<p style=\"text-align: justify\">Etudiants : L2 : Battiste Murgia. L1 : Romain Gilbert, Antoine Rezungles, Jordan Tapprest.<\/p>\n","protected":false},"excerpt":{"rendered":"<p>VOIR LA VIDEO Joachim Murat ne n\u00e9cessite nulle pr\u00e9sentation pour tout amateur de l\u2019histoire du premier Empire (1804 \u2013 1815). N\u00e9anmoins, son origine quercynoise est moins connue, m\u00eame des Quercinois, alors m\u00eame que son village natal porte\u00a0d\u00e9sormais son nom\u00a0: Labastide-Murat (au lieu de Labastide-Fortuni\u00e8re). Ceci montre l\u2019\u00e9tendue de sa post\u00e9rit\u00e9 ainsi que son attachement au &hellip; <\/p>\n<p class=\"link-more\"><a href=\"https:\/\/blogs.univ-jfc.fr\/vphn\/figures-et-evenements\/joachim-murat\/\" class=\"more-link\">Continuer la lecture<span class=\"screen-reader-text\"> de &laquo;&nbsp;Joachim Murat [2017]&nbsp;&raquo;<\/span><\/a><\/p>\n","protected":false},"author":19,"featured_media":0,"parent":69,"menu_order":2,"comment_status":"closed","ping_status":"closed","template":"","meta":[],"_links":{"self":[{"href":"https:\/\/blogs.univ-jfc.fr\/vphn\/wp-json\/wp\/v2\/pages\/72"}],"collection":[{"href":"https:\/\/blogs.univ-jfc.fr\/vphn\/wp-json\/wp\/v2\/pages"}],"about":[{"href":"https:\/\/blogs.univ-jfc.fr\/vphn\/wp-json\/wp\/v2\/types\/page"}],"author":[{"embeddable":true,"href":"https:\/\/blogs.univ-jfc.fr\/vphn\/wp-json\/wp\/v2\/users\/19"}],"replies":[{"embeddable":true,"href":"https:\/\/blogs.univ-jfc.fr\/vphn\/wp-json\/wp\/v2\/comments?post=72"}],"version-history":[{"count":34,"href":"https:\/\/blogs.univ-jfc.fr\/vphn\/wp-json\/wp\/v2\/pages\/72\/revisions"}],"predecessor-version":[{"id":2147,"href":"https:\/\/blogs.univ-jfc.fr\/vphn\/wp-json\/wp\/v2\/pages\/72\/revisions\/2147"}],"up":[{"embeddable":true,"href":"https:\/\/blogs.univ-jfc.fr\/vphn\/wp-json\/wp\/v2\/pages\/69"}],"wp:attachment":[{"href":"https:\/\/blogs.univ-jfc.fr\/vphn\/wp-json\/wp\/v2\/media?parent=72"}],"curies":[{"name":"wp","href":"https:\/\/api.w.org\/{rel}","templated":true}]}}

<p style="text-align: right"><a href="https://www.youtube.com/watch?v=IBLrgc5wvGY" target="_blank" rel="noopener noreferrer"><strong>VOIR LA VIDEO</strong></a></p>
<p style="text-align: justify">Joachim Murat ne nécessite nulle présentation pour tout amateur de l’histoire du <a href="https://www.universalis.fr/encyclopedie/premier-empire/" target="_blank" rel="noopener noreferrer">premier Empire (1804 – 1815).</a> Néanmoins, son origine quercynoise est moins connue, même des Quercinois, alors même que son village natal porte désormais son nom : Labastide-Murat (au lieu de Labastide-Fortunière). Ceci montre l’étendue de sa postérité ainsi que son attachement au Quercy dont il fut député. Il s’agit donc ici de retracer brièvement le parcours atypique de Joachim Murat.</p>
<figure id="attachment_1689" aria-describedby="caption-attachment-1689" style="width: 193px" class="wp-caption alignleft"><img loading="lazy" class="wp-image-1689 size-medium" src="http://blogs.univ-jfc.fr/vphn/wp-content/uploads/sites/65/2018/02/Capture-d’écran-2018-02-02-à-15.22.11-compressor-193x300.png" alt="" width="193" height="300" srcset="https://blogs.univ-jfc.fr/vphn/wp-content/uploads/sites/65/2018/02/Capture-d’écran-2018-02-02-à-15.22.11-compressor-193x300.png 193w, https://blogs.univ-jfc.fr/vphn/wp-content/uploads/sites/65/2018/02/Capture-d’écran-2018-02-02-à-15.22.11-compressor-768x1194.png 768w, https://blogs.univ-jfc.fr/vphn/wp-content/uploads/sites/65/2018/02/Capture-d’écran-2018-02-02-à-15.22.11-compressor-658x1024.png 658w, https://blogs.univ-jfc.fr/vphn/wp-content/uploads/sites/65/2018/02/Capture-d’écran-2018-02-02-à-15.22.11-compressor.png 922w" sizes="(max-width: 193px) 100vw, 193px" /><figcaption id="caption-attachment-1689" class="wp-caption-text">Portrait de Joachim Murat, prince français, grand amiral de France, maréchal de l’Empire, en tenue de cérémonie 1805, François Gérard, huile sur toile © Paris, musée de l’Armée, inv.2017.2.1, acquis avec le concours du ministère des Armées et du ministère de la Culture – Fonds du patrimoine. Dist. RMN-Grand-Palais / Émilie Cambier</figcaption></figure>
<p style="text-align: justify">Joachim Murat voit le jour en 1767 dans une famille d’aubergistes du Quercy. Destiné à une carrière ecclésiastique, il trouve finalement sa place dans l’armée. Sa jeunesse dans l’auberge familiale où il exerce la fonction de palefrenier peut expliquer son parcours de cavalier hors pair. En effet, si Murat entre dans la postérité c’est grâce à son rôle capital dans les campagnes napoléoniennes au cours desquelles il lance certaines des charges de cavalerie les plus célèbres de l’Empire, notamment une, connue comme salvatrice, celle <a href="https://www.universalis.fr/encyclopedie/bataille-d-eylau/" target="_blank" rel="noopener noreferrer">d’Eylau</a> en 1807. Aussi, le cavalier est de toutes les campagnes terrestres de Napoléon, qu’il accompagne depuis la répression de l’insurrection royaliste du <a href="https://www.universalis.fr/encyclopedie/journee-du-13-vendemiaire-an-iv/" target="_blank" rel="noopener noreferrer">13 vendémiaire an IV</a> (5 octobre 1795).</p>
<p style="text-align: justify">Hormis son parcours militaire, Joachim Murat exerce des fonctions politiques telles que celle de diplomate notamment lors des négociations de la paix de Florence en 1801 qui permettent d’asseoir le régime naissant de Bonaparte. En 1806, le natif du Quercy se voit confier la charge de grand-duc de Berg (autour de Düsseldorf), il doit donc administrer le territoire et y être le relai de la politique impériale. Enfin, en 1808, Murat est placé par Napoléon sur le trône de Naples où il doit succéder à <a href="https://www.universalis.fr/encyclopedie/joseph-bonaparte/" target="_blank" rel="noopener noreferrer">Joseph Bonaparte</a> (le frère de l’Empereur) qui se voit confier le trône d’Espagne. Cet événement est un moment charnière dans le parcours de Joachim Murat car il marque le début de son éloignement de l’Empereur.</p>
<p style="text-align: justify">Il est donc établi que la carrière de cet homme est intimement liée à celle de Napoléon Bonaparte dont il épouse la sœur : <a href="https://www.universalis.fr/encyclopedie/caroline-bonaparte/" target="_blank" rel="noopener noreferrer">Caroline</a>, et ce dès 1800. En outre, il est un des protagonistes de certains des tournants de la vie de Napoléon. En effet, nous l’avons vu précédemment, il participe à la réussite de la répression du 13 vendémiaire. En outre, et c’est peut-être plus marquant, il est un des acteurs majeurs du <a href="https://www.universalis.fr/encyclopedie/dix-huit-brumaire-an-viii/" target="_blank" rel="noopener noreferrer">18 brumaire</a> (9 novembre 1799). Ce jour-là, c’est Murat qui dissout la Chambre qui avait tenu tête à Bonaparte. Même si Murat contribue à la réussite de l’Empereur, la carrière du cavalier dépend fortement des faveurs de Napoléon. En effet, c’est sa rencontre avec Napoléon qui fait passer la vie de Murat de simple militaire à celle d’un dignitaire du premier Empire. Lors de leur rencontre (13 vendémiaire an IV), le cavalier est chef d’escadrons, soit officier de cavalerie. En 1804, soit 9 ans plus tard, Joachim Murat fait partie de la <a href="https://www.herodote.net/19_mai_1804-evenement-18040519.php" target="_blank" rel="noopener noreferrer">première promotion de Maréchal d’empire</a>, le plus haut grade de la <a href="http://www.larousse.fr/encyclopedie/divers/Grande_Armée/106134" target="_blank" rel="noopener noreferrer">Grande Armée</a>.</p>
<p style="text-align: justify">Tout comme il a permis son ascension, ce lien étroit avec l’empereur explique que suite à la chute de Napoléon à <a href="https://www.universalis.fr/encyclopedie/bataille-de-waterloo/" target="_blank" rel="noopener noreferrer">Waterloo</a>, Murat se voit fragilisé dans son royaume de Naples. En effet, le jeune roi qui s’éloigne progressivement de Napoléon depuis 1808 acte ceci en s’alliant publiquement à l’Autriche en 1815, alors ennemi de l’Empire. S’apercevant de son erreur, le cavalier entreprend une conquête de l’Italie pour tenter de l’unifier et servir les intérêts de l’Empire. C’est au cours de celle-ci qu’il prononce la déclaration de Rimini, un des premiers textes évoquant un certain droit des peuples à disposer d’eux-mêmes, mais aussi et surtout le <a href="http://www.larousse.fr/encyclopedie/divers/Risorgimento/141081" target="_blank" rel="noopener noreferrer"><em>Risorgimento</em></a>. Toutefois, Murat est de plus en plus fragilisé, ce qui le contraint à l’exil. Cela ne l’empêche pas de tenter une opération de reconquête. Il débarque au Pizzo, à l’extrême-sud de la Sicile avec ses derniers fidèles où il se fait capturer. <a href="http://www.larousse.fr/encyclopedie/personnage/Ferdinand_I_er_de_Bourbon/119289" target="_blank" rel="noopener noreferrer">Ferdinand IV</a>, à la fois son prédécesseur et successeur sur le trône de Naples, fait en sorte qu’il soit rapidement condamné à mort afin d’empêcher toute contestation de son autorité.</p>
<p style="text-align: justify">Cet enfant du Quercy est en effet un personnage incontournable de l’histoire du premier Empire. En outre, son ascension fulgurante est un parfait exemple des bouleversements sociaux opérés par la Révolution et l’Empire. Enfin, Murat est considéré par certains historiens comme un des précurseurs du <em>Risorgimento</em> en raison de sa vision de l’Italie formulée dans la déclaration de Rimini.</p>
<p style="text-align: justify">Etudiants : L2 : Battiste Murgia. L1 : Romain Gilbert, Antoine Rezungles, Jordan Tapprest.</p>

<p>VOIR LA VIDEO Joachim Murat ne nécessite nulle présentation pour tout amateur de l’histoire du premier Empire (1804 – 1815). Néanmoins, son origine quercynoise est moins connue, même des Quercinois, alors même que son village natal porte désormais son nom : Labastide-Murat (au lieu de Labastide-Fortunière). Ceci montre l’étendue de sa postérité ainsi que son attachement au &hellip; </p>
<p class="link-more"><a href="https://blogs.univ-jfc.fr/vphn/figures-et-evenements/joachim-murat/" class="more-link">Continuer la lecture<span class="screen-reader-text"> de &laquo;&nbsp;Joachim Murat [2017]&nbsp;&raquo;</span></a></p>
