{"id":74,"date":"2018-01-17T09:18:07","date_gmt":"2018-01-17T08:18:07","guid":{"rendered":"http:\/\/blogs.univ-jfc.fr\/vphn\/?page_id=74"},"modified":"2018-02-12T11:44:27","modified_gmt":"2018-02-12T10:44:27","slug":"le-rugby-dans-le-midi-au-xxe-siecle","status":"publish","type":"page","link":"https:\/\/blogs.univ-jfc.fr\/vphn\/patrimoine-immateriel\/le-rugby-dans-le-midi-au-xxe-siecle\/","title":{"rendered":"Le rugby dans le Midi au XXe si\u00e8cle"},"content":{"rendered":"<p>&nbsp;<\/p>\n<p>Selon Jacques Verdier, le rugby est un sport \u00e0 part, difficile d\u2019acc\u00e8s avec des valeurs solidement affirm\u00e9es comme le veut la l\u00e9gende. Mais, derri\u00e8re cette discipline, parfois consid\u00e9r\u00e9e comme dangereuse et brute, se cache un jeu beaucoup plus subtil qu\u2019il n\u2019y parait avec une histoire tr\u00e8s particuli\u00e8re et fragilis\u00e9e par diff\u00e9rentes p\u00e9riodes de guerre.<\/p>\n<p><a href=\"http:\/\/blogs.univ-jfc.fr\/vphn\/patrimoine-immateriel\/le-rugby-dans-le-midi-au-xxe-siecle\/quest-ce-que-le-rugby\/\">Qu&rsquo;est-ce que le rugby?<\/a><\/p>\n<h1 style=\"text-align: center\"><strong>1893-1940 : de son implantation \u00e0 son expansion dans le Midi.<\/strong><\/h1>\n<h5>L\u2019installation du rugby en France m\u00e9ridionale.<\/h5>\n<figure id=\"attachment_1735\" aria-describedby=\"caption-attachment-1735\" style=\"width: 328px\" class=\"wp-caption alignright\"><img loading=\"lazy\" class=\" wp-image-1735\" src=\"http:\/\/blogs.univ-jfc.fr\/vphn\/wp-content\/uploads\/sites\/65\/2018\/02\/carte-sud-ouest-300x256.jpg\" alt=\"\" width=\"328\" height=\"280\" srcset=\"https:\/\/blogs.univ-jfc.fr\/vphn\/wp-content\/uploads\/sites\/65\/2018\/02\/carte-sud-ouest-300x256.jpg 300w, https:\/\/blogs.univ-jfc.fr\/vphn\/wp-content\/uploads\/sites\/65\/2018\/02\/carte-sud-ouest.jpg 350w\" sizes=\"(max-width: 328px) 100vw, 328px\" \/><figcaption id=\"caption-attachment-1735\" class=\"wp-caption-text\">Carte d\u00e9limitant approximativement la France m\u00e9ridionale, <a href=\"http:\/\/danslesudouest.com\/12-cartes-du-sud-ouest.html\">http:\/\/danslesudouest.com\/12-cartes-du-sud-ouest.html<\/a><\/figcaption><\/figure>\n<p>En 1893, la cr\u00e9ation du comit\u00e9 du Sud-ouest marque l\u2019installation du rugby dans le sud du territoire fran\u00e7ais. N\u00e9anmoins, le rugby est apparu bien avant en France\u00a0au Havre en 1872, dont le club s&rsquo;appelle : le Havre Athletic Club. C\u2019\u00e9tait alors une \u00e9quipe d\u2019ouvriers, originaires d\u2019Angleterre qui\u00a0avaient propag\u00e9 cette nouvelle discipline.<\/p>\n<p>Apr\u00e8s la ville du Havre, l\u2019implantation du rugby se d\u00e9veloppe essentiellement dans le sud-ouest, <em>via<\/em>\u00a0la communaut\u00e9 britannique de Bordeaux qui met en place un vrai mod\u00e8le de soci\u00e9t\u00e9 avec un\u00a0ensemble de valeurs (fraternit\u00e9, amiti\u00e9) et rites rugbystiques.<\/p>\n<p>C&rsquo;est en 1910, que l\u2019\u00e9quipe de France de rugby voit le jour en int\u00e9grant le <a href=\"https:\/\/fr.wikipedia.org\/wiki\/Tournoi_des_Cinq_Nations_1910\">Tournoi des Cinq Nations<\/a>\u00a0(Angleterre, Ecosse, pays de Galles, Irlande).<\/p>\n<p>Le climat doux de la France m\u00e9ridionale, qui permet de jouer toute l&rsquo;ann\u00e9e, est un facteur pr\u00e9\u00e9minent dans l\u2019expansion du rugby.<\/p>\n<h5>Premi\u00e8re et Deuxi\u00e8me Guerres mondiales, crises majeures du XXE si\u00e8cle.<\/h5>\n<p>La Premi\u00e8re Guerre mondiale est \u00e0 l&rsquo;origine de la premi\u00e8re crise majeure du\u00a0rugby fran\u00e7ais, d\u00e9cimant les effectifs alors en pleine expansion, entra\u00eenant la fermeture de nombreux clubs. Certaines pertes sont embl\u00e9matiques comme celle d\u2019Aim\u00e9 Giral de l\u2019U.S.A Perpignan. Mais la Grande Guerre, permet aussi une \u00ab d\u2019acculturation sportive \u00bb (Paul Diestchy), les soldats jouant pendant leur temps libre.<\/p>\n<figure id=\"attachment_1714\" aria-describedby=\"caption-attachment-1714\" style=\"width: 173px\" class=\"wp-caption alignnone\"><img loading=\"lazy\" class=\"size-medium wp-image-1714\" src=\"http:\/\/blogs.univ-jfc.fr\/vphn\/wp-content\/uploads\/sites\/65\/2018\/02\/Aim\u00e9-Giral-173x300.png\" alt=\"\" width=\"173\" height=\"300\" srcset=\"https:\/\/blogs.univ-jfc.fr\/vphn\/wp-content\/uploads\/sites\/65\/2018\/02\/Aim\u00e9-Giral-173x300.png 173w, https:\/\/blogs.univ-jfc.fr\/vphn\/wp-content\/uploads\/sites\/65\/2018\/02\/Aim\u00e9-Giral.png 220w\" sizes=\"(max-width: 173px) 100vw, 173px\" \/><figcaption id=\"caption-attachment-1714\" class=\"wp-caption-text\">Photographie d&rsquo;Aim\u00e9 Giral, <a href=\"https:\/\/fr.wikipedia.org\/wiki\/Aim\u00e9_Giral\">https:\/\/fr.wikipedia.org\/wiki\/Aim\u00e9_Giral<\/a><\/figcaption><\/figure>\n<p>La Seconde Guerre mondiale (1939-1945) est tout autant une entrave au d\u00e9veloppement du rugby : championnat de France supprim\u00e9, difficult\u00e9 d&rsquo;organiser des rencontres entre zone occup\u00e9e et zone libre, etc.. Georges Pastre, historien du rugby, appelle cette p\u00e9riode le \u00ab rugby gazog\u00e8ne \u00bb.<\/p>\n<h5>Le rugby, moteur d\u2019int\u00e9gration et d\u2019identit\u00e9 locale dans le Sud de la France.<\/h5>\n<p>En dehors des p\u00e9riodes de guerre, le rugby b\u00e9n\u00e9ficie d&rsquo;un essor extraordinaire, tant il concilie sport et mode de vie, faisant dire \u00e0 Jean Dauger, joueur fran\u00e7ais et bayonnais embl\u00e9matique : \u00ab Le rugby s\u2019\u00e9tait notre vie \u00bb.<\/p>\n<p>Toulouse devient l\u2019un des meilleurs clubs de France. Les ann\u00e9es 1930 sont les ann\u00e9es folles du rugby fran\u00e7ais, mais il est aussi de plus en plus violent; surnomm\u00e9 le \u00ab rugby de muerte \u00bb. Il sert aussi de support \u00e0 certains mouvements fascistes, financ\u00e9s par le Gouvernement italien, ainsi dans le bassin de Briey.<\/p>\n<p>Dans la France catholique, le rugby occupe une place nuanc\u00e9e, entre r\u00e9ticence face \u00e0 ses aspects violents et adh\u00e9sion des acteurs locaux.<\/p>\n<figure id=\"attachment_1737\" aria-describedby=\"caption-attachment-1737\" style=\"width: 329px\" class=\"wp-caption aligncenter\"><img loading=\"lazy\" class=\" wp-image-1737\" src=\"http:\/\/blogs.univ-jfc.fr\/vphn\/wp-content\/uploads\/sites\/65\/2018\/02\/IMG_0961-300x300.jpg\" alt=\"\" width=\"329\" height=\"329\" srcset=\"https:\/\/blogs.univ-jfc.fr\/vphn\/wp-content\/uploads\/sites\/65\/2018\/02\/IMG_0961-300x300.jpg 300w, https:\/\/blogs.univ-jfc.fr\/vphn\/wp-content\/uploads\/sites\/65\/2018\/02\/IMG_0961-150x150.jpg 150w, https:\/\/blogs.univ-jfc.fr\/vphn\/wp-content\/uploads\/sites\/65\/2018\/02\/IMG_0961-768x770.jpg 768w, https:\/\/blogs.univ-jfc.fr\/vphn\/wp-content\/uploads\/sites\/65\/2018\/02\/IMG_0961-100x100.jpg 100w, https:\/\/blogs.univ-jfc.fr\/vphn\/wp-content\/uploads\/sites\/65\/2018\/02\/IMG_0961.jpg 954w\" sizes=\"(max-width: 329px) 100vw, 329px\" \/><figcaption id=\"caption-attachment-1737\" class=\"wp-caption-text\">Institution Alert Club de Saint-Pierre \u00e0 Bourg-en-Bresse en 1910, <a href=\"https:\/\/www.flickr.com\/photos\/rugby_pioneers\/37195089716\">https:\/\/www.flickr.com\/photos\/rugby_pioneers\/37195089716<\/a><\/figcaption><\/figure>\n<h1 style=\"text-align: center\"><strong>1920-1970 : les temps de l\u2019instrumentalisation.<\/strong><\/h1>\n<p>Le rugby, par son importance grandissante et ses impacts, devient aussi un instrument qu\u2019utilisent certains hommes politiques ou patrons de grandes entreprises, qui\u00a0pr\u00e9f\u00e8rent voir leurs ouvriers jouer ensemble un dimanche plut\u00f4t que de fomenter des gr\u00e8ves. Le rugby v\u00e9hicule, en outre, des valeurs compatibles avec celles du travail comme la combativit\u00e9 ou\u00a0l&rsquo;esprit d&rsquo;\u00e9quipe.<\/p>\n<p>Le rugby sous le r\u00e9gime de Vichy est un outil de propagande, notamment celui \u00e0 XV choisi par le r\u00e9gime\u00a0contre le rugby \u00e0 XIII.<\/p>\n<figure id=\"attachment_1716\" aria-describedby=\"caption-attachment-1716\" style=\"width: 225px\" class=\"wp-caption alignnone\"><img loading=\"lazy\" class=\"size-medium wp-image-1716\" src=\"http:\/\/blogs.univ-jfc.fr\/vphn\/wp-content\/uploads\/sites\/65\/2018\/02\/P\u00e9tain-225x300.jpg\" alt=\"\" width=\"225\" height=\"300\" srcset=\"https:\/\/blogs.univ-jfc.fr\/vphn\/wp-content\/uploads\/sites\/65\/2018\/02\/P\u00e9tain-225x300.jpg 225w, https:\/\/blogs.univ-jfc.fr\/vphn\/wp-content\/uploads\/sites\/65\/2018\/02\/P\u00e9tain.jpg 412w\" sizes=\"(max-width: 225px) 100vw, 225px\" \/><figcaption id=\"caption-attachment-1716\" class=\"wp-caption-text\">Photographie du mar\u00e9chal P\u00e9tain, <a href=\"http:\/\/www.larousse.fr\/encyclopedie\/personnage\/Philippe_P\u00e9tain\/137768\">http:\/\/www.larousse.fr\/encyclopedie\/personnage\/Philippe_P\u00e9tain\/137768<\/a><\/figcaption><\/figure>\n<p>Dans les milieux ouvriers et paysans, le rugby a une tr\u00e8s forte influence car les gens n\u2019ont pas beaucoup de distractions, pendant et apr\u00e8s la guerre. Pour les Graulh\u00e9tois, il n\u2019y a pas eu de Brennus, mais une demi-finale m\u00e9morable en 1957.<\/p>\n<h1 style=\"text-align: center\"><strong>1970-1995 : de l\u2019instrumentalisation aux d\u00e9buts du professionnalisme.<\/strong><\/h1>\n<p>Jusqu\u2019en 1995, le rugby repr\u00e9sentait traditionnellement le sport des terroirs et le sport amateur. Son entr\u00e9e r\u00e9cente dans le professionnalisme provoque une cassure dans le monde de l\u2019Ovalie, certains craignant la d\u00e9sint\u00e9gration du rugby des terroirs. L\u2019apparition de la Coupe du monde marque consid\u00e9rablement ce changement de statut et la m\u00e9diatisation, qui a jou\u00e9 un r\u00f4le primordial dans la diffusion du rugby, inqui\u00e8te \u00e9galement.<\/p>\n<p>Toutefois, il y a un soutien ind\u00e9fectible de la population vis-\u00e0-vis de son club dans le Midi ; les individus d\u00e9fendent leurs couleurs. Des chansons, souvent consid\u00e9r\u00e9es comme paillardes, voient le jour et certaines deviennent des hymnes comme la <em>Pena Baionna<\/em> de Bayonne. Le rugby n\u2019est donc pas qu\u2019un sport, il demeure, malgr\u00e9 les changements r\u00e9cents, un mode de vie.<\/p>\n<figure id=\"attachment_1718\" aria-describedby=\"caption-attachment-1718\" style=\"width: 300px\" class=\"wp-caption alignnone\"><img loading=\"lazy\" class=\"size-medium wp-image-1718\" src=\"http:\/\/blogs.univ-jfc.fr\/vphn\/wp-content\/uploads\/sites\/65\/2018\/02\/Coupe-du-monde-300x189.jpg\" alt=\"\" width=\"300\" height=\"189\" srcset=\"https:\/\/blogs.univ-jfc.fr\/vphn\/wp-content\/uploads\/sites\/65\/2018\/02\/Coupe-du-monde-300x189.jpg 300w, https:\/\/blogs.univ-jfc.fr\/vphn\/wp-content\/uploads\/sites\/65\/2018\/02\/Coupe-du-monde.jpg 450w\" sizes=\"(max-width: 300px) 100vw, 300px\" \/><figcaption id=\"caption-attachment-1718\" class=\"wp-caption-text\">Nelson Mandela remettant la coupe du monde de rugby au capitaine Springbok, <a href=\"https:\/\/www.courrierinternational.com\/article\/2010\/01\/12\/mandela-revu-et-corrige-dans-invictus\">https:\/\/www.courrierinternational.com\/article\/2010\/01\/12\/mandela-revu-et-corrige-dans-invictus<\/a><\/figcaption><\/figure>\n<p>&nbsp;<\/p>\n<h4>Pour aller plus loin&#8230;<\/h4>\n<ul>\n<li><a href=\"http:\/\/blogs.univ-jfc.fr\/vphn\/patrimoine-immateriel\/le-rugby-dans-le-midi-au-xxe-siecle\/interview-joseph-planes-ancien-joueur-du-sporting-club-graulhetois\/\">Interview de Joseph Plan\u00e9s, ancien joueur du Sporting Club Graulh\u00e9tois<\/a><\/li>\n<li><a href=\"http:\/\/blogs.univ-jfc.fr\/vphn\/patrimoine-immateriel\/le-rugby-dans-le-midi-au-xxe-siecle\/bibliographies-et-sitographies-complementaires\/\">Bibliographies et sitographies compl\u00e9mentaires<\/a><\/li>\n<\/ul>\n<p>&nbsp;<\/p>\n<p>&nbsp;<\/p>\n<p>&nbsp;<\/p>\n<p>&nbsp;<\/p>\n<p>&nbsp;<\/p>\n<p>&nbsp;<\/p>\n<p>Etudiants : L2 : Hugo Plan\u00e8s. L1 : Romain Couderc et Loris Toussaint.<\/p>\n","protected":false},"excerpt":{"rendered":"<p>&nbsp; Selon Jacques Verdier, le rugby est un sport \u00e0 part, difficile d\u2019acc\u00e8s avec des valeurs solidement affirm\u00e9es comme le veut la l\u00e9gende. Mais, derri\u00e8re cette discipline, parfois consid\u00e9r\u00e9e comme dangereuse et brute, se cache un jeu beaucoup plus subtil qu\u2019il n\u2019y parait avec une histoire tr\u00e8s particuli\u00e8re et fragilis\u00e9e par diff\u00e9rentes p\u00e9riodes de guerre. &hellip; <\/p>\n<p class=\"link-more\"><a href=\"https:\/\/blogs.univ-jfc.fr\/vphn\/patrimoine-immateriel\/le-rugby-dans-le-midi-au-xxe-siecle\/\" class=\"more-link\">Continuer la lecture<span class=\"screen-reader-text\"> de &laquo;&nbsp;Le rugby dans le Midi au XXe si\u00e8cle&nbsp;&raquo;<\/span><\/a><\/p>\n","protected":false},"author":19,"featured_media":0,"parent":33,"menu_order":1,"comment_status":"closed","ping_status":"closed","template":"","meta":[],"_links":{"self":[{"href":"https:\/\/blogs.univ-jfc.fr\/vphn\/wp-json\/wp\/v2\/pages\/74"}],"collection":[{"href":"https:\/\/blogs.univ-jfc.fr\/vphn\/wp-json\/wp\/v2\/pages"}],"about":[{"href":"https:\/\/blogs.univ-jfc.fr\/vphn\/wp-json\/wp\/v2\/types\/page"}],"author":[{"embeddable":true,"href":"https:\/\/blogs.univ-jfc.fr\/vphn\/wp-json\/wp\/v2\/users\/19"}],"replies":[{"embeddable":true,"href":"https:\/\/blogs.univ-jfc.fr\/vphn\/wp-json\/wp\/v2\/comments?post=74"}],"version-history":[{"count":24,"href":"https:\/\/blogs.univ-jfc.fr\/vphn\/wp-json\/wp\/v2\/pages\/74\/revisions"}],"predecessor-version":[{"id":1825,"href":"https:\/\/blogs.univ-jfc.fr\/vphn\/wp-json\/wp\/v2\/pages\/74\/revisions\/1825"}],"up":[{"embeddable":true,"href":"https:\/\/blogs.univ-jfc.fr\/vphn\/wp-json\/wp\/v2\/pages\/33"}],"wp:attachment":[{"href":"https:\/\/blogs.univ-jfc.fr\/vphn\/wp-json\/wp\/v2\/media?parent=74"}],"curies":[{"name":"wp","href":"https:\/\/api.w.org\/{rel}","templated":true}]}}