{"id":7459,"date":"2020-03-04T15:19:06","date_gmt":"2020-03-04T14:19:06","guid":{"rendered":"http:\/\/blogs.univ-jfc.fr\/vphn\/?page_id=7459"},"modified":"2020-03-04T15:24:09","modified_gmt":"2020-03-04T14:24:09","slug":"bibliographie","status":"publish","type":"page","link":"https:\/\/blogs.univ-jfc.fr\/vphn\/patrimoine-et-sites-remarquables\/les-hotels-particuliers-albigeois-du-xiie-siecle-a-nos-jours-2020\/bibliographie\/","title":{"rendered":"Bibliographie"},"content":{"rendered":"<p>Quelques ouvrages pour approfondir le sujet des h\u00f4tels particuliers :<\/p>\n<p>Alquier G., <em>Le petit guide d&rsquo;Albi<\/em>, Albi, 2013<\/p>\n<p>Alquier G., <em>Les h\u00f4tels particuliers et les maisons du vieil Alby du XIIe au XVIIIe si\u00e8cle<\/em>, Albi, 2012<\/p>\n<p>Alquier G., <em>L&rsquo;H\u00f4tel Reyn\u00e8s, un des fleurons de la Renaissance Tarnaise<\/em>, Albi, 2018<\/p>\n<p>Bijet J-L., <em>Histoire d&rsquo;Albi<\/em>, Albi, 2000<\/p>\n<p>Bijet J-L. et Bru H., <em>Albi, la cit\u00e9 \u00e9piscopale, capitale de la brique<\/em>, Albi, 2011<\/p>\n<p>Bonnecarrere P., <em>La cit\u00e9 \u00e9piscopale d\u2019Albi : proposition d&rsquo;inscription sur la liste du patrimoine mondial soumise par l&rsquo;\u00c9tat fran\u00e7ais<\/em>, Albi, 2009<\/p>\n<p>Bru H., <em>Albi et les Albigeois : vingt si\u00e8cles d\u2019histoire<\/em>, Albi, 2003<\/p>\n<p>Jeannin P., <em>Les marchands au XVIe<\/em><em>\u00a0si\u00e8cle<\/em>, Paris, 1957<\/p>\n","protected":false},"excerpt":{"rendered":"<p>Quelques ouvrages pour approfondir le sujet des h\u00f4tels particuliers : Alquier G., Le petit guide d&rsquo;Albi, Albi, 2013 Alquier G., Les h\u00f4tels particuliers et les maisons du vieil Alby du XIIe au XVIIIe si\u00e8cle, Albi, 2012 Alquier G., L&rsquo;H\u00f4tel Reyn\u00e8s, un des fleurons de la Renaissance Tarnaise, Albi, 2018 Bijet J-L., Histoire d&rsquo;Albi, Albi, 2000 &hellip; <\/p>\n<p class=\"link-more\"><a href=\"https:\/\/blogs.univ-jfc.fr\/vphn\/patrimoine-et-sites-remarquables\/les-hotels-particuliers-albigeois-du-xiie-siecle-a-nos-jours-2020\/bibliographie\/\" class=\"more-link\">Continuer la lecture<span class=\"screen-reader-text\"> de &laquo;&nbsp;Bibliographie&nbsp;&raquo;<\/span><\/a><\/p>\n","protected":false},"author":712,"featured_media":0,"parent":5341,"menu_order":0,"comment_status":"closed","ping_status":"closed","template":"","meta":[],"_links":{"self":[{"href":"https:\/\/blogs.univ-jfc.fr\/vphn\/wp-json\/wp\/v2\/pages\/7459"}],"collection":[{"href":"https:\/\/blogs.univ-jfc.fr\/vphn\/wp-json\/wp\/v2\/pages"}],"about":[{"href":"https:\/\/blogs.univ-jfc.fr\/vphn\/wp-json\/wp\/v2\/types\/page"}],"author":[{"embeddable":true,"href":"https:\/\/blogs.univ-jfc.fr\/vphn\/wp-json\/wp\/v2\/users\/712"}],"replies":[{"embeddable":true,"href":"https:\/\/blogs.univ-jfc.fr\/vphn\/wp-json\/wp\/v2\/comments?post=7459"}],"version-history":[{"count":2,"href":"https:\/\/blogs.univ-jfc.fr\/vphn\/wp-json\/wp\/v2\/pages\/7459\/revisions"}],"predecessor-version":[{"id":7464,"href":"https:\/\/blogs.univ-jfc.fr\/vphn\/wp-json\/wp\/v2\/pages\/7459\/revisions\/7464"}],"up":[{"embeddable":true,"href":"https:\/\/blogs.univ-jfc.fr\/vphn\/wp-json\/wp\/v2\/pages\/5341"}],"wp:attachment":[{"href":"https:\/\/blogs.univ-jfc.fr\/vphn\/wp-json\/wp\/v2\/media?parent=7459"}],"curies":[{"name":"wp","href":"https:\/\/api.w.org\/{rel}","templated":true}]}}