{"id":7545,"date":"2020-03-05T10:57:01","date_gmt":"2020-03-05T09:57:01","guid":{"rendered":"http:\/\/blogs.univ-jfc.fr\/vphn\/?page_id=7545"},"modified":"2020-03-05T23:17:26","modified_gmt":"2020-03-05T22:17:26","slug":"le-syndicat","status":"publish","type":"page","link":"https:\/\/blogs.univ-jfc.fr\/vphn\/le-syndicat\/","title":{"rendered":"Le syndicat"},"content":{"rendered":"<p align=\"justify\">Au XIIIe si\u00e8cle, le village adopte une particularit\u00e9, voire une avanc\u00e9e dans son syst\u00e8me de politique communale, le <i>syndicat<\/i>.<\/p>\n<p align=\"justify\">Ce <i>syndicat<\/i> correspond \u00e0 une organisation civile (pr\u00e9-administrative) port\u00e9 sur un certain principe de justice et qui se s\u00e9pare alors de l\u2019autorit\u00e9 pesante du syst\u00e8me f\u00e9odal.<\/p>\n<p align=\"justify\">Au d\u00e9part, cette institution primitive permettait d\u2019acc\u00e9der \u00e0 la justice comtale et donc d\u2019avoir quelques signes d\u2019ind\u00e9pendance vis-\u00e0-vis du seigneur. Le <i>syndicat<\/i> ne jouait en aucun cas le r\u00f4le de police, cependant il veillait \u00e0 la sauvegarde des droits individuels ainsi que ceux des propri\u00e9t\u00e9s communales et priv\u00e9es ( notamment au niveau des terres ).<\/p>\n<p align=\"justify\">Une chose peut nous surprendre, \u00e0 propos de l\u2019organisation int\u00e9rieure du <i>syndicat<\/i>, qui s\u2019av\u00e9rerait \u00eatre en avance sur son temps, c\u2019est le syst\u00e8me de nomination des <i>syndics<\/i> (membres permanents du <i>syndicat<\/i>). Ils sont le plus souvent au nombre de trois et sont alors \u00e9lus au suffrage universel, soit par le conseil g\u00e9n\u00e9ral, soit par l\u2019universalit\u00e9 des habitants de la commune.<\/p>\n<p align=\"justify\">Vers la fin du XVIe si\u00e8cle, tr\u00e8s pr\u00e9cis\u00e9ment le 3 juin 1579, la communaut\u00e9 de Miglos devint une v\u00e9ritable organisation municipale r\u00e9glement\u00e9e par des charges.<\/p>\n<p align=\"justify\">C\u2019est \u00e0 cette date pr\u00e9cise que le nouveau baron du village, Bernard de Goth, accorde aux habitants de la vall\u00e9e, le pouvoir d\u2019\u00e9lire huit \u00e0 douze <i>consuls <\/i>(magistrats municipaux qui, \u00e0 l\u2019\u00e9poque, poss\u00e9daient le statut de notable et s\u2019occupaient de la collecte des imp\u00f4ts) dans l\u2019exercice de la police et dans la juridiction de la baronnie.<\/p>\n<p align=\"justify\">Le conseil politique, alors appel\u00e9 le \u00abcorps de ville\u00bb, \u00e9tait compos\u00e9 de trois <i>syndics<\/i>, de huit \u00e0 douze <i>consuls<\/i> (portant le titre de \u00ab <i>syndics<\/i> et <i>consuls<\/i> de la communaut\u00e9 de Miglos \u00bb), d\u2019une douzaine de conseillers politiques et d\u2019un secr\u00e9taire.<\/p>\n<p align=\"justify\">Cependant, vers la fin du XVIIIe si\u00e8cle, le <i>syndicat<\/i> \u00e9tait consid\u00e9r\u00e9, pour la plupart des habitants, comme une institution priv\u00e9e sans r\u00e9glementation fixe, ce qui amenait \u00e0 des abus de la part des membres du <i>syndicat<\/i> (qu\u2019ils soient des membres permanents ou provisoires).<\/p>\n<p align=\"justify\">En 1782, un bureau de charit\u00e9 et de bienfaisance \u00e9tait alors cr\u00e9\u00e9 (\u00e0 Miglos comme dans la plupart des communes voisines).<\/p>\n","protected":false},"excerpt":{"rendered":"<p>Au XIIIe si\u00e8cle, le village adopte une particularit\u00e9, voire une avanc\u00e9e dans son syst\u00e8me de politique communale, le syndicat. Ce syndicat correspond \u00e0 une organisation civile (pr\u00e9-administrative) port\u00e9 sur un certain principe de justice et qui se s\u00e9pare alors de l\u2019autorit\u00e9 pesante du syst\u00e8me f\u00e9odal. Au d\u00e9part, cette institution primitive permettait d\u2019acc\u00e9der \u00e0 la justice &hellip; <\/p>\n<p class=\"link-more\"><a href=\"https:\/\/blogs.univ-jfc.fr\/vphn\/le-syndicat\/\" class=\"more-link\">Continuer la lecture<span class=\"screen-reader-text\"> de &laquo;&nbsp;Le syndicat&nbsp;&raquo;<\/span><\/a><\/p>\n","protected":false},"author":711,"featured_media":0,"parent":0,"menu_order":0,"comment_status":"closed","ping_status":"closed","template":"","meta":[],"_links":{"self":[{"href":"https:\/\/blogs.univ-jfc.fr\/vphn\/wp-json\/wp\/v2\/pages\/7545"}],"collection":[{"href":"https:\/\/blogs.univ-jfc.fr\/vphn\/wp-json\/wp\/v2\/pages"}],"about":[{"href":"https:\/\/blogs.univ-jfc.fr\/vphn\/wp-json\/wp\/v2\/types\/page"}],"author":[{"embeddable":true,"href":"https:\/\/blogs.univ-jfc.fr\/vphn\/wp-json\/wp\/v2\/users\/711"}],"replies":[{"embeddable":true,"href":"https:\/\/blogs.univ-jfc.fr\/vphn\/wp-json\/wp\/v2\/comments?post=7545"}],"version-history":[{"count":3,"href":"https:\/\/blogs.univ-jfc.fr\/vphn\/wp-json\/wp\/v2\/pages\/7545\/revisions"}],"predecessor-version":[{"id":7677,"href":"https:\/\/blogs.univ-jfc.fr\/vphn\/wp-json\/wp\/v2\/pages\/7545\/revisions\/7677"}],"wp:attachment":[{"href":"https:\/\/blogs.univ-jfc.fr\/vphn\/wp-json\/wp\/v2\/media?parent=7545"}],"curies":[{"name":"wp","href":"https:\/\/api.w.org\/{rel}","templated":true}]}}

<p align="justify">Au XIIIe siècle, le village adopte une particularité, voire une avancée dans son système de politique communale, le <i>syndicat</i>.</p>
<p align="justify">Ce <i>syndicat</i> correspond à une organisation civile (pré-administrative) porté sur un certain principe de justice et qui se sépare alors de l’autorité pesante du système féodal.</p>
<p align="justify">Au départ, cette institution primitive permettait d’accéder à la justice comtale et donc d’avoir quelques signes d’indépendance vis-à-vis du seigneur. Le <i>syndicat</i> ne jouait en aucun cas le rôle de police, cependant il veillait à la sauvegarde des droits individuels ainsi que ceux des propriétés communales et privées ( notamment au niveau des terres ).</p>
<p align="justify">Une chose peut nous surprendre, à propos de l’organisation intérieure du <i>syndicat</i>, qui s’avérerait être en avance sur son temps, c’est le système de nomination des <i>syndics</i> (membres permanents du <i>syndicat</i>). Ils sont le plus souvent au nombre de trois et sont alors élus au suffrage universel, soit par le conseil général, soit par l’universalité des habitants de la commune.</p>
<p align="justify">Vers la fin du XVIe siècle, très précisément le 3 juin 1579, la communauté de Miglos devint une véritable organisation municipale réglementée par des charges.</p>
<p align="justify">C’est à cette date précise que le nouveau baron du village, Bernard de Goth, accorde aux habitants de la vallée, le pouvoir d’élire huit à douze <i>consuls </i>(magistrats municipaux qui, à l’époque, possédaient le statut de notable et s’occupaient de la collecte des impôts) dans l’exercice de la police et dans la juridiction de la baronnie.</p>
<p align="justify">Le conseil politique, alors appelé le «corps de ville», était composé de trois <i>syndics</i>, de huit à douze <i>consuls</i> (portant le titre de « <i>syndics</i> et <i>consuls</i> de la communauté de Miglos »), d’une douzaine de conseillers politiques et d’un secrétaire.</p>
<p align="justify">Cependant, vers la fin du XVIIIe siècle, le <i>syndicat</i> était considéré, pour la plupart des habitants, comme une institution privée sans réglementation fixe, ce qui amenait à des abus de la part des membres du <i>syndicat</i> (qu’ils soient des membres permanents ou provisoires).</p>
<p align="justify">En 1782, un bureau de charité et de bienfaisance était alors créé (à Miglos comme dans la plupart des communes voisines).</p>

<p>Au XIIIe siècle, le village adopte une particularité, voire une avancée dans son système de politique communale, le syndicat. Ce syndicat correspond à une organisation civile (pré-administrative) porté sur un certain principe de justice et qui se sépare alors de l’autorité pesante du système féodal. Au départ, cette institution primitive permettait d’accéder à la justice &hellip; </p>
<p class="link-more"><a href="https://blogs.univ-jfc.fr/vphn/le-syndicat/" class="more-link">Continuer la lecture<span class="screen-reader-text"> de &laquo;&nbsp;Le syndicat&nbsp;&raquo;</span></a></p>
