{"id":7590,"date":"2020-03-05T14:51:05","date_gmt":"2020-03-05T13:51:05","guid":{"rendered":"http:\/\/blogs.univ-jfc.fr\/vphn\/?page_id=7590"},"modified":"2020-03-05T22:50:38","modified_gmt":"2020-03-05T21:50:38","slug":"arnaud-de-miglos","status":"publish","type":"page","link":"https:\/\/blogs.univ-jfc.fr\/vphn\/arnaud-de-miglos\/","title":{"rendered":"Arnaud de Miglos"},"content":{"rendered":"<p align=\"justify\">Arnaud de Miglos, fils de de Pierre (Ier) de Miglos, a v\u00e9cu dans la premi\u00e8re moiti\u00e9 du XIIIe si\u00e8cle et est mentionn\u00e9 pour la premi\u00e8re fois dans des chartes de 1210.<\/p>\n<p align=\"justify\">En janvier 1213, le comte de Foix, Raymond-Roger de Foix, est soup\u00e7onn\u00e9 d\u2019<strong>h\u00e9r\u00e9sie (1)<\/strong>. Pour montrer sa fid\u00e9lit\u00e9 \u00e0 l\u2019\u00e9glise de Rome, il offre les terres de Miglos (et quelques autres domaines) au roi Pierre II d\u2019Aragon, qui s\u2019\u00e9tait port\u00e9 garant pour le comte de Toulouse et de Foix.<\/p>\n<p align=\"justify\">Cela nous laisse penser que le seigneur de Miglos, d\u00e9sormais vassale du roi d&rsquo;Aragon, aurait particip\u00e9 \u00e0 <strong>la bataille de Muret (2)<\/strong>.\u00a0 Il ne fut cependant pas inqui\u00e9t\u00e9 de la mort de son suzerain sur le champ de bataille, ce qui le d\u00e9livra de son serment et permis au comte de Foix de r\u00e9cup\u00e9rer les domaines qu\u2019il avait l\u00e9gu\u00e9.<\/p>\n<p align=\"justify\">Apr\u00e8s la chute de <strong>Monts\u00e9gur (3)<\/strong> en mars 1244, il fut interrog\u00e9 par l&rsquo;inquisiteur Ferrer le 24 mai 1244, Arnaud de Miglos avoua avoir fournit aux assi\u00e9g\u00e9s de Monts\u00e9gur douze cordes \u00e0 pierri\u00e8res, deux frondes \u00e0 balistes et une arbal\u00e8te. Il f\u00fbt \u00e9galement interrog\u00e9 le 15 d\u00e9cembre 1246 par Bernard de Caux qui le soup\u00e7onnait d&rsquo;h\u00e9r\u00e9sie car Arnaud avait accueillit \u00a0<strong>\u00ab Parfaits \u00bb (4)<\/strong> dans son ch\u00e2teau. Il f\u00fbt convoqu\u00e9 le 12 mars 1247 \u00e0 Pamier devant Bernard de Caux et Ferrer pour q&rsquo;il confirme ses aveux. Ces aveux lui vaudront d\u2019\u00eatre condamn\u00e9 \u00e0 la prison \u00e0 vie dans les cachots de Carcassonne mais il f\u00fbt graci\u00e9 par le Pape Innocent III le 24 d\u00e9cembre 1248. Son fils, Pierre de Miglos, le succ\u00e8de \u00e0 sa mort le 29 novembre 1250.<\/p>\n<hr \/>\n<p>(1) <a href=\"https:\/\/www.herodote.net\/Les_Cathares-synthese-97.php\">d\u00e9finition des cathares<\/a><\/p>\n<p>(2) Bataille ayant eu lieu le 12 septembre 1213 pr\u00e8s de Muret, dans le Comt\u00e9 de Toulouse.\u00a0 qui opposa les crois\u00e9s de Simon de Montfort \u00e0 l&rsquo;arm\u00e9e de Raymond VI de Toulouse et ses alli\u00e9s (le comte de Foix Raymond-Roger et le roi d&rsquo;Aragon Pierre II). Il s&rsquo;agit d&rsquo;un \u00e9pisode de la Croisade des Albigeois.<\/p>\n<p>(3) Reconnu comme un haut lieu de l&rsquo;h\u00e9r\u00e9sie cathare. Sa chute en 1244 entra\u00eene la fin de la croisade des Albigeois.<\/p>\n<p>(4) C\u2019est\u00a0 ainsi que se nommaient entre eux les cathares.<\/p>\n","protected":false},"excerpt":{"rendered":"<p>Arnaud de Miglos, fils de de Pierre (Ier) de Miglos, a v\u00e9cu dans la premi\u00e8re moiti\u00e9 du XIIIe si\u00e8cle et est mentionn\u00e9 pour la premi\u00e8re fois dans des chartes de 1210. En janvier 1213, le comte de Foix, Raymond-Roger de Foix, est soup\u00e7onn\u00e9 d\u2019h\u00e9r\u00e9sie (1). Pour montrer sa fid\u00e9lit\u00e9 \u00e0 l\u2019\u00e9glise de Rome, il offre &hellip; <\/p>\n<p class=\"link-more\"><a href=\"https:\/\/blogs.univ-jfc.fr\/vphn\/arnaud-de-miglos\/\" class=\"more-link\">Continuer la lecture<span class=\"screen-reader-text\"> de &laquo;&nbsp;Arnaud de Miglos&nbsp;&raquo;<\/span><\/a><\/p>\n","protected":false},"author":711,"featured_media":0,"parent":0,"menu_order":0,"comment_status":"closed","ping_status":"closed","template":"","meta":[],"_links":{"self":[{"href":"https:\/\/blogs.univ-jfc.fr\/vphn\/wp-json\/wp\/v2\/pages\/7590"}],"collection":[{"href":"https:\/\/blogs.univ-jfc.fr\/vphn\/wp-json\/wp\/v2\/pages"}],"about":[{"href":"https:\/\/blogs.univ-jfc.fr\/vphn\/wp-json\/wp\/v2\/types\/page"}],"author":[{"embeddable":true,"href":"https:\/\/blogs.univ-jfc.fr\/vphn\/wp-json\/wp\/v2\/users\/711"}],"replies":[{"embeddable":true,"href":"https:\/\/blogs.univ-jfc.fr\/vphn\/wp-json\/wp\/v2\/comments?post=7590"}],"version-history":[{"count":3,"href":"https:\/\/blogs.univ-jfc.fr\/vphn\/wp-json\/wp\/v2\/pages\/7590\/revisions"}],"predecessor-version":[{"id":7666,"href":"https:\/\/blogs.univ-jfc.fr\/vphn\/wp-json\/wp\/v2\/pages\/7590\/revisions\/7666"}],"wp:attachment":[{"href":"https:\/\/blogs.univ-jfc.fr\/vphn\/wp-json\/wp\/v2\/media?parent=7590"}],"curies":[{"name":"wp","href":"https:\/\/api.w.org\/{rel}","templated":true}]}}

<p align="justify">Arnaud de Miglos, fils de de Pierre (Ier) de Miglos, a vécu dans la première moitié du XIIIe siècle et est mentionné pour la première fois dans des chartes de 1210.</p>
<p align="justify">En janvier 1213, le comte de Foix, Raymond-Roger de Foix, est soupçonné d’<strong>hérésie (1)</strong>. Pour montrer sa fidélité à l’église de Rome, il offre les terres de Miglos (et quelques autres domaines) au roi Pierre II d’Aragon, qui s’était porté garant pour le comte de Toulouse et de Foix.</p>
<p align="justify">Cela nous laisse penser que le seigneur de Miglos, désormais vassale du roi d&rsquo;Aragon, aurait participé à <strong>la bataille de Muret (2)</strong>.  Il ne fut cependant pas inquiété de la mort de son suzerain sur le champ de bataille, ce qui le délivra de son serment et permis au comte de Foix de récupérer les domaines qu’il avait légué.</p>
<p align="justify">Après la chute de <strong>Montségur (3)</strong> en mars 1244, il fut interrogé par l&rsquo;inquisiteur Ferrer le 24 mai 1244, Arnaud de Miglos avoua avoir fournit aux assiégés de Montségur douze cordes à pierrières, deux frondes à balistes et une arbalète. Il fût également interrogé le 15 décembre 1246 par Bernard de Caux qui le soupçonnait d&rsquo;hérésie car Arnaud avait accueillit  <strong>« Parfaits » (4)</strong> dans son château. Il fût convoqué le 12 mars 1247 à Pamier devant Bernard de Caux et Ferrer pour q&rsquo;il confirme ses aveux. Ces aveux lui vaudront d’être condamné à la prison à vie dans les cachots de Carcassonne mais il fût gracié par le Pape Innocent III le 24 décembre 1248. Son fils, Pierre de Miglos, le succède à sa mort le 29 novembre 1250.</p>
<hr />
<p>(1) <a href="https://www.herodote.net/Les_Cathares-synthese-97.php">définition des cathares</a></p>
<p>(2) Bataille ayant eu lieu le 12 septembre 1213 près de Muret, dans le Comté de Toulouse.  qui opposa les croisés de Simon de Montfort à l&rsquo;armée de Raymond VI de Toulouse et ses alliés (le comte de Foix Raymond-Roger et le roi d&rsquo;Aragon Pierre II). Il s&rsquo;agit d&rsquo;un épisode de la Croisade des Albigeois.</p>
<p>(3) Reconnu comme un haut lieu de l&rsquo;hérésie cathare. Sa chute en 1244 entraîne la fin de la croisade des Albigeois.</p>
<p>(4) C’est  ainsi que se nommaient entre eux les cathares.</p>

<p>Arnaud de Miglos, fils de de Pierre (Ier) de Miglos, a vécu dans la première moitié du XIIIe siècle et est mentionné pour la première fois dans des chartes de 1210. En janvier 1213, le comte de Foix, Raymond-Roger de Foix, est soupçonné d’hérésie (1). Pour montrer sa fidélité à l’église de Rome, il offre &hellip; </p>
<p class="link-more"><a href="https://blogs.univ-jfc.fr/vphn/arnaud-de-miglos/" class="more-link">Continuer la lecture<span class="screen-reader-text"> de &laquo;&nbsp;Arnaud de Miglos&nbsp;&raquo;</span></a></p>
