{"id":7622,"date":"2020-03-05T16:27:49","date_gmt":"2020-03-05T15:27:49","guid":{"rendered":"http:\/\/blogs.univ-jfc.fr\/vphn\/?page_id=7622"},"modified":"2020-03-05T23:15:09","modified_gmt":"2020-03-05T22:15:09","slug":"le-machicoulis","status":"publish","type":"page","link":"https:\/\/blogs.univ-jfc.fr\/vphn\/le-machicoulis\/","title":{"rendered":"Le M\u00e2chicoulis"},"content":{"rendered":"<p align=\"justify\">Le M\u00e2chicoulis est une galerie de pierre accroch\u00e9e en surplomb au sommet des murs fortifi\u00e9s, soit sur arcs, soit sur consoles. Les m\u00e2chicoulis permettent le jet vertical de projectiles sur les assaillants rendus au pied du ch\u00e2teau.<\/p>\n<figure style=\"width: 259px\" class=\"wp-caption aligncenter\"><img loading=\"lazy\" src=\"https:\/\/encrypted-tbn0.gstatic.com\/images?q=tbn%3AANd9GcRWGzsGfdE2MAKKN5CyPCNKJmMzy2OlqOtIx-NGSWB3IVtvK6D0\" alt=\"R\u00e9sultat de recherche d'images pour &quot;machicoulis chateau de Miglos&quot;\" width=\"259\" height=\"194\" \/><figcaption class=\"wp-caption-text\">Les machicoulis du ch\u00e2teau de Foix<\/figcaption><\/figure>\n","protected":false},"excerpt":{"rendered":"<p>Le M\u00e2chicoulis est une galerie de pierre accroch\u00e9e en surplomb au sommet des murs fortifi\u00e9s, soit sur arcs, soit sur consoles. Les m\u00e2chicoulis permettent le jet vertical de projectiles sur les assaillants rendus au pied du ch\u00e2teau.<\/p>\n","protected":false},"author":711,"featured_media":0,"parent":0,"menu_order":0,"comment_status":"closed","ping_status":"closed","template":"","meta":[],"_links":{"self":[{"href":"https:\/\/blogs.univ-jfc.fr\/vphn\/wp-json\/wp\/v2\/pages\/7622"}],"collection":[{"href":"https:\/\/blogs.univ-jfc.fr\/vphn\/wp-json\/wp\/v2\/pages"}],"about":[{"href":"https:\/\/blogs.univ-jfc.fr\/vphn\/wp-json\/wp\/v2\/types\/page"}],"author":[{"embeddable":true,"href":"https:\/\/blogs.univ-jfc.fr\/vphn\/wp-json\/wp\/v2\/users\/711"}],"replies":[{"embeddable":true,"href":"https:\/\/blogs.univ-jfc.fr\/vphn\/wp-json\/wp\/v2\/comments?post=7622"}],"version-history":[{"count":3,"href":"https:\/\/blogs.univ-jfc.fr\/vphn\/wp-json\/wp\/v2\/pages\/7622\/revisions"}],"predecessor-version":[{"id":7675,"href":"https:\/\/blogs.univ-jfc.fr\/vphn\/wp-json\/wp\/v2\/pages\/7622\/revisions\/7675"}],"wp:attachment":[{"href":"https:\/\/blogs.univ-jfc.fr\/vphn\/wp-json\/wp\/v2\/media?parent=7622"}],"curies":[{"name":"wp","href":"https:\/\/api.w.org\/{rel}","templated":true}]}}