{"id":7882,"date":"2021-02-24T19:27:30","date_gmt":"2021-02-24T18:27:30","guid":{"rendered":"http:\/\/blogs.univ-jfc.fr\/vphn\/?page_id=7882"},"modified":"2021-03-18T10:07:04","modified_gmt":"2021-03-18T09:07:04","slug":"la-cite-templiere-de-sainte-eulalie-de-cernon-du-xiie-au-xve-siecle-2021","status":"publish","type":"page","link":"https:\/\/blogs.univ-jfc.fr\/vphn\/patrimoine-et-sites-remarquables\/la-cite-templiere-de-sainte-eulalie-de-cernon-du-xiie-au-xve-siecle-2021\/","title":{"rendered":"La cit\u00e9 templi\u00e8re de Sainte Eulalie de Cernon du XIIe au XVe si\u00e8cle [2021]"},"content":{"rendered":"<p style=\"text-align: justify\"><span style=\"font-weight: 400\">Sainte Eulalie de Cernon, anciennement appel\u00e9e Sainte Eulalie du Larzac, est une cit\u00e9 fortifi\u00e9e. Elle se situe sur une partie du causse du Larzac, dans le sud de l\u2019Aveyron, auparavant appel\u00e9 le Rouergue, non loin de Millau. D\u00e8s le XIIe si\u00e8cle, Ste Eulalie du Larzac et son territoire sont contr\u00f4l\u00e9s par les ordres religieux-militaires, d\u2019abord par les <a href=\"https:\/\/blogs.univ-jfc.fr\/vphn\/les-chevaliers-de-lordre-du-temple-en-aveyron-2018-2019\/\">Templiers<\/a>, puis par les Hospitaliers \u00e0 la suite de l\u2019arrestation des Templiers <\/span><span style=\"font-weight: 400\">le <a href=\"https:\/\/blogs.univ-jfc.fr\/vphn\/?page_id=8151\">vendredi 13 octobre 1307<\/a><\/span><span style=\"font-weight: 400\">.<\/span><\/p>\n<figure id=\"attachment_8500\" aria-describedby=\"caption-attachment-8500\" style=\"width: 435px\" class=\"wp-caption aligncenter\"><img loading=\"lazy\" class=\"wp-image-8500\" src=\"http:\/\/blogs.univ-jfc.fr\/vphn\/wp-content\/uploads\/sites\/65\/2021\/02\/800px-Saint_Eulalie_de_Cernon_Chateau_et_fortifications-300x225.jpg\" alt=\"\" width=\"435\" height=\"327\" srcset=\"https:\/\/blogs.univ-jfc.fr\/vphn\/wp-content\/uploads\/sites\/65\/2021\/02\/800px-Saint_Eulalie_de_Cernon_Chateau_et_fortifications-300x225.jpg 300w, https:\/\/blogs.univ-jfc.fr\/vphn\/wp-content\/uploads\/sites\/65\/2021\/02\/800px-Saint_Eulalie_de_Cernon_Chateau_et_fortifications-768x576.jpg 768w, https:\/\/blogs.univ-jfc.fr\/vphn\/wp-content\/uploads\/sites\/65\/2021\/02\/800px-Saint_Eulalie_de_Cernon_Chateau_et_fortifications.jpg 800w\" sizes=\"(max-width: 435px) 100vw, 435px\" \/><figcaption id=\"caption-attachment-8500\" class=\"wp-caption-text\">Vue de Ste Eulalie en 2018, auteur inconnu, Wikip\u00e9dia<\/figcaption><\/figure>\n<hr \/>\n<h2 style=\"text-align: justify\"><b>La place pr\u00e9pond\u00e9rante de Ste Eulalie dans le sud du Rouergue<\/b><\/h2>\n<p style=\"text-align: justify\"><span style=\"font-weight: 400\">Ste Eulalie du Larzac \u00e9tait l\u2019\u00e9tablissement Templier le plus important de tout le midi de la France. En effet, avec environ 1000 km\u00b2 de terres, elle devint une v\u00e9ritable capitale r\u00e9gionale. D\u00e8s le XIIe si\u00e8cle, on trouvait sur tout le Larzac ainsi que dans les vall\u00e9es avoisinantes des commanderies et des villages d\u00e9pendants de Ste Eulalie, comme La Cavalerie et La Couvertoirade.\u00a0<\/span><\/p>\n<p style=\"text-align: justify\"><span style=\"font-weight: 400\">Les Templiers n\u2019ont pas choisi Ste Eulalie par pur hasard. Le plateau du Larzac \u00e9tait un passage obligatoire entre la mer M\u00e9diterran\u00e9e et le Massif Central. Il y avait alors un transit important de personnes et de marchandises, ce qui entraina un danger omnipr\u00e9sent. La s\u00e9curit\u00e9 de la population fut donc une des raisons de l\u2019installation des Templiers \u00e0 Ste Eulalie.\u00a0<\/span><\/p>\n<h2 style=\"text-align: justify\"><b>La hi\u00e9rarchie de la commanderie<\/b><\/h2>\n<p style=\"text-align: justify\"><span style=\"font-weight: 400\">La commanderie de Ste Eulalie \u00e9tait form\u00e9e de deux groupes bien distincts de population : les \u201cma\u00eetres\u201d, qui \u00e9taient les Templiers, et les paysans. A Ste Eulalie, 19<\/span><span style=\"font-weight: 400\"> commandeurs <\/span><span style=\"font-weight: 400\">se sont succ\u00e9d\u00e9 entre 1166 et 1303. En plus de ces titres, au XIIe si\u00e8cle, plusieurs commandeurs ont port\u00e9 le titre de \u201cma\u00eetre en Rouergue\u201d ou de \u201ccommandeur en Rouergue\u201d. Ces titres montrent bien que le <a href=\"https:\/\/blogs.univ-jfc.fr\/vphn\/?page_id=8491\">commandeur<\/a> de la cit\u00e9 de Ste Eulalie avait une influence, une autorit\u00e9 tr\u00e8s importante sur l\u2019enti\u00e8ret\u00e9 du Rouergue. On trouvait dans la commanderie un <\/span><a href=\"https:\/\/blogs.univ-jfc.fr\/vphn\/?page_id=8491\"><span style=\"font-weight: 400\">mar\u00e9chal<\/span><\/a><span style=\"font-weight: 400\">, un tr\u00e9sorier, <\/span><span style=\"font-weight: 400\">un <a href=\"https:\/\/blogs.univ-jfc.fr\/vphn\/?page_id=8491\">cell\u00e9rier<\/a><\/span><span style=\"font-weight: 400\"> et un <\/span><a href=\"https:\/\/blogs.univ-jfc.fr\/vphn\/?page_id=8491\"><span style=\"font-weight: 400\">chapelain<\/span><\/a>, ainsi que<span style=\"font-weight: 400\"> 4 \u00e0 6 chevaliers.<\/span><\/p>\n<h2 style=\"text-align: justify\"><b>Les revenus : donations et taxes<\/b><\/h2>\n<p style=\"text-align: justify\"><span style=\"font-weight: 400\">En 1152, Raymond, abb\u00e9 de St Guilhem le D\u00e9sert fit don aux Templiers de l\u2019\u00e9glise du village en \u00e9change d\u2019une rente annuelle de 80 sols melgoriens et six fromages. Par la suite, en 1158, Raymond B\u00e9renger II, vicomte de Millau, donna au Temple sa terre de Ste Eulalie du Larzac pour fonder une commanderie. Peu apr\u00e8s, en 1159, le roi d\u2019Aragon et comte de Barcelone, Raymond B\u00e9renger, donna la ville en elle-m\u00eame et une partie du Larzac au commandeur du Rouergue. Des seigneurs locaux ont aussi fait des dons aux Templiers. Les Templiers et Hospitaliers avaient alors la place de seigneur temporel et spirituel \u00e0 Ste Eulalie. Ils percevaient donc <\/span><span style=\"font-weight: 400\">les <a href=\"https:\/\/blogs.univ-jfc.fr\/vphn\/?page_id=8491\">imp\u00f4ts directs et indirects<\/a><\/span><span style=\"font-weight: 400\"> dus \u00e0 un seigneur.<\/span><\/p>\n<h2 style=\"text-align: justify\"><b>Les activit\u00e9s agricoles<\/b><\/h2>\n<p style=\"text-align: justify\"><span style=\"font-weight: 400\">Les Templiers \u00e9taient d&rsquo;abord et avant tout des \u00e9leveurs, ils avaient donc un grand nombre de p\u00e2turages. La production ovine \u00e9tait la plus importante. Ils poss\u00e9daient aussi des chevaux, des bovins et des porcs. Les Templiers furent des promoteurs en mati\u00e8re d\u2019industrie fromag\u00e8re. Les Templiers produisaient du bl\u00e9, du froment, du seigle et de l\u2019avoine, et ils cultivaient aussi de la vigne.<\/span><\/p>\n<h2 style=\"text-align: justify\"><b>La commanderie\u00a0<\/b><\/h2>\n<p style=\"text-align: justify\"><span style=\"font-weight: 400\">La commanderie est un ensemble de b\u00e2timents qui s\u2019articulent autour d\u2019une cour carr\u00e9e. On peut diviser la commanderie en plusieurs parties : la partie r\u00e9serv\u00e9e au commandeur (chambre, bureau), une partie commune <\/span><span style=\"font-weight: 400\">(<a href=\"https:\/\/blogs.univ-jfc.fr\/vphn\/?page_id=8491\">salle de chapitre<\/a>,<\/span><span style=\"font-weight: 400\">\u00a0repas, dortoir, \u00e9glise) et une partie agricole (granges, ateliers, greniers,<\/span><a href=\"https:\/\/blogs.univ-jfc.fr\/vphn\/?page_id=8491\"><span style=\"font-weight: 400\"> tour de quarante<\/span><\/a><span style=\"font-weight: 400\">).<\/span><\/p>\n<p style=\"text-align: justify\"><span style=\"font-weight: 400\">Quand la commanderie passa aux mains des hospitaliers, des remparts furent construits autour du village.<\/span><\/p>\n<figure id=\"attachment_9097\" aria-describedby=\"caption-attachment-9097\" style=\"width: 364px\" class=\"wp-caption aligncenter\"><img loading=\"lazy\" class=\"wp-image-9097 \" src=\"http:\/\/blogs.univ-jfc.fr\/vphn\/wp-content\/uploads\/sites\/65\/2021\/02\/vphn-e1614015640311-300x160.jpg\" alt=\"\" width=\"364\" height=\"194\" srcset=\"https:\/\/blogs.univ-jfc.fr\/vphn\/wp-content\/uploads\/sites\/65\/2021\/02\/vphn-e1614015640311-300x160.jpg 300w, https:\/\/blogs.univ-jfc.fr\/vphn\/wp-content\/uploads\/sites\/65\/2021\/02\/vphn-e1614015640311-1024x545.jpg 1024w, https:\/\/blogs.univ-jfc.fr\/vphn\/wp-content\/uploads\/sites\/65\/2021\/02\/vphn-e1614015640311-768x409.jpg 768w, https:\/\/blogs.univ-jfc.fr\/vphn\/wp-content\/uploads\/sites\/65\/2021\/02\/vphn-e1614015640311-1536x817.jpg 1536w, https:\/\/blogs.univ-jfc.fr\/vphn\/wp-content\/uploads\/sites\/65\/2021\/02\/vphn-e1614015640311.jpg 1894w\" sizes=\"(max-width: 364px) 100vw, 364px\" \/><figcaption id=\"caption-attachment-9097\" class=\"wp-caption-text\">Plan de la commanderie de Sainte Eulalie extrait du fascicule de la visite de Sainte Eulalie, 2020<\/figcaption><\/figure>\n<h2 style=\"text-align: justify\"><b>L\u2019\u00e9glise<\/b><\/h2>\n<p style=\"text-align: justify\"><span style=\"font-weight: 400\">L\u2019\u00e9glise \u00e9tait d\u00e9j\u00e0 pr\u00e9sente dans le village \u00e0 l&rsquo;arriv\u00e9e des Templiers. Ils la reconstruisirent et la transform\u00e8rent. <\/span><span style=\"font-weight: 400\">Elle \u00e9tait l\u2019un des b\u00e2timents les plus importants, car elle r\u00e9gissait l\u2019emploi du temps journalier des fr\u00e8res pr\u00e9sents \u00e0 Ste Eulalie. <\/span><span style=\"font-weight: 400\">L\u2019\u00e9glise \u00e9tait \u00e0 l\u2019usage unique des fr\u00e8res de l\u2019Ordre. Les Hospitaliers la modifi\u00e8rent \u00e0 nouveau et y ajout\u00e8rent une chapelle.<\/span><\/p>\n<hr \/>\n<p style=\"text-align: justify\"><span style=\"font-weight: 400\">Bien que Ste Eulalie soit prosp\u00e8re \u00e0 cette p\u00e9riode, <\/span><span style=\"font-weight: 400\">l\u2019<\/span><span style=\"font-weight: 400\">influence du village tomba d\u00e9finitivement pendant la R\u00e9volution Fran\u00e7aise. Par cons\u00e9quent, les biens des Hospitaliers furent vendus et la commanderie fut divis\u00e9e en de nombreux lots pour \u00eatre vendue \u00e0 diff\u00e9rents propri\u00e9taires priv\u00e9s.<\/span><\/p>\n<figure id=\"attachment_9108\" aria-describedby=\"caption-attachment-9108\" style=\"width: 324px\" class=\"wp-caption aligncenter\"><img loading=\"lazy\" class=\"wp-image-9108 \" src=\"http:\/\/blogs.univ-jfc.fr\/vphn\/wp-content\/uploads\/sites\/65\/2021\/02\/gravure-sainte-eulalie-300x199.jpg\" alt=\"\" width=\"324\" height=\"215\" srcset=\"https:\/\/blogs.univ-jfc.fr\/vphn\/wp-content\/uploads\/sites\/65\/2021\/02\/gravure-sainte-eulalie-300x199.jpg 300w, https:\/\/blogs.univ-jfc.fr\/vphn\/wp-content\/uploads\/sites\/65\/2021\/02\/gravure-sainte-eulalie-1024x681.jpg 1024w, https:\/\/blogs.univ-jfc.fr\/vphn\/wp-content\/uploads\/sites\/65\/2021\/02\/gravure-sainte-eulalie-768x510.jpg 768w, https:\/\/blogs.univ-jfc.fr\/vphn\/wp-content\/uploads\/sites\/65\/2021\/02\/gravure-sainte-eulalie.jpg 1300w\" sizes=\"(max-width: 324px) 100vw, 324px\" \/><figcaption id=\"caption-attachment-9108\" class=\"wp-caption-text\">Gravure de la cit\u00e9 de Sainte Eulalie de Cernon au XVe si\u00e8cle extrait du fascicule de visite, 2020<\/figcaption><\/figure>\n<p>Pour aller plus loin :<\/p>\n<ul>\n<li><a href=\"https:\/\/blogs.univ-jfc.fr\/vphn\/histoire-locale\/les-templiers-du-larzac-a-lepoque-medievale-2017\/\">L&rsquo;Ordre du Temple<\/a><\/li>\n<li><a href=\"https:\/\/blogs.univ-jfc.fr\/vphn\/?page_id=9099\">Bibliographie sur Sainte Eulalie de Cernon<\/a><\/li>\n<\/ul>\n<p>Auteurs : CAILHOL Lucie (L1), GODEY Manon (L2), HERAN M\u00e9lissa (L2), MOUTIER Chlo\u00e9 (L1)<\/p>\n\n\n<p><\/p>\n","protected":false},"excerpt":{"rendered":"<p>Sainte Eulalie de Cernon, anciennement appel\u00e9e Sainte Eulalie du Larzac, est une cit\u00e9 fortifi\u00e9e. Elle se situe sur une partie du causse du Larzac, dans le sud de l\u2019Aveyron, auparavant appel\u00e9 le Rouergue, non loin de Millau. D\u00e8s le XIIe si\u00e8cle, Ste Eulalie du Larzac et son territoire sont contr\u00f4l\u00e9s par les ordres religieux-militaires, d\u2019abord &hellip; <\/p>\n<p class=\"link-more\"><a href=\"https:\/\/blogs.univ-jfc.fr\/vphn\/patrimoine-et-sites-remarquables\/la-cite-templiere-de-sainte-eulalie-de-cernon-du-xiie-au-xve-siecle-2021\/\" class=\"more-link\">Continuer la lecture<span class=\"screen-reader-text\"> de &laquo;&nbsp;La cit\u00e9 templi\u00e8re de Sainte Eulalie de Cernon du XIIe au XVe si\u00e8cle [2021]&nbsp;&raquo;<\/span><\/a><\/p>\n","protected":false},"author":701,"featured_media":0,"parent":30,"menu_order":0,"comment_status":"closed","ping_status":"closed","template":"","meta":[],"_links":{"self":[{"href":"https:\/\/blogs.univ-jfc.fr\/vphn\/wp-json\/wp\/v2\/pages\/7882"}],"collection":[{"href":"https:\/\/blogs.univ-jfc.fr\/vphn\/wp-json\/wp\/v2\/pages"}],"about":[{"href":"https:\/\/blogs.univ-jfc.fr\/vphn\/wp-json\/wp\/v2\/types\/page"}],"author":[{"embeddable":true,"href":"https:\/\/blogs.univ-jfc.fr\/vphn\/wp-json\/wp\/v2\/users\/701"}],"replies":[{"embeddable":true,"href":"https:\/\/blogs.univ-jfc.fr\/vphn\/wp-json\/wp\/v2\/comments?post=7882"}],"version-history":[{"count":30,"href":"https:\/\/blogs.univ-jfc.fr\/vphn\/wp-json\/wp\/v2\/pages\/7882\/revisions"}],"predecessor-version":[{"id":9842,"href":"https:\/\/blogs.univ-jfc.fr\/vphn\/wp-json\/wp\/v2\/pages\/7882\/revisions\/9842"}],"up":[{"embeddable":true,"href":"https:\/\/blogs.univ-jfc.fr\/vphn\/wp-json\/wp\/v2\/pages\/30"}],"wp:attachment":[{"href":"https:\/\/blogs.univ-jfc.fr\/vphn\/wp-json\/wp\/v2\/media?parent=7882"}],"curies":[{"name":"wp","href":"https:\/\/api.w.org\/{rel}","templated":true}]}}