{"id":797,"date":"2018-01-30T17:30:08","date_gmt":"2018-01-30T16:30:08","guid":{"rendered":"http:\/\/blogs.univ-jfc.fr\/vphn\/?page_id=797"},"modified":"2020-01-16T11:44:08","modified_gmt":"2020-01-16T10:44:08","slug":"simon-iv-de-montfort-2017","status":"publish","type":"page","link":"https:\/\/blogs.univ-jfc.fr\/vphn\/figures-et-evenements\/simon-iv-de-montfort-2017\/","title":{"rendered":"Simon IV de Montfort [2017]"},"content":{"rendered":"<h1 class=\"western\" align=\"justify\"><a href=\"http:\/\/blogs.univ-jfc.fr\/vphn\/vabre-la-vallee-des-justes\/\" target=\"_blank\" rel=\"noopener noreferrer\"><span style=\"color: #339966\"><strong>rrrrrrrrrrrrrrrrrrrrrrrrrrrrrrr<\/strong><\/span><\/a><\/h1>\n<p class=\"western\" lang=\"fr-FR\" align=\"justify\">Au d\u00e9but du XIIIe si\u00e8cle, la dissidence dite \u00ab\u00a0cathare\u00a0\u00bb se d\u00e9veloppe fortement dans le Languedoc. D\u00e8s lors, <a href=\"http:\/\/www.universalis-edu.com\/encyclopedie\/giovanni-lotario-innocent-iii\/\">le pape Innocent III<\/a> appelle les chr\u00e9tiens rest\u00e9s fid\u00e8les \u00e0 venir combattre cette <a href=\"https:\/\/www.cairn.info\/heresie-et-inquisition-dans-le-midi-de-la-france--9782708408036.htm\">h\u00e9r\u00e9sie<\/a>. Parmi eux se trouve un seigneur des Yvelines,\u00a0 Simon IV de Montfort. N\u00e9 vers 1160, ce jeune seigneur va, par une succession d\u2019\u00e9v\u00e9nements, prendre la t\u00eate de l&rsquo;arm\u00e9e crois\u00e9e cens\u00e9e venir combattre l&rsquo;h\u00e9r\u00e9sie cathare. Tentons ici de rapporter ces \u00e9v\u00e9nements, afin de comprendre la construction de l&rsquo;h\u00e9ritage de Simon IV de Montfort, depuis sa nomination \u00e0 la t\u00eate de la croisade en 1209 jusqu&rsquo;\u00e0 sa mort en 1218.<\/p>\n<figure id=\"attachment_1333\" aria-describedby=\"caption-attachment-1333\" style=\"width: 291px\" class=\"wp-caption alignright\"><img loading=\"lazy\" class=\" wp-image-1333\" src=\"http:\/\/blogs.univ-jfc.fr\/vphn\/wp-content\/uploads\/sites\/65\/2018\/01\/Simont-IV-247x300.jpg\" alt=\"\" width=\"291\" height=\"353\" srcset=\"https:\/\/blogs.univ-jfc.fr\/vphn\/wp-content\/uploads\/sites\/65\/2018\/01\/Simont-IV-247x300.jpg 247w, https:\/\/blogs.univ-jfc.fr\/vphn\/wp-content\/uploads\/sites\/65\/2018\/01\/Simont-IV.jpg 653w\" sizes=\"(max-width: 291px) 100vw, 291px\" \/><figcaption id=\"caption-attachment-1333\" class=\"wp-caption-text\">Simon de Montfort, XVIIe si\u00e8cle, dessin, coll. Fran\u00e7ois Roger de Gaigni\u00e8res, Paris, BnF<\/figcaption><\/figure>\n<p class=\"western\" lang=\"fr-FR\" align=\"justify\">Premi\u00e8rement, il est n\u00e9cessaire de rappeler que nous connaissons peu de chose de l&rsquo;enfance de Simon IV, si ce n&rsquo;est qu&rsquo;il re\u00e7ut une \u00e9ducation religieuse dispens\u00e9e par l&rsquo;abb\u00e9 Guy de Vaux-de-Cernay. Devenu seigneur, sa d\u00e9cision la plus importante est d&rsquo;entamer une politique de rapprochement avec le roi de France. Gr\u00e2ce \u00e0 cela, il est invit\u00e9 au tournoi des grands f\u00e9odaux du royaume \u00e0 Evry-sur-Seine. C&rsquo;est au cours de ce tournoi que Simon IV d\u00e9cide de s&rsquo;engager dans la quatri\u00e8me croisade.<\/p>\n<p class=\"western\" lang=\"fr-FR\" align=\"justify\">Suite \u00e0 cet engagement, Simon IV rejoint les crois\u00e9s \u00e0 Venise en 1198. Mais en s&rsquo;opposant \u00e0 plusieurs reprises aux d\u00e9cisions prises par les dirigeants de l&rsquo;arm\u00e9e, il se retrouve rapidement isol\u00e9 et finit par quitter celle-ci. Le fait important de ces \u00e9v\u00e9nements reste la nouvelle amiti\u00e9 entre Simon IV et le comte Eudes III de Bourgogne : c&rsquo;est en effet sur l&rsquo;invitation de comte qu&rsquo;en 1209 Simon IV d\u00e9cide de se joindre \u00e0 une seconde croisade, dans le Languedoc.<\/p>\n<p class=\"western\" lang=\"fr-FR\" align=\"justify\">De ce fait, il retrouve les crois\u00e9s dans le sud de la France. Il faut attendre la prise de Carcassonne en ao\u00fbt 1209 pour voir Simon IV prendre une importance accrue au sein de l\u2019arm\u00e9e. Il est, suite \u00e0 un vote, nomm\u00e9 chef de celle-ci. Il dirige par la suite une exp\u00e9dition punitive contre les cathares sur les territoires des Trencavel, conqu\u00eate qui s\u2019accompagne des b\u00fbchers les plus importants de la croisade (Termes, Minerve, Lavaur).<\/p>\n<p class=\"western\" lang=\"fr-FR\" align=\"justify\">N\u00e9anmoins, \u00e0 partir de 1211, Simon IV entre dans une nouvelle phase, o\u00f9 l\u2019objectif est de s\u2019accaparer des territoires. Son expansion rapide face au comte de Toulouse et son refus de c\u00e9der aux demandes du Pape de rendre les territoires conquis ill\u00e9galement contraignent Pierre II d\u2019Aragon \u00e0 intervenir. Mais celui-ci est battu et tu\u00e9 \u00e0 Muret en 1213.<\/p>\n<p class=\"western\" lang=\"fr-FR\" align=\"justify\">D\u00e9sormais libre d\u2019asseoir sa domination sur le reste des territoires du Languedoc, Simon IV est reconnu comme comte de Toulouse et vassal du roi de France. Pour ces raisons, l\u2019ancien <a href=\"https:\/\/www.librairieprivat.com\/livre\/9782708956124-les-comtes-de-toulouse-et-leur-entourage-rivalites-alliances-et-jeux-de-pouvoir-xii-xiii-siecles-edition-2003-mace-l\/\">comte de Toulouse Raymond VI<\/a> et son fils entrent en r\u00e9sistance contre Simon IV. Cette r\u00e9volte conduit au deuxi\u00e8me si\u00e8ge de Toulouse en 1218, au cours duquel Simon IV est tu\u00e9.<\/p>\n<p class=\"western\" lang=\"fr-FR\" align=\"justify\">Mais int\u00e9ressons-nous maintenant au <a href=\"http:\/\/blogs.univ-jfc.fr\/vphn\/?page_id=1423&amp;preview=true\">cadre g\u00e9opolitique du Languedoc <\/a>afin de mieux comprendre la r\u00e9ussite de ce seigneur des Yvelines. En effet, c\u2019est d&rsquo;abord le manque de coh\u00e9sion des seigneurs m\u00e9ridionaux qui a facilit\u00e9 les conqu\u00eates de Simon IV. Ce manque de coh\u00e9sion est caract\u00e9ris\u00e9 par plusieurs facteurs. Tout d\u2019abord, l&rsquo;absence d&rsquo;une seule autorit\u00e9 sur le territoire a accru l&rsquo;autonomie r\u00e9gionale, qui a conduit les seigneurs \u00e0 mener des politiques ind\u00e9pendantes au gr\u00e9 de leurs objectifs. Par ailleurs, ces objectifs divergents emp\u00eachent une coh\u00e9sion r\u00e9gionale et donc une r\u00e9ponse efficace face \u00e0 la menace que fait peser l&rsquo;arm\u00e9e crois\u00e9e.<\/p>\n<p class=\"western\" lang=\"fr-FR\" align=\"justify\">Enfin, le remplacement des seigneurs m\u00e9ridionaux par certains hommes de confiance de Simon IV d\u00e9montre que ce dernier a compris la n\u00e9cessit\u00e9 de r\u00e9tablir une coh\u00e9sion seigneuriale au sein des territoires conquis afin de p\u00e9renniser ses conqu\u00eates. Malgr\u00e9 tout, <a href=\"https:\/\/searchworks.stanford.edu\/view\/5816956\">le terme de \u00ab\u00a0colonisation\u00a0\u00bb du nord sur le sud reste \u00e0 nuancer<\/a> car beaucoup de ces seigneurs du nord rentrent \u00e0 la mort de Simon IV.<\/p>\n<p style=\"text-align: justify\">En conclusion, la construction de l\u2019h\u00e9ritage de Simon IV de Montfort est indissociablement li\u00e9e \u00e0 sa nomination comme chef des crois\u00e9s. En outre, sa grande pi\u00e9t\u00e9 et son amiti\u00e9 avec Eudes III de Bourgogne ont vraisemblablement compt\u00e9 dans cette nomination. Par ailleurs, l\u2019incapacit\u00e9 du Pape \u00e0 contr\u00f4ler Simon IV ainsi que le manque de coh\u00e9sion des seigneurs du Midi ont acc\u00e9l\u00e9r\u00e9 la construction de cet h\u00e9ritage complexe et important. Complexe, car celui-ci s\u2019est construit lors d\u2019une croisade qui avait pour but de r\u00e9tablir un dogme religieux. Important, puisque ce petit seigneur des Yvelines l\u00e8gue \u00e0 son fils les titres de comte de Toulouse et vicomte de B\u00e9ziers et de Carcassonne.<\/p>\n<p>&nbsp;<\/p>\n","protected":false},"excerpt":{"rendered":"<p>rrrrrrrrrrrrrrrrrrrrrrrrrrrrrrr Au d\u00e9but du XIIIe si\u00e8cle, la dissidence dite \u00ab\u00a0cathare\u00a0\u00bb se d\u00e9veloppe fortement dans le Languedoc. D\u00e8s lors, le pape Innocent III appelle les chr\u00e9tiens rest\u00e9s fid\u00e8les \u00e0 venir combattre cette h\u00e9r\u00e9sie. Parmi eux se trouve un seigneur des Yvelines,\u00a0 Simon IV de Montfort. N\u00e9 vers 1160, ce jeune seigneur va, par une succession d\u2019\u00e9v\u00e9nements, &hellip; <\/p>\n<p class=\"link-more\"><a href=\"https:\/\/blogs.univ-jfc.fr\/vphn\/figures-et-evenements\/simon-iv-de-montfort-2017\/\" class=\"more-link\">Continuer la lecture<span class=\"screen-reader-text\"> de &laquo;&nbsp;Simon IV de Montfort [2017]&nbsp;&raquo;<\/span><\/a><\/p>\n","protected":false},"author":270,"featured_media":0,"parent":69,"menu_order":0,"comment_status":"closed","ping_status":"closed","template":"","meta":[],"_links":{"self":[{"href":"https:\/\/blogs.univ-jfc.fr\/vphn\/wp-json\/wp\/v2\/pages\/797"}],"collection":[{"href":"https:\/\/blogs.univ-jfc.fr\/vphn\/wp-json\/wp\/v2\/pages"}],"about":[{"href":"https:\/\/blogs.univ-jfc.fr\/vphn\/wp-json\/wp\/v2\/types\/page"}],"author":[{"embeddable":true,"href":"https:\/\/blogs.univ-jfc.fr\/vphn\/wp-json\/wp\/v2\/users\/270"}],"replies":[{"embeddable":true,"href":"https:\/\/blogs.univ-jfc.fr\/vphn\/wp-json\/wp\/v2\/comments?post=797"}],"version-history":[{"count":11,"href":"https:\/\/blogs.univ-jfc.fr\/vphn\/wp-json\/wp\/v2\/pages\/797\/revisions"}],"predecessor-version":[{"id":5392,"href":"https:\/\/blogs.univ-jfc.fr\/vphn\/wp-json\/wp\/v2\/pages\/797\/revisions\/5392"}],"up":[{"embeddable":true,"href":"https:\/\/blogs.univ-jfc.fr\/vphn\/wp-json\/wp\/v2\/pages\/69"}],"wp:attachment":[{"href":"https:\/\/blogs.univ-jfc.fr\/vphn\/wp-json\/wp\/v2\/media?parent=797"}],"curies":[{"name":"wp","href":"https:\/\/api.w.org\/{rel}","templated":true}]}}