{"id":8491,"date":"2021-02-24T19:32:09","date_gmt":"2021-02-24T18:32:09","guid":{"rendered":"http:\/\/blogs.univ-jfc.fr\/vphn\/?page_id=8491"},"modified":"2021-02-24T19:32:09","modified_gmt":"2021-02-24T18:32:09","slug":"vocabulaire","status":"publish","type":"page","link":"https:\/\/blogs.univ-jfc.fr\/vphn\/patrimoine-et-sites-remarquables\/la-cite-templiere-de-sainte-eulalie-de-cernon-du-xiie-au-xve-siecle-2021\/vocabulaire\/","title":{"rendered":"Vocabulaire"},"content":{"rendered":"\n<p><strong>Hi\u00e9rarchie d&rsquo;une commanderie<\/strong><\/p>\n\n\n\n<p>Commandeur : ma\u00eetre qui r\u00e9side en permanence dans la commanderie.<\/p>\n\n\n\n<p>Mar\u00e9chal : personne charg\u00e9e de s\u2019occuper des chevaux, de leurs \u00e9quipements, ainsi que des armes.<\/p>\n\n\n\n<p>Cell\u00e9rier : responsable de la gestion des provisions.<\/p>\n\n\n\n<p>Chapelain : homme qui s\u2019occupe des offices et de l\u2019\u00e9glise.<\/p>\n\n\n\n<p><strong>Taxes<\/strong><\/p>\n\n\n\n<p>Imp\u00f4ts directs : imp\u00f4ts sur le revenu et les biens (exemple : la taille r\u00e9elle, en fonction des terres poss\u00e9d\u00e9es).<\/p>\n\n\n\n<p>Imp\u00f4ts indirects : imp\u00f4ts sur les produits (exemple : la gabelle sur le sel ou les aides sur les boissons alcoolis\u00e9es).<\/p>\n\n\n\n<p><strong>Architecture<\/strong><\/p>\n\n\n\n<p>Salle de chapitre : aussi appel\u00e9e salle capitulaire, c&rsquo;est une pi\u00e8ce o\u00f9 les Fr\u00e8res se retrouvent pour parler des affaires courantes de la communaut\u00e9.<\/p>\n\n\n\n<p>Tour de quarante : b\u00e2timent servant \u00e0 stocker les imp\u00f4ts pay\u00e9s en nature. Ces imp\u00f4ts repr\u00e9sentaient un quaranti\u00e8me des r\u00e9coltes, d&rsquo;o\u00f9 le nom du b\u00e2timent.<\/p>\n","protected":false},"excerpt":{"rendered":"<p>Hi\u00e9rarchie d&rsquo;une commanderie Commandeur : ma\u00eetre qui r\u00e9side en permanence dans la commanderie. Mar\u00e9chal : personne charg\u00e9e de s\u2019occuper des chevaux, de leurs \u00e9quipements, ainsi que des armes. Cell\u00e9rier : responsable de la gestion des provisions. Chapelain : homme qui s\u2019occupe des offices et de l\u2019\u00e9glise. Taxes Imp\u00f4ts directs : imp\u00f4ts sur le revenu et &hellip; <\/p>\n<p class=\"link-more\"><a href=\"https:\/\/blogs.univ-jfc.fr\/vphn\/patrimoine-et-sites-remarquables\/la-cite-templiere-de-sainte-eulalie-de-cernon-du-xiie-au-xve-siecle-2021\/vocabulaire\/\" class=\"more-link\">Continuer la lecture<span class=\"screen-reader-text\"> de &laquo;&nbsp;Vocabulaire&nbsp;&raquo;<\/span><\/a><\/p>\n","protected":false},"author":701,"featured_media":0,"parent":7882,"menu_order":0,"comment_status":"closed","ping_status":"closed","template":"","meta":[],"_links":{"self":[{"href":"https:\/\/blogs.univ-jfc.fr\/vphn\/wp-json\/wp\/v2\/pages\/8491"}],"collection":[{"href":"https:\/\/blogs.univ-jfc.fr\/vphn\/wp-json\/wp\/v2\/pages"}],"about":[{"href":"https:\/\/blogs.univ-jfc.fr\/vphn\/wp-json\/wp\/v2\/types\/page"}],"author":[{"embeddable":true,"href":"https:\/\/blogs.univ-jfc.fr\/vphn\/wp-json\/wp\/v2\/users\/701"}],"replies":[{"embeddable":true,"href":"https:\/\/blogs.univ-jfc.fr\/vphn\/wp-json\/wp\/v2\/comments?post=8491"}],"version-history":[{"count":2,"href":"https:\/\/blogs.univ-jfc.fr\/vphn\/wp-json\/wp\/v2\/pages\/8491\/revisions"}],"predecessor-version":[{"id":9200,"href":"https:\/\/blogs.univ-jfc.fr\/vphn\/wp-json\/wp\/v2\/pages\/8491\/revisions\/9200"}],"up":[{"embeddable":true,"href":"https:\/\/blogs.univ-jfc.fr\/vphn\/wp-json\/wp\/v2\/pages\/7882"}],"wp:attachment":[{"href":"https:\/\/blogs.univ-jfc.fr\/vphn\/wp-json\/wp\/v2\/media?parent=8491"}],"curies":[{"name":"wp","href":"https:\/\/api.w.org\/{rel}","templated":true}]}}