{"id":8617,"date":"2021-02-13T11:02:25","date_gmt":"2021-02-13T10:02:25","guid":{"rendered":"http:\/\/blogs.univ-jfc.fr\/vphn\/?page_id=8617"},"modified":"2021-02-13T11:02:25","modified_gmt":"2021-02-13T10:02:25","slug":"les-concretions-la-grotte-de-foissac","status":"publish","type":"page","link":"https:\/\/blogs.univ-jfc.fr\/vphn\/patrimoine-et-sites-remarquables\/la-grotte-de-foissac-2021\/les-concretions-la-grotte-de-foissac\/","title":{"rendered":"Les concr\u00e9tions &#8211; La grotte de Foissac"},"content":{"rendered":"\n<blockquote class=\"wp-block-quote is-style-default\"><p>\u00ab\u00a0Les concr\u00e9tions des grottes sont issues du d\u00e9p\u00f4t de mat\u00e9riaux transport\u00e9s \u00e0 l\u2019\u00e9tat dissous \u00e0 travers la masse rocheuse, et r\u00e9sultent de l\u2019action de l\u2019eau et du gaz carbonique sur une formation soluble, le calcaire. De ces r\u00e9actions, naissent des d\u00e9p\u00f4ts cristallins, notamment la calcite qui, en fonction des diff\u00e9rentes forces auxquelles ils sont soumis, prennent la forme des stalactites, stalagmites, colonnes, etc.\u00a0\u00bb<\/p><cite><em><span class=\"has-inline-color has-white-color\">Cabrol P., Mangin A., Fleurs de pierre, Paris, 2000.<\/span><\/em><\/cite><\/blockquote>\n\n\n\n<p>Dans la grotte de Foissac, il est possible d&rsquo;observer diff\u00e9rents types de concr\u00e9tions : des fistuleuses (premi\u00e8re formation calcaire avant la stalactite), des stalactites, des stalagmites, des colonnes, des draperies ou encore des bulles de calcite. Les bulles de calcite sont d&rsquo;une extr\u00eame raret\u00e9, la grotte de Foissac est l&rsquo;une des seules grottes du monde \u00e0 renfermer de telles concr\u00e9tions. Leur formation reste aujourd&rsquo;hui inexpliqu\u00e9e et constitue un des myst\u00e8res de la grotte. <\/p>\n\n\n\n<div class=\"wp-block-image\"><figure class=\"alignleft size-large is-resized\"><img loading=\"lazy\" src=\"http:\/\/blogs.univ-jfc.fr\/vphn\/wp-content\/uploads\/sites\/65\/2021\/02\/GROTTE2FOISSACFISTULEUSES.jpg\" alt=\"\" class=\"wp-image-8742\" width=\"268\" height=\"402\" srcset=\"https:\/\/blogs.univ-jfc.fr\/vphn\/wp-content\/uploads\/sites\/65\/2021\/02\/GROTTE2FOISSACFISTULEUSES.jpg 535w, https:\/\/blogs.univ-jfc.fr\/vphn\/wp-content\/uploads\/sites\/65\/2021\/02\/GROTTE2FOISSACFISTULEUSES-200x300.jpg 200w\" sizes=\"(max-width: 268px) 100vw, 268px\" \/><figcaption><span class=\"has-inline-color has-white-color\">Les fistuleuses. Photographie r\u00e9alis\u00e9e par S\u00e9bastien Du Fayet de la Tour en 2016.<\/span><\/figcaption><\/figure><\/div>\n\n\n\n<div class=\"wp-block-image\"><figure class=\"alignright size-large is-resized\"><img loading=\"lazy\" src=\"http:\/\/blogs.univ-jfc.fr\/vphn\/wp-content\/uploads\/sites\/65\/2021\/02\/IMG_20200810_223824_221-539x1024.jpg\" alt=\"\" class=\"wp-image-8745\" width=\"278\" height=\"527\" srcset=\"https:\/\/blogs.univ-jfc.fr\/vphn\/wp-content\/uploads\/sites\/65\/2021\/02\/IMG_20200810_223824_221-539x1024.jpg 539w, https:\/\/blogs.univ-jfc.fr\/vphn\/wp-content\/uploads\/sites\/65\/2021\/02\/IMG_20200810_223824_221-158x300.jpg 158w, https:\/\/blogs.univ-jfc.fr\/vphn\/wp-content\/uploads\/sites\/65\/2021\/02\/IMG_20200810_223824_221-768x1458.jpg 768w, https:\/\/blogs.univ-jfc.fr\/vphn\/wp-content\/uploads\/sites\/65\/2021\/02\/IMG_20200810_223824_221-809x1536.jpg 809w, https:\/\/blogs.univ-jfc.fr\/vphn\/wp-content\/uploads\/sites\/65\/2021\/02\/IMG_20200810_223824_221-1079x2048.jpg 1079w, https:\/\/blogs.univ-jfc.fr\/vphn\/wp-content\/uploads\/sites\/65\/2021\/02\/IMG_20200810_223824_221.jpg 1080w\" sizes=\"(max-width: 278px) 100vw, 278px\" \/><figcaption><span class=\"has-inline-color has-white-color\">\u00ab\u00a0Le tabernacle\u00a0\u00bb, \u00e9ventail de couleurs et de diverses concr\u00e9tions. Photographie r\u00e9alis\u00e9e par A\u00eblia Abad en 2020.<\/span><\/figcaption><\/figure><\/div>\n\n\n\n<div class=\"wp-block-image\"><figure class=\"alignleft size-large is-resized\"><img loading=\"lazy\" src=\"http:\/\/blogs.univ-jfc.fr\/vphn\/wp-content\/uploads\/sites\/65\/2021\/02\/GROTTE2FOISSACBULLES.jpg\" alt=\"\" class=\"wp-image-8743\" width=\"268\" height=\"402\" srcset=\"https:\/\/blogs.univ-jfc.fr\/vphn\/wp-content\/uploads\/sites\/65\/2021\/02\/GROTTE2FOISSACBULLES.jpg 535w, https:\/\/blogs.univ-jfc.fr\/vphn\/wp-content\/uploads\/sites\/65\/2021\/02\/GROTTE2FOISSACBULLES-200x300.jpg 200w\" sizes=\"(max-width: 268px) 100vw, 268px\" \/><figcaption><span class=\"has-inline-color has-white-color\">Les bulles de calcite, myst\u00e8re et sp\u00e9cificit\u00e9 min\u00e9ralogique de la grotte de Foissac. Photographie r\u00e9alis\u00e9e par S\u00e9bastien Du Fayet de la Tour en 2016.<\/span><\/figcaption><\/figure><\/div>\n\n\n\n<p><\/p>\n","protected":false},"excerpt":{"rendered":"<p>\u00ab\u00a0Les concr\u00e9tions des grottes sont issues du d\u00e9p\u00f4t de mat\u00e9riaux transport\u00e9s \u00e0 l\u2019\u00e9tat dissous \u00e0 travers la masse rocheuse, et r\u00e9sultent de l\u2019action de l\u2019eau et du gaz carbonique sur une formation soluble, le calcaire. De ces r\u00e9actions, naissent des d\u00e9p\u00f4ts cristallins, notamment la calcite qui, en fonction des diff\u00e9rentes forces auxquelles ils sont soumis, &hellip; <\/p>\n<p class=\"link-more\"><a href=\"https:\/\/blogs.univ-jfc.fr\/vphn\/patrimoine-et-sites-remarquables\/la-grotte-de-foissac-2021\/les-concretions-la-grotte-de-foissac\/\" class=\"more-link\">Continuer la lecture<span class=\"screen-reader-text\"> de &laquo;&nbsp;Les concr\u00e9tions &#8211; La grotte de Foissac&nbsp;&raquo;<\/span><\/a><\/p>\n","protected":false},"author":759,"featured_media":0,"parent":8572,"menu_order":0,"comment_status":"closed","ping_status":"closed","template":"","meta":[],"_links":{"self":[{"href":"https:\/\/blogs.univ-jfc.fr\/vphn\/wp-json\/wp\/v2\/pages\/8617"}],"collection":[{"href":"https:\/\/blogs.univ-jfc.fr\/vphn\/wp-json\/wp\/v2\/pages"}],"about":[{"href":"https:\/\/blogs.univ-jfc.fr\/vphn\/wp-json\/wp\/v2\/types\/page"}],"author":[{"embeddable":true,"href":"https:\/\/blogs.univ-jfc.fr\/vphn\/wp-json\/wp\/v2\/users\/759"}],"replies":[{"embeddable":true,"href":"https:\/\/blogs.univ-jfc.fr\/vphn\/wp-json\/wp\/v2\/comments?post=8617"}],"version-history":[{"count":11,"href":"https:\/\/blogs.univ-jfc.fr\/vphn\/wp-json\/wp\/v2\/pages\/8617\/revisions"}],"predecessor-version":[{"id":8798,"href":"https:\/\/blogs.univ-jfc.fr\/vphn\/wp-json\/wp\/v2\/pages\/8617\/revisions\/8798"}],"up":[{"embeddable":true,"href":"https:\/\/blogs.univ-jfc.fr\/vphn\/wp-json\/wp\/v2\/pages\/8572"}],"wp:attachment":[{"href":"https:\/\/blogs.univ-jfc.fr\/vphn\/wp-json\/wp\/v2\/media?parent=8617"}],"curies":[{"name":"wp","href":"https:\/\/api.w.org\/{rel}","templated":true}]}}

Les concrétions &#8211; La grotte de Foissac

<blockquote class="wp-block-quote is-style-default"><p>« Les concrétions des grottes sont issues du dépôt de matériaux transportés à l’état dissous à travers la masse rocheuse, et résultent de l’action de l’eau et du gaz carbonique sur une formation soluble, le calcaire. De ces réactions, naissent des dépôts cristallins, notamment la calcite qui, en fonction des différentes forces auxquelles ils sont soumis, prennent la forme des stalactites, stalagmites, colonnes, etc. »</p><cite><em><span class="has-inline-color has-white-color">Cabrol P., Mangin A., Fleurs de pierre, Paris, 2000.</span></em></cite></blockquote>



<p>Dans la grotte de Foissac, il est possible d&rsquo;observer différents types de concrétions : des fistuleuses (première formation calcaire avant la stalactite), des stalactites, des stalagmites, des colonnes, des draperies ou encore des bulles de calcite. Les bulles de calcite sont d&rsquo;une extrême rareté, la grotte de Foissac est l&rsquo;une des seules grottes du monde à renfermer de telles concrétions. Leur formation reste aujourd&rsquo;hui inexpliquée et constitue un des mystères de la grotte. </p>



<div class="wp-block-image"><figure class="alignleft size-large is-resized"><img loading="lazy" src="http://blogs.univ-jfc.fr/vphn/wp-content/uploads/sites/65/2021/02/GROTTE2FOISSACFISTULEUSES.jpg" alt="" class="wp-image-8742" width="268" height="402" srcset="https://blogs.univ-jfc.fr/vphn/wp-content/uploads/sites/65/2021/02/GROTTE2FOISSACFISTULEUSES.jpg 535w, https://blogs.univ-jfc.fr/vphn/wp-content/uploads/sites/65/2021/02/GROTTE2FOISSACFISTULEUSES-200x300.jpg 200w" sizes="(max-width: 268px) 100vw, 268px" /><figcaption><span class="has-inline-color has-white-color">Les fistuleuses. Photographie réalisée par Sébastien Du Fayet de la Tour en 2016.</span></figcaption></figure></div>



<div class="wp-block-image"><figure class="alignright size-large is-resized"><img loading="lazy" src="http://blogs.univ-jfc.fr/vphn/wp-content/uploads/sites/65/2021/02/IMG_20200810_223824_221-539x1024.jpg" alt="" class="wp-image-8745" width="278" height="527" srcset="https://blogs.univ-jfc.fr/vphn/wp-content/uploads/sites/65/2021/02/IMG_20200810_223824_221-539x1024.jpg 539w, https://blogs.univ-jfc.fr/vphn/wp-content/uploads/sites/65/2021/02/IMG_20200810_223824_221-158x300.jpg 158w, https://blogs.univ-jfc.fr/vphn/wp-content/uploads/sites/65/2021/02/IMG_20200810_223824_221-768x1458.jpg 768w, https://blogs.univ-jfc.fr/vphn/wp-content/uploads/sites/65/2021/02/IMG_20200810_223824_221-809x1536.jpg 809w, https://blogs.univ-jfc.fr/vphn/wp-content/uploads/sites/65/2021/02/IMG_20200810_223824_221-1079x2048.jpg 1079w, https://blogs.univ-jfc.fr/vphn/wp-content/uploads/sites/65/2021/02/IMG_20200810_223824_221.jpg 1080w" sizes="(max-width: 278px) 100vw, 278px" /><figcaption><span class="has-inline-color has-white-color">« Le tabernacle », éventail de couleurs et de diverses concrétions. Photographie réalisée par Aëlia Abad en 2020.</span></figcaption></figure></div>



<div class="wp-block-image"><figure class="alignleft size-large is-resized"><img loading="lazy" src="http://blogs.univ-jfc.fr/vphn/wp-content/uploads/sites/65/2021/02/GROTTE2FOISSACBULLES.jpg" alt="" class="wp-image-8743" width="268" height="402" srcset="https://blogs.univ-jfc.fr/vphn/wp-content/uploads/sites/65/2021/02/GROTTE2FOISSACBULLES.jpg 535w, https://blogs.univ-jfc.fr/vphn/wp-content/uploads/sites/65/2021/02/GROTTE2FOISSACBULLES-200x300.jpg 200w" sizes="(max-width: 268px) 100vw, 268px" /><figcaption><span class="has-inline-color has-white-color">Les bulles de calcite, mystère et spécificité minéralogique de la grotte de Foissac. Photographie réalisée par Sébastien Du Fayet de la Tour en 2016.</span></figcaption></figure></div>



<p></p>

<p>« Les concrétions des grottes sont issues du dépôt de matériaux transportés à l’état dissous à travers la masse rocheuse, et résultent de l’action de l’eau et du gaz carbonique sur une formation soluble, le calcaire. De ces réactions, naissent des dépôts cristallins, notamment la calcite qui, en fonction des différentes forces auxquelles ils sont soumis, &hellip; </p>
<p class="link-more"><a href="https://blogs.univ-jfc.fr/vphn/patrimoine-et-sites-remarquables/la-grotte-de-foissac-2021/les-concretions-la-grotte-de-foissac/" class="more-link">Continuer la lecture<span class="screen-reader-text"> de &laquo;&nbsp;Les concrétions &#8211; La grotte de Foissac&nbsp;&raquo;</span></a></p>
