{"id":8693,"date":"2021-02-11T13:59:19","date_gmt":"2021-02-11T12:59:19","guid":{"rendered":"http:\/\/blogs.univ-jfc.fr\/vphn\/?page_id=8693"},"modified":"2021-02-11T13:59:19","modified_gmt":"2021-02-11T12:59:19","slug":"le-moulin-de-la-tour-de-la-defense","status":"publish","type":"page","link":"https:\/\/blogs.univ-jfc.fr\/vphn\/le-moulin-de-la-tour-de-la-defense\/","title":{"rendered":"Le moulin de la tour de la d\u00e9fense."},"content":{"rendered":"\n<p>\u00a0\u00a0\u00a0\u00a0\u00a0\u00a0\u00a0\u00a0\u00a0\u00a0\u00a0 Le moulin de la tour de la d\u00e9fense est, comme son nom l\u2019indique, une ancienne tour du rempart prot\u00e9geant la commune, d\u00e9sormais d\u00e9truit, et seul \u00e9l\u00e9ment de ce rempart conserv\u00e9. Il se situe au niveau de l\u2019ancienne porte du rempart.<br>Cette tour fut par la suite transform\u00e9e en moulin. Et au cours du XIX et du XX si\u00e8cle ce moulin fut de nouveau transform\u00e9 mais cette fois en usine, tout d\u2019abord une usine de pi\u00e8ces d\u00e9tach\u00e9es et ensuite en usine de p\u00e2tes.<\/p>\n\n\n\n<figure class=\"wp-block-gallery columns-2 is-cropped\"><ul class=\"blocks-gallery-grid\"><li class=\"blocks-gallery-item\"><figure><img loading=\"lazy\" width=\"500\" height=\"300\" src=\"http:\/\/blogs.univ-jfc.fr\/vphn\/wp-content\/uploads\/sites\/65\/2021\/02\/la-tour-de-defense-a.jpg\" alt=\"\" data-id=\"8694\" data-full-url=\"http:\/\/blogs.univ-jfc.fr\/vphn\/wp-content\/uploads\/sites\/65\/2021\/02\/la-tour-de-defense-a.jpg\" data-link=\"http:\/\/blogs.univ-jfc.fr\/vphn\/?attachment_id=8694\" class=\"wp-image-8694\" srcset=\"https:\/\/blogs.univ-jfc.fr\/vphn\/wp-content\/uploads\/sites\/65\/2021\/02\/la-tour-de-defense-a.jpg 500w, https:\/\/blogs.univ-jfc.fr\/vphn\/wp-content\/uploads\/sites\/65\/2021\/02\/la-tour-de-defense-a-300x180.jpg 300w\" sizes=\"(max-width: 500px) 100vw, 500px\" \/><figcaption class=\"blocks-gallery-item__caption\">Moulin de la tour de la d\u00e9fense<\/figcaption><\/figure><\/li><li class=\"blocks-gallery-item\"><figure><img loading=\"lazy\" width=\"885\" height=\"500\" src=\"http:\/\/blogs.univ-jfc.fr\/vphn\/wp-content\/uploads\/sites\/65\/2021\/02\/image-1.jpg\" alt=\"\" data-id=\"8695\" data-full-url=\"http:\/\/blogs.univ-jfc.fr\/vphn\/wp-content\/uploads\/sites\/65\/2021\/02\/image-1.jpg\" data-link=\"http:\/\/blogs.univ-jfc.fr\/vphn\/?attachment_id=8695\" class=\"wp-image-8695\" srcset=\"https:\/\/blogs.univ-jfc.fr\/vphn\/wp-content\/uploads\/sites\/65\/2021\/02\/image-1.jpg 885w, https:\/\/blogs.univ-jfc.fr\/vphn\/wp-content\/uploads\/sites\/65\/2021\/02\/image-1-300x169.jpg 300w, https:\/\/blogs.univ-jfc.fr\/vphn\/wp-content\/uploads\/sites\/65\/2021\/02\/image-1-768x434.jpg 768w\" sizes=\"(max-width: 706px) 89vw, (max-width: 767px) 82vw, 740px\" \/><figcaption class=\"blocks-gallery-item__caption\">Moulin de la tour de la d\u00e9fense<\/figcaption><\/figure><\/li><\/ul><\/figure>\n","protected":false},"excerpt":{"rendered":"<p>\u00a0\u00a0\u00a0\u00a0\u00a0\u00a0\u00a0\u00a0\u00a0\u00a0\u00a0 Le moulin de la tour de la d\u00e9fense est, comme son nom l\u2019indique, une ancienne tour du rempart prot\u00e9geant la commune, d\u00e9sormais d\u00e9truit, et seul \u00e9l\u00e9ment de ce rempart conserv\u00e9. Il se situe au niveau de l\u2019ancienne porte du rempart.Cette tour fut par la suite transform\u00e9e en moulin. Et au cours du XIX et &hellip; <\/p>\n<p class=\"link-more\"><a href=\"https:\/\/blogs.univ-jfc.fr\/vphn\/le-moulin-de-la-tour-de-la-defense\/\" class=\"more-link\">Continuer la lecture<span class=\"screen-reader-text\"> de &laquo;&nbsp;Le moulin de la tour de la d\u00e9fense.&nbsp;&raquo;<\/span><\/a><\/p>\n","protected":false},"author":716,"featured_media":0,"parent":0,"menu_order":0,"comment_status":"closed","ping_status":"closed","template":"","meta":[],"_links":{"self":[{"href":"https:\/\/blogs.univ-jfc.fr\/vphn\/wp-json\/wp\/v2\/pages\/8693"}],"collection":[{"href":"https:\/\/blogs.univ-jfc.fr\/vphn\/wp-json\/wp\/v2\/pages"}],"about":[{"href":"https:\/\/blogs.univ-jfc.fr\/vphn\/wp-json\/wp\/v2\/types\/page"}],"author":[{"embeddable":true,"href":"https:\/\/blogs.univ-jfc.fr\/vphn\/wp-json\/wp\/v2\/users\/716"}],"replies":[{"embeddable":true,"href":"https:\/\/blogs.univ-jfc.fr\/vphn\/wp-json\/wp\/v2\/comments?post=8693"}],"version-history":[{"count":1,"href":"https:\/\/blogs.univ-jfc.fr\/vphn\/wp-json\/wp\/v2\/pages\/8693\/revisions"}],"predecessor-version":[{"id":8696,"href":"https:\/\/blogs.univ-jfc.fr\/vphn\/wp-json\/wp\/v2\/pages\/8693\/revisions\/8696"}],"wp:attachment":[{"href":"https:\/\/blogs.univ-jfc.fr\/vphn\/wp-json\/wp\/v2\/media?parent=8693"}],"curies":[{"name":"wp","href":"https:\/\/api.w.org\/{rel}","templated":true}]}}