{"id":8772,"date":"2021-02-11T23:10:06","date_gmt":"2021-02-11T22:10:06","guid":{"rendered":"http:\/\/blogs.univ-jfc.fr\/vphn\/?page_id=8772"},"modified":"2021-02-11T23:10:06","modified_gmt":"2021-02-11T22:10:06","slug":"bibliographie-5","status":"publish","type":"page","link":"https:\/\/blogs.univ-jfc.fr\/vphn\/bibliographie-5\/","title":{"rendered":"Bibliographie"},"content":{"rendered":"\n<ul><li>Gillon C., <em>Les \u00c9tudiants et la d\u00e9linquance au Moyen \u00c2ge (XIII<\/em><sup><em>e<\/em><\/sup><em>-XV<\/em><sup><em>e<\/em><\/sup><em> si\u00e8cles)<\/em>, Universit\u00e9 de Cergy-Pontoise, 2017.<\/li><li>Mouranche M., <em>Et Toulouse pour apprendre. Sept si\u00e8cles d\u2019histoire de l\u2019universit\u00e9 de Toulouse 1229-1969, Toulouse<\/em>, Ed. Presses Universitaires de France, 2010.<\/li><li>Puget J., \u00ab L&rsquo;Universit\u00e9 de Toulouse au XIVe et au XVe si\u00e8cles \u00bb, <em>Annales du Midi<\/em>, n\u00b0 42- 167-168, p. 345-381, 1930.<\/li><li>Verger J., Foissac P., <em>Histoire de l\u2019Universit\u00e9 de Toulouse. Le Moyen \u00c2ge XIIIe- -XVe si\u00e8cle<\/em>, Portet-sur-Garonne, Ed. midi-pyr\u00e9n\u00e9enne, 2019.<\/li><\/ul>\n","protected":false},"excerpt":{"rendered":"<p>Gillon C., Les \u00c9tudiants et la d\u00e9linquance au Moyen \u00c2ge (XIIIe-XVe si\u00e8cles), Universit\u00e9 de Cergy-Pontoise, 2017. Mouranche M., Et Toulouse pour apprendre. Sept si\u00e8cles d\u2019histoire de l\u2019universit\u00e9 de Toulouse 1229-1969, Toulouse, Ed. Presses Universitaires de France, 2010. Puget J., \u00ab L&rsquo;Universit\u00e9 de Toulouse au XIVe et au XVe si\u00e8cles \u00bb, Annales du Midi, n\u00b0 42- &hellip; <\/p>\n<p class=\"link-more\"><a href=\"https:\/\/blogs.univ-jfc.fr\/vphn\/bibliographie-5\/\" class=\"more-link\">Continuer la lecture<span class=\"screen-reader-text\"> de &laquo;&nbsp;Bibliographie&nbsp;&raquo;<\/span><\/a><\/p>\n","protected":false},"author":768,"featured_media":0,"parent":0,"menu_order":0,"comment_status":"closed","ping_status":"closed","template":"","meta":[],"_links":{"self":[{"href":"https:\/\/blogs.univ-jfc.fr\/vphn\/wp-json\/wp\/v2\/pages\/8772"}],"collection":[{"href":"https:\/\/blogs.univ-jfc.fr\/vphn\/wp-json\/wp\/v2\/pages"}],"about":[{"href":"https:\/\/blogs.univ-jfc.fr\/vphn\/wp-json\/wp\/v2\/types\/page"}],"author":[{"embeddable":true,"href":"https:\/\/blogs.univ-jfc.fr\/vphn\/wp-json\/wp\/v2\/users\/768"}],"replies":[{"embeddable":true,"href":"https:\/\/blogs.univ-jfc.fr\/vphn\/wp-json\/wp\/v2\/comments?post=8772"}],"version-history":[{"count":1,"href":"https:\/\/blogs.univ-jfc.fr\/vphn\/wp-json\/wp\/v2\/pages\/8772\/revisions"}],"predecessor-version":[{"id":8773,"href":"https:\/\/blogs.univ-jfc.fr\/vphn\/wp-json\/wp\/v2\/pages\/8772\/revisions\/8773"}],"wp:attachment":[{"href":"https:\/\/blogs.univ-jfc.fr\/vphn\/wp-json\/wp\/v2\/media?parent=8772"}],"curies":[{"name":"wp","href":"https:\/\/api.w.org\/{rel}","templated":true}]}}