{"id":8973,"date":"2021-02-18T11:37:32","date_gmt":"2021-02-18T10:37:32","guid":{"rendered":"http:\/\/blogs.univ-jfc.fr\/vphn\/?page_id=8973"},"modified":"2021-02-18T11:37:32","modified_gmt":"2021-02-18T10:37:32","slug":"saint-jacques-de-compostelle","status":"publish","type":"page","link":"https:\/\/blogs.univ-jfc.fr\/vphn\/saint-jacques-de-compostelle\/","title":{"rendered":"Saint-Jacques-de-Compostelle"},"content":{"rendered":"\n<p><strong>Compostelle\u00a0:<\/strong> Saint-Jacques-de-Compostelle est la capitale de la Galice, r\u00e9gion situ\u00e9e au nord-ouest de l&rsquo;Espagne. Elle est connue pour \u00eatre le point d&rsquo;arriv\u00e9e du chemin de p\u00e8lerinage de Compostelle et le site du tombeau suppos\u00e9 de l&rsquo;ap\u00f4tre Saint-Jacques.<\/p>\n","protected":false},"excerpt":{"rendered":"<p>Compostelle\u00a0: Saint-Jacques-de-Compostelle est la capitale de la Galice, r\u00e9gion situ\u00e9e au nord-ouest de l&rsquo;Espagne. Elle est connue pour \u00eatre le point d&rsquo;arriv\u00e9e du chemin de p\u00e8lerinage de Compostelle et le site du tombeau suppos\u00e9 de l&rsquo;ap\u00f4tre Saint-Jacques.<\/p>\n","protected":false},"author":685,"featured_media":0,"parent":0,"menu_order":0,"comment_status":"closed","ping_status":"closed","template":"","meta":[],"_links":{"self":[{"href":"https:\/\/blogs.univ-jfc.fr\/vphn\/wp-json\/wp\/v2\/pages\/8973"}],"collection":[{"href":"https:\/\/blogs.univ-jfc.fr\/vphn\/wp-json\/wp\/v2\/pages"}],"about":[{"href":"https:\/\/blogs.univ-jfc.fr\/vphn\/wp-json\/wp\/v2\/types\/page"}],"author":[{"embeddable":true,"href":"https:\/\/blogs.univ-jfc.fr\/vphn\/wp-json\/wp\/v2\/users\/685"}],"replies":[{"embeddable":true,"href":"https:\/\/blogs.univ-jfc.fr\/vphn\/wp-json\/wp\/v2\/comments?post=8973"}],"version-history":[{"count":1,"href":"https:\/\/blogs.univ-jfc.fr\/vphn\/wp-json\/wp\/v2\/pages\/8973\/revisions"}],"predecessor-version":[{"id":8974,"href":"https:\/\/blogs.univ-jfc.fr\/vphn\/wp-json\/wp\/v2\/pages\/8973\/revisions\/8974"}],"wp:attachment":[{"href":"https:\/\/blogs.univ-jfc.fr\/vphn\/wp-json\/wp\/v2\/media?parent=8973"}],"curies":[{"name":"wp","href":"https:\/\/api.w.org\/{rel}","templated":true}]}}

<p><strong>Compostelle :</strong> Saint-Jacques-de-Compostelle est la capitale de la Galice, région située au nord-ouest de l&rsquo;Espagne. Elle est connue pour être le point d&rsquo;arrivée du chemin de pèlerinage de Compostelle et le site du tombeau supposé de l&rsquo;apôtre Saint-Jacques.</p>

<p>Compostelle : Saint-Jacques-de-Compostelle est la capitale de la Galice, région située au nord-ouest de l&rsquo;Espagne. Elle est connue pour être le point d&rsquo;arrivée du chemin de pèlerinage de Compostelle et le site du tombeau supposé de l&rsquo;apôtre Saint-Jacques.</p>
