{"id":9123,"date":"2021-02-23T14:05:15","date_gmt":"2021-02-23T13:05:15","guid":{"rendered":"http:\/\/blogs.univ-jfc.fr\/vphn\/?page_id=9123"},"modified":"2021-02-23T14:05:15","modified_gmt":"2021-02-23T13:05:15","slug":"lart-roman","status":"publish","type":"page","link":"https:\/\/blogs.univ-jfc.fr\/vphn\/lart-roman\/","title":{"rendered":"L&rsquo;art roman"},"content":{"rendered":"\n<p>L&rsquo;art roman correspond \u00e0 la production artistique de l&rsquo;Europe occidentale du Xe si\u00e8cle au XIIe si\u00e8cle. Il a \u00e9t\u00e9 influenc\u00e9 par plusieurs arts tel que l&rsquo;art pal\u00e9ochr\u00e9tien, l&rsquo;art Romain, l&rsquo;art Byzantin, l&rsquo;art carolingien, l&rsquo;art Celtique et l&rsquo;art Oriental. L&rsquo;art roman regroupe aussi bien l&rsquo;architecture romane\u00a0que la sculpture, la peinture ou la statuaire romane de la m\u00eame \u00e9poque. C&rsquo;est un\u00a0art essentiellement religieux\u00a0dont les constructions ob\u00e9issent \u00e0 des plans dits centr\u00e9s ou \u00e0 des plans dits basilicaux.<\/p>\n","protected":false},"excerpt":{"rendered":"<p>L&rsquo;art roman correspond \u00e0 la production artistique de l&rsquo;Europe occidentale du Xe si\u00e8cle au XIIe si\u00e8cle. Il a \u00e9t\u00e9 influenc\u00e9 par plusieurs arts tel que l&rsquo;art pal\u00e9ochr\u00e9tien, l&rsquo;art Romain, l&rsquo;art Byzantin, l&rsquo;art carolingien, l&rsquo;art Celtique et l&rsquo;art Oriental. L&rsquo;art roman regroupe aussi bien l&rsquo;architecture romane\u00a0que la sculpture, la peinture ou la statuaire romane de la &hellip; <\/p>\n<p class=\"link-more\"><a href=\"https:\/\/blogs.univ-jfc.fr\/vphn\/lart-roman\/\" class=\"more-link\">Continuer la lecture<span class=\"screen-reader-text\"> de &laquo;&nbsp;L&rsquo;art roman&nbsp;&raquo;<\/span><\/a><\/p>\n","protected":false},"author":685,"featured_media":0,"parent":0,"menu_order":0,"comment_status":"closed","ping_status":"closed","template":"","meta":[],"_links":{"self":[{"href":"https:\/\/blogs.univ-jfc.fr\/vphn\/wp-json\/wp\/v2\/pages\/9123"}],"collection":[{"href":"https:\/\/blogs.univ-jfc.fr\/vphn\/wp-json\/wp\/v2\/pages"}],"about":[{"href":"https:\/\/blogs.univ-jfc.fr\/vphn\/wp-json\/wp\/v2\/types\/page"}],"author":[{"embeddable":true,"href":"https:\/\/blogs.univ-jfc.fr\/vphn\/wp-json\/wp\/v2\/users\/685"}],"replies":[{"embeddable":true,"href":"https:\/\/blogs.univ-jfc.fr\/vphn\/wp-json\/wp\/v2\/comments?post=9123"}],"version-history":[{"count":1,"href":"https:\/\/blogs.univ-jfc.fr\/vphn\/wp-json\/wp\/v2\/pages\/9123\/revisions"}],"predecessor-version":[{"id":9124,"href":"https:\/\/blogs.univ-jfc.fr\/vphn\/wp-json\/wp\/v2\/pages\/9123\/revisions\/9124"}],"wp:attachment":[{"href":"https:\/\/blogs.univ-jfc.fr\/vphn\/wp-json\/wp\/v2\/media?parent=9123"}],"curies":[{"name":"wp","href":"https:\/\/api.w.org\/{rel}","templated":true}]}}