{"id":9225,"date":"2021-02-25T15:23:18","date_gmt":"2021-02-25T14:23:18","guid":{"rendered":"http:\/\/blogs.univ-jfc.fr\/vphn\/?page_id=9225"},"modified":"2021-02-25T15:23:18","modified_gmt":"2021-02-25T14:23:18","slug":"la-porte-miegeville","status":"publish","type":"page","link":"https:\/\/blogs.univ-jfc.fr\/vphn\/la-porte-miegeville\/","title":{"rendered":"La porte Mi\u00e8geville"},"content":{"rendered":"\n<p>La porte Mi\u00e8geville de la basilique Saint-Sernin de Toulouse se situe au sud de sa nef, et elle est tourn\u00e9e vers la rue du Taur. Il s&rsquo;agit de la porte la plus emprunt\u00e9e de la basilique ainsi que de la seule \u00e0 poss\u00e9der un tympan sculpt\u00e9. Elle est aujourd&rsquo;hui encore l&rsquo;entr\u00e9e principale de la basilique.<\/p>\n\n\n\n<div class=\"wp-block-image\"><figure class=\"aligncenter size-medium\"><img loading=\"lazy\" width=\"225\" height=\"300\" src=\"https:\/\/blogs.univ-jfc.fr\/vphn\/wp-content\/uploads\/sites\/65\/2021\/02\/porte-225x300.jpg\" alt=\"\" class=\"wp-image-9227\" srcset=\"https:\/\/blogs.univ-jfc.fr\/vphn\/wp-content\/uploads\/sites\/65\/2021\/02\/porte-225x300.jpg 225w, https:\/\/blogs.univ-jfc.fr\/vphn\/wp-content\/uploads\/sites\/65\/2021\/02\/porte-768x1024.jpg 768w, https:\/\/blogs.univ-jfc.fr\/vphn\/wp-content\/uploads\/sites\/65\/2021\/02\/porte-1152x1536.jpg 1152w, https:\/\/blogs.univ-jfc.fr\/vphn\/wp-content\/uploads\/sites\/65\/2021\/02\/porte-1536x2048.jpg 1536w, https:\/\/blogs.univ-jfc.fr\/vphn\/wp-content\/uploads\/sites\/65\/2021\/02\/porte-scaled.jpg 1920w\" sizes=\"(max-width: 225px) 100vw, 225px\" \/><figcaption>Porte Mi\u00e8geville, photo personnelle.<\/figcaption><\/figure><\/div>\n","protected":false},"excerpt":{"rendered":"<p>La porte Mi\u00e8geville de la basilique Saint-Sernin de Toulouse se situe au sud de sa nef, et elle est tourn\u00e9e vers la rue du Taur. Il s&rsquo;agit de la porte la plus emprunt\u00e9e de la basilique ainsi que de la seule \u00e0 poss\u00e9der un tympan sculpt\u00e9. Elle est aujourd&rsquo;hui encore l&rsquo;entr\u00e9e principale de la basilique.<\/p>\n","protected":false},"author":685,"featured_media":0,"parent":0,"menu_order":0,"comment_status":"closed","ping_status":"closed","template":"","meta":[],"_links":{"self":[{"href":"https:\/\/blogs.univ-jfc.fr\/vphn\/wp-json\/wp\/v2\/pages\/9225"}],"collection":[{"href":"https:\/\/blogs.univ-jfc.fr\/vphn\/wp-json\/wp\/v2\/pages"}],"about":[{"href":"https:\/\/blogs.univ-jfc.fr\/vphn\/wp-json\/wp\/v2\/types\/page"}],"author":[{"embeddable":true,"href":"https:\/\/blogs.univ-jfc.fr\/vphn\/wp-json\/wp\/v2\/users\/685"}],"replies":[{"embeddable":true,"href":"https:\/\/blogs.univ-jfc.fr\/vphn\/wp-json\/wp\/v2\/comments?post=9225"}],"version-history":[{"count":1,"href":"https:\/\/blogs.univ-jfc.fr\/vphn\/wp-json\/wp\/v2\/pages\/9225\/revisions"}],"predecessor-version":[{"id":9228,"href":"https:\/\/blogs.univ-jfc.fr\/vphn\/wp-json\/wp\/v2\/pages\/9225\/revisions\/9228"}],"wp:attachment":[{"href":"https:\/\/blogs.univ-jfc.fr\/vphn\/wp-json\/wp\/v2\/media?parent=9225"}],"curies":[{"name":"wp","href":"https:\/\/api.w.org\/{rel}","templated":true}]}}

La porte Miègeville

<p>La porte Miègeville de la basilique Saint-Sernin de Toulouse se situe au sud de sa nef, et elle est tournée vers la rue du Taur. Il s&rsquo;agit de la porte la plus empruntée de la basilique ainsi que de la seule à posséder un tympan sculpté. Elle est aujourd&rsquo;hui encore l&rsquo;entrée principale de la basilique.</p>



<div class="wp-block-image"><figure class="aligncenter size-medium"><img loading="lazy" width="225" height="300" src="https://blogs.univ-jfc.fr/vphn/wp-content/uploads/sites/65/2021/02/porte-225x300.jpg" alt="" class="wp-image-9227" srcset="https://blogs.univ-jfc.fr/vphn/wp-content/uploads/sites/65/2021/02/porte-225x300.jpg 225w, https://blogs.univ-jfc.fr/vphn/wp-content/uploads/sites/65/2021/02/porte-768x1024.jpg 768w, https://blogs.univ-jfc.fr/vphn/wp-content/uploads/sites/65/2021/02/porte-1152x1536.jpg 1152w, https://blogs.univ-jfc.fr/vphn/wp-content/uploads/sites/65/2021/02/porte-1536x2048.jpg 1536w, https://blogs.univ-jfc.fr/vphn/wp-content/uploads/sites/65/2021/02/porte-scaled.jpg 1920w" sizes="(max-width: 225px) 100vw, 225px" /><figcaption>Porte Miègeville, photo personnelle.</figcaption></figure></div>

<p>La porte Miègeville de la basilique Saint-Sernin de Toulouse se situe au sud de sa nef, et elle est tournée vers la rue du Taur. Il s&rsquo;agit de la porte la plus empruntée de la basilique ainsi que de la seule à posséder un tympan sculpté. Elle est aujourd&rsquo;hui encore l&rsquo;entrée principale de la basilique.</p>
