{"id":9248,"date":"2021-02-27T20:13:31","date_gmt":"2021-02-27T19:13:31","guid":{"rendered":"http:\/\/blogs.univ-jfc.fr\/vphn\/?page_id=9248"},"modified":"2021-02-27T20:13:31","modified_gmt":"2021-02-27T19:13:31","slug":"les-societas-romaines","status":"publish","type":"page","link":"https:\/\/blogs.univ-jfc.fr\/vphn\/histoire-locale\/les-rutenes-2021\/les-societas-romaines\/","title":{"rendered":"Les societas romaines"},"content":{"rendered":"\n<p>Le terme de \u00ab <em>societas <\/em>\u00bb d\u00e9signe une organisation productive g\u00e9r\u00e9e par des entrepreneurs romains. En territoire Rut\u00e8ne les <em>societas<\/em> \u00e9taient li\u00e9es au domaine de l\u2019extraction mini\u00e8re et plus pr\u00e9cis\u00e9ment \u00e0 l\u2019extraction d\u2019un minerai plombo-argentif\u00e8re. Dans certains sites miniers rut\u00e8nes l\u2019extraction mini\u00e8re date de la fin de l\u2019\u00e2ge du fer, or c\u2019est vraiment au Ier si\u00e8cle avant J.-C. que les sites adoptent une production intensive, \u00e0 grande \u00e9chelle. Cette acc\u00e9l\u00e9ration de la production est li\u00e9e \u00e0 l&rsquo;arriv\u00e9e des romains dans la partie sud de la cit\u00e9 rut\u00e8ne. Comme indice de cette amplification, nous pouvons nous appuyer sur la c\u00e9ramique d\u2019\u00e9poque retrouv\u00e9e sur les sites. En effet, les amphores vinaires campaniennes pr\u00e9sentes sur ces mines et ateliers antiques se multiplient attestant d\u2019une certaine int\u00e9gration dans l\u2019\u00e9conomie romaine.<\/p>\n\n\n\n<div class=\"wp-block-image\"><figure class=\"aligncenter size-large\"><img loading=\"lazy\" width=\"363\" height=\"373\" src=\"http:\/\/blogs.univ-jfc.fr\/vphn\/wp-content\/uploads\/sites\/65\/2021\/02\/les-sites-miniers-au-Sud-du-territoire-rutene.png\" alt=\"\" class=\"wp-image-9250\" srcset=\"https:\/\/blogs.univ-jfc.fr\/vphn\/wp-content\/uploads\/sites\/65\/2021\/02\/les-sites-miniers-au-Sud-du-territoire-rutene.png 363w, https:\/\/blogs.univ-jfc.fr\/vphn\/wp-content\/uploads\/sites\/65\/2021\/02\/les-sites-miniers-au-Sud-du-territoire-rutene-292x300.png 292w\" sizes=\"(max-width: 363px) 100vw, 363px\" \/><figcaption>Sites miniers et m\u00e9tallurgiques en activit\u00e9 au Ier si\u00e8cle a.C. et au Ier si\u00e8cle p.C. 1- Labaume (Sylvan\u00e8s, 12). 2- Bouco-Payrol (Camar\u00e8s, 12). 3- C\u00e8nomes (Montagnol, 12). 4- Bayles (Montagnol, 12). 5- Bournac (Ceilhes, 34). 6- Lascours (Ceilhes, 34). 7- Maynes (Av\u00e8ne, 34). 8- La Rabasse (Av\u00e8ne,<br>34). 9- Vinas (Av\u00e8ne, 34). 10- Le Pradal (34). 12- Lamalou (34). 13- Landas (Moulin-Mage, 81). Source : Gruat P., Pailler J-M., Schaad D., Les Rut\u00e8nes ; du peuple \u00e0 la cit\u00e9, Bordeaux, Aquitania, 2007, p.264.<\/figcaption><\/figure><\/div>\n\n\n\n<p>C\u2019est \u00e0 partir du Ier si\u00e8cle avant J.-C. que nous pouvons attester la pr\u00e9sence de s<em>ocietas<\/em> romaines en territoire rut\u00e8ne, le nom exact \u00e9tant \u00ab Soci\u00e9t\u00e9 des mines d\u2019argent du pays rut\u00e8ne \u00bb. L\u2019une de ces exploitations semble avoir \u00e9t\u00e9 reconnue dans le site de Fang. Ce site abrite des ateliers argentif\u00e8res de grande envergure, pouvant produire \u00e0 grande \u00e9chelle. Fang semble \u00eatre l\u2019illustration parfaite d\u2019une intensification de la commercialisation et de l\u2019exploitation romaine de minerais rut\u00e8nes. La soci\u00e9t\u00e9 des mines d\u2019argent du pays rut\u00e8ne \u00e9tait l\u2019acteur majeur de Transalpine dans son domaine. Une chose est s\u00fbre, le travail dans ce genre de mines \u00e9tait tr\u00e8s \u00e9prouvant et non sans risque, certainement r\u00e9serv\u00e9 \u00e0 des personnes contraintes, donc des esclaves principalement. Le village de Lascours semble \u00eatre le centre de l\u2019activit\u00e9 mini\u00e8re de cette r\u00e9gion sur laquelle les entrepreneurs romains devaient exercer une influence consid\u00e9rable d\u00e8s le Ier si\u00e8cle avant J.-C., mettant en retrait les \u00e9lites locales rut\u00e8nes. Il semblerait que la prosp\u00e9rit\u00e9 de ces <em>societas<\/em> ne se soit pas prolong\u00e9e au-del\u00e0 du IIe si\u00e8cle de notre \u00e8re, puisque un basculement a lieu lors du Ier si\u00e8cle apr\u00e8s J.-C.<\/p>\n","protected":false},"excerpt":{"rendered":"<p>Le terme de \u00ab societas \u00bb d\u00e9signe une organisation productive g\u00e9r\u00e9e par des entrepreneurs romains. En territoire Rut\u00e8ne les societas \u00e9taient li\u00e9es au domaine de l\u2019extraction mini\u00e8re et plus pr\u00e9cis\u00e9ment \u00e0 l\u2019extraction d\u2019un minerai plombo-argentif\u00e8re. Dans certains sites miniers rut\u00e8nes l\u2019extraction mini\u00e8re date de la fin de l\u2019\u00e2ge du fer, or c\u2019est vraiment au Ier &hellip; <\/p>\n<p class=\"link-more\"><a href=\"https:\/\/blogs.univ-jfc.fr\/vphn\/histoire-locale\/les-rutenes-2021\/les-societas-romaines\/\" class=\"more-link\">Continuer la lecture<span class=\"screen-reader-text\"> de &laquo;&nbsp;Les societas romaines&nbsp;&raquo;<\/span><\/a><\/p>\n","protected":false},"author":760,"featured_media":0,"parent":7879,"menu_order":0,"comment_status":"closed","ping_status":"closed","template":"","meta":[],"_links":{"self":[{"href":"https:\/\/blogs.univ-jfc.fr\/vphn\/wp-json\/wp\/v2\/pages\/9248"}],"collection":[{"href":"https:\/\/blogs.univ-jfc.fr\/vphn\/wp-json\/wp\/v2\/pages"}],"about":[{"href":"https:\/\/blogs.univ-jfc.fr\/vphn\/wp-json\/wp\/v2\/types\/page"}],"author":[{"embeddable":true,"href":"https:\/\/blogs.univ-jfc.fr\/vphn\/wp-json\/wp\/v2\/users\/760"}],"replies":[{"embeddable":true,"href":"https:\/\/blogs.univ-jfc.fr\/vphn\/wp-json\/wp\/v2\/comments?post=9248"}],"version-history":[{"count":4,"href":"https:\/\/blogs.univ-jfc.fr\/vphn\/wp-json\/wp\/v2\/pages\/9248\/revisions"}],"predecessor-version":[{"id":9268,"href":"https:\/\/blogs.univ-jfc.fr\/vphn\/wp-json\/wp\/v2\/pages\/9248\/revisions\/9268"}],"up":[{"embeddable":true,"href":"https:\/\/blogs.univ-jfc.fr\/vphn\/wp-json\/wp\/v2\/pages\/7879"}],"wp:attachment":[{"href":"https:\/\/blogs.univ-jfc.fr\/vphn\/wp-json\/wp\/v2\/media?parent=9248"}],"curies":[{"name":"wp","href":"https:\/\/api.w.org\/{rel}","templated":true}]}}