{"id":9442,"date":"2021-02-28T14:46:17","date_gmt":"2021-02-28T13:46:17","guid":{"rendered":"http:\/\/blogs.univ-jfc.fr\/vphn\/?page_id=9442"},"modified":"2021-02-28T14:46:17","modified_gmt":"2021-02-28T13:46:17","slug":"bibliographie-le-palais-de-la-berbie-symbole-du-pouvoir-episcopal-1260-1598-2021","status":"publish","type":"page","link":"https:\/\/blogs.univ-jfc.fr\/vphn\/bibliographie-le-palais-de-la-berbie-symbole-du-pouvoir-episcopal-1260-1598-2021\/","title":{"rendered":"&#8211; Bibliographie &#8211; Le palais de la berbie, symbole du pouvoir \u00e9piscopal (1260-1598) [2021]"},"content":{"rendered":"\n<p>-BIGET J-L., <em>Histoire d\u2019Albi, <\/em>Toulouse, 2000. p. 360.\u00a0<\/p>\n\n\n\n<p>-GU\u00c9DON F., <em>Albi, Palais de la Berbie, Terrasse de Bernie<\/em>, Service r\u00e9gional de l\u2019arch\u00e9ologie, 2004.<\/p>\n\n\n\n<p>-LACGER L., <em>Le ch\u00e2teau des \u00e9v\u00eaques d\u2019Albi, <\/em>Congr\u00e8s arch\u00e9ologique de France, XCIIe session, 1929.<\/p>\n\n\n\n<p>-NIEL F., \u201c<em>Albigeois et Cathares\u201d,<\/em> Presse Universitaire de France, 2010.<\/p>\n\n\n\n<p>-PECH J., <em>Atlas arch\u00e9ologique d\u2019Albi, <\/em>Castre, Comit\u00e9 d\u00e9partemental Arch\u00e9ologique du Tarn, 2014. p. 213.<\/p>\n\n\n\n<p>-PRADALIER, H., <em>Le Palais de la Berbie<\/em>, Congr\u00e8s arch\u00e9ologique de France<em>, <\/em>1982.<\/p>\n\n\n\n<p><\/p>\n\n\n\n<p>Abadie Paul (L2) \/ Pamard Jules (L2) \/ Clara Gonzales (L1) \/ Cloe Jalby (L1)<\/p>\n","protected":false},"excerpt":{"rendered":"<p>-BIGET J-L., Histoire d\u2019Albi, Toulouse, 2000. p. 360.\u00a0 -GU\u00c9DON F., Albi, Palais de la Berbie, Terrasse de Bernie, Service r\u00e9gional de l\u2019arch\u00e9ologie, 2004. -LACGER L., Le ch\u00e2teau des \u00e9v\u00eaques d\u2019Albi, Congr\u00e8s arch\u00e9ologique de France, XCIIe session, 1929. -NIEL F., \u201cAlbigeois et Cathares\u201d, Presse Universitaire de France, 2010. -PECH J., Atlas arch\u00e9ologique d\u2019Albi, Castre, Comit\u00e9 d\u00e9partemental &hellip; <\/p>\n<p class=\"link-more\"><a href=\"https:\/\/blogs.univ-jfc.fr\/vphn\/bibliographie-le-palais-de-la-berbie-symbole-du-pouvoir-episcopal-1260-1598-2021\/\" class=\"more-link\">Continuer la lecture<span class=\"screen-reader-text\"> de &laquo;&nbsp;&#8211; Bibliographie &#8211; Le palais de la berbie, symbole du pouvoir \u00e9piscopal (1260-1598) [2021]&nbsp;&raquo;<\/span><\/a><\/p>\n","protected":false},"author":713,"featured_media":0,"parent":0,"menu_order":0,"comment_status":"closed","ping_status":"closed","template":"","meta":[],"_links":{"self":[{"href":"https:\/\/blogs.univ-jfc.fr\/vphn\/wp-json\/wp\/v2\/pages\/9442"}],"collection":[{"href":"https:\/\/blogs.univ-jfc.fr\/vphn\/wp-json\/wp\/v2\/pages"}],"about":[{"href":"https:\/\/blogs.univ-jfc.fr\/vphn\/wp-json\/wp\/v2\/types\/page"}],"author":[{"embeddable":true,"href":"https:\/\/blogs.univ-jfc.fr\/vphn\/wp-json\/wp\/v2\/users\/713"}],"replies":[{"embeddable":true,"href":"https:\/\/blogs.univ-jfc.fr\/vphn\/wp-json\/wp\/v2\/comments?post=9442"}],"version-history":[{"count":1,"href":"https:\/\/blogs.univ-jfc.fr\/vphn\/wp-json\/wp\/v2\/pages\/9442\/revisions"}],"predecessor-version":[{"id":9443,"href":"https:\/\/blogs.univ-jfc.fr\/vphn\/wp-json\/wp\/v2\/pages\/9442\/revisions\/9443"}],"wp:attachment":[{"href":"https:\/\/blogs.univ-jfc.fr\/vphn\/wp-json\/wp\/v2\/media?parent=9442"}],"curies":[{"name":"wp","href":"https:\/\/api.w.org\/{rel}","templated":true}]}}

&#8211; Bibliographie &#8211; Le palais de la berbie, symbole du pouvoir épiscopal (1260-1598) [2021]

<p>-BIGET J-L., <em>Histoire d’Albi, </em>Toulouse, 2000. p. 360. </p>



<p>-GUÉDON F., <em>Albi, Palais de la Berbie, Terrasse de Bernie</em>, Service régional de l’archéologie, 2004.</p>



<p>-LACGER L., <em>Le château des évêques d’Albi, </em>Congrès archéologique de France, XCIIe session, 1929.</p>



<p>-NIEL F., “<em>Albigeois et Cathares”,</em> Presse Universitaire de France, 2010.</p>



<p>-PECH J., <em>Atlas archéologique d’Albi, </em>Castre, Comité départemental Archéologique du Tarn, 2014. p. 213.</p>



<p>-PRADALIER, H., <em>Le Palais de la Berbie</em>, Congrès archéologique de France<em>, </em>1982.</p>



<p></p>



<p>Abadie Paul (L2) / Pamard Jules (L2) / Clara Gonzales (L1) / Cloe Jalby (L1)</p>

<p>-BIGET J-L., Histoire d’Albi, Toulouse, 2000. p. 360.  -GUÉDON F., Albi, Palais de la Berbie, Terrasse de Bernie, Service régional de l’archéologie, 2004. -LACGER L., Le château des évêques d’Albi, Congrès archéologique de France, XCIIe session, 1929. -NIEL F., “Albigeois et Cathares”, Presse Universitaire de France, 2010. -PECH J., Atlas archéologique d’Albi, Castre, Comité départemental &hellip; </p>
<p class="link-more"><a href="https://blogs.univ-jfc.fr/vphn/bibliographie-le-palais-de-la-berbie-symbole-du-pouvoir-episcopal-1260-1598-2021/" class="more-link">Continuer la lecture<span class="screen-reader-text"> de &laquo;&nbsp;&#8211; Bibliographie &#8211; Le palais de la berbie, symbole du pouvoir épiscopal (1260-1598) [2021]&nbsp;&raquo;</span></a></p>
