{"id":975,"date":"2018-01-31T21:13:02","date_gmt":"2018-01-31T20:13:02","guid":{"rendered":"http:\/\/blogs.univ-jfc.fr\/vphn\/?page_id=975"},"modified":"2018-03-14T18:19:55","modified_gmt":"2018-03-14T17:19:55","slug":"levolution-cultuelle-dalbi-et-larcheologie-2017","status":"publish","type":"page","link":"https:\/\/blogs.univ-jfc.fr\/vphn\/patrimoine-et-sites-remarquables\/levolution-cultuelle-dalbi-et-larcheologie-2017\/","title":{"rendered":"L&rsquo;\u00e9volution cultuelle d&rsquo;Albi et l&rsquo;arch\u00e9ologie [2017]"},"content":{"rendered":"<p style=\"text-align: justify\">Albi, au niveau cultuel, a connu une \u00e9volution semblable \u00e0 celle du sud de la France. Les fouilles arch\u00e9ologiques men\u00e9es dans cette ancienne cit\u00e9 \u00e9piscopale, sont diverses et les vestiges qu&rsquo;il en sort le sont tout autant.<\/p>\n<p style=\"text-align: justify\">La compr\u00e9hension des mythes celtes est assez difficile \u00e9tant donn\u00e9 le peu de traces \u00e9crites que l&rsquo;on retrouve \u00e0 leur sujet et l&rsquo;impossibilit\u00e9 fr\u00e9quente de relier, de fa\u00e7on certaine, les vestiges et la religion.\u00a0Cependant, les fouilles arch\u00e9ologiques r\u00e9centes mettent \u00e0 jour de plus en plus de documents et monuments antiques permettant de s&rsquo;en faire une id\u00e9e plus pr\u00e9cise.<\/p>\n<p style=\"text-align: justify\">Ces fouilles sugg\u00e8rent que la mythologie celtique s&rsquo;\u00e9tablit d\u00e8s <a href=\"http:\/\/cnrtl.fr\/definition\/hallstattien\">l&rsquo;\u00e9poque hallstatienne<\/a>\u00a0 (entre 1000 et 500 av. J.C.) influenc\u00e9e par les id\u00e9es m\u00e9diterran\u00e9ennes. Ces rites se d\u00e9velopperont principalement en Gaule durant le second \u00e2ge de fer et se perp\u00e9tueront bien au-del\u00e0 de la conqu\u00eate romaine.<\/p>\n<p style=\"text-align: justify\">On sait alors aujourd&rsquo;hui que la mythologie celte \u00e9tait caract\u00e9ris\u00e9e par un dieu P\u00e8re et une d\u00e9esse M\u00e8re.\u00a0Celle-ci repr\u00e9sente la terre g\u00e9n\u00e9ratrice et donne naissance aux hommes, aux animaux et aux plantes mais est aussi gardienne des morts et veille sur eux dans leur repos \u00e9ternel.\u00a0Elle est reconnue dans ses repr\u00e9sentations antiques par le port d&rsquo;un collier et d&rsquo;une ceinture orn\u00e9e.\u00a0Plus tard, elle sera repr\u00e9sent\u00e9e comme une femme robuste coiff\u00e9e d&rsquo;un bandeau et d&rsquo;un diad\u00e8me bas, v\u00eatue d&rsquo;une tunique et d&rsquo;un manteau, assise, les genoux \u00e9cart\u00e9s et les pieds rapproch\u00e9s. Elle \u00e9l\u00e8ve dans sa main droite une pat\u00e8re et tient avec sa main gauche les plis de sa robe o\u00f9 s&rsquo;amoncellent des fruits mais peut \u00eatre \u00e9galement accompagn\u00e9e d&rsquo;enfants, symbolisant donc la f\u00e9condit\u00e9.<\/p>\n<p style=\"text-align: justify\">En 1858, on retrouve dans le quartier du Bout du Pont \u00e0 Albi, une statuette celtique en gr\u00e8s avec un torque (Collier celte orn\u00e9 de deux \u00e9paisses boules aux extr\u00e9mit\u00e9s) pouvant \u00eatre une repr\u00e9sentation de la d\u00e9esse M\u00e8re.<\/p>\n<p style=\"text-align: justify\">Quant au culte romain, c&rsquo;est une tout autre histoire.\u00a0\u00c0 partir du d\u00e9but du IIe si\u00e8cle, les Romains partent \u00e0 la conqu\u00eate de la gaule cisalpine (Italie du Nord), puis, en 125 av. J.-C, de la gaule Transalpine (actuels Languedoc et C\u00f4te d&rsquo;Azur).<\/p>\n<p style=\"text-align: justify\">\u00c0 cette \u00e9poque la religion romaine rassemble un ensemble de croyances et de rites naissant au milieu du VIIIe si\u00e8cle av. J.-C.\u00a0Dans les environs d&rsquo;Albi en 1788, on a retrouv\u00e9 une statuette en bronze repr\u00e9sentant <a href=\"https:\/\/www.britannica.com\/biography\/Sextus-Pompeius-Magnus-Pius\">Sextus Pomp\u00e9e<\/a> debout en <a href=\"https:\/\/www.universalis.fr\/encyclopedie\/neptune-religion-romaine\/\">Neptune<\/a>.<\/p>\n<p style=\"text-align: justify\">La hauteur de la statue, 8, 70cm signifie qu&rsquo;il doit s&rsquo;agir d&rsquo;une copie. Peut-\u00eatre afin de diffuser le portrait de navarque sous forme de <em><a href=\"https:\/\/www.universalis.fr\/dictionnaire\/kouros\/\">Kouros<\/a>.<\/em><\/p>\n<p style=\"text-align: justify\">Sur le chantier de la Place Sainte-Claire, on a retrouv\u00e9 un <a href=\"http:\/\/blogs.univ-jfc.fr\/vphn\/patrimoine-et-sites-remarquables\/levolution-cultuelle-dalbi-et-larcheologie-2017\/definitions\/\"><em>balsamaire<\/em><\/a> bleut\u00e9 ainsi que des fonds de pat\u00e8re. Mais \u00e9galement une pat\u00e8re avec les signatures \u00ab\u00a0MA\u00a0\u00bb dessus ainsi qu&rsquo;une autre dans le Quartier de Patus Cr\u00e9mat, dans la rue de l&rsquo;Ort en Salvy dans une tombe.<\/p>\n<p style=\"text-align: justify\">Le peuple ne suivait pas forc\u00e9ment la religion de l&rsquo;Empire romain. En 1976, J. Lautier a trouv\u00e9 des fosses et puits dat\u00e9s entre le Ier si\u00e8cle avant J.-C et le Ier\u00a0apr\u00e8s J.-C. Une \u00e9p\u00e9e fut trouv\u00e9e dont le fourreau s&rsquo;orne d&rsquo;un motif en bronze, un personnage hermaphrodite et d&rsquo;un svastika composant la parade d&rsquo;un \u00c9trusque peut-\u00eatre.<\/p>\n<div id='gallery-1' class='gallery galleryid-975 gallery-columns-2 gallery-size-large'><figure class='gallery-item'>\n\t\t\t<div class='gallery-icon portrait'>\n\t\t\t\t<a href='https:\/\/blogs.univ-jfc.fr\/vphn\/patrimoine-et-sites-remarquables\/levolution-cultuelle-dalbi-et-larcheologie-2017\/purple_balsamarium_massimo\/'><img width=\"500\" height=\"760\" src=\"https:\/\/blogs.univ-jfc.fr\/vphn\/wp-content\/uploads\/sites\/65\/2018\/01\/Purple_balsamarium_Massimo.jpg\" class=\"attachment-large size-large\" alt=\"\" loading=\"lazy\" aria-describedby=\"gallery-1-1373\" srcset=\"https:\/\/blogs.univ-jfc.fr\/vphn\/wp-content\/uploads\/sites\/65\/2018\/01\/Purple_balsamarium_Massimo.jpg 500w, https:\/\/blogs.univ-jfc.fr\/vphn\/wp-content\/uploads\/sites\/65\/2018\/01\/Purple_balsamarium_Massimo-197x300.jpg 197w\" sizes=\"100vw\" \/><\/a>\n\t\t\t<\/div>\n\t\t\t\t<figcaption class='wp-caption-text gallery-caption' id='gallery-1-1373'>\n\t\t\t\tMus\u00e9e national de Rome \u2013 Palazzo Massimo alle Terme\nMarie-Lan Nguyen (2006)\n\t\t\t\t<\/figcaption><\/figure><figure class='gallery-item'>\n\t\t\t<div class='gallery-icon landscape'>\n\t\t\t\t<a href='https:\/\/blogs.univ-jfc.fr\/vphn\/patrimoine-et-sites-remarquables\/levolution-cultuelle-dalbi-et-larcheologie-2017\/balsa-min\/'><img width=\"525\" height=\"394\" src=\"https:\/\/blogs.univ-jfc.fr\/vphn\/wp-content\/uploads\/sites\/65\/2018\/01\/balsa-min-1024x768.jpg\" class=\"attachment-large size-large\" alt=\"\" loading=\"lazy\" aria-describedby=\"gallery-1-1437\" srcset=\"https:\/\/blogs.univ-jfc.fr\/vphn\/wp-content\/uploads\/sites\/65\/2018\/01\/balsa-min-1024x768.jpg 1024w, https:\/\/blogs.univ-jfc.fr\/vphn\/wp-content\/uploads\/sites\/65\/2018\/01\/balsa-min-300x225.jpg 300w, https:\/\/blogs.univ-jfc.fr\/vphn\/wp-content\/uploads\/sites\/65\/2018\/01\/balsa-min-768x576.jpg 768w\" sizes=\"100vw\" \/><\/a>\n\t\t\t<\/div>\n\t\t\t\t<figcaption class='wp-caption-text gallery-caption' id='gallery-1-1437'>\n\t\t\t\tObjet provenant du Tumulus de Penteville \u00e0 Grand-Manil.4 June 2017, 16:05:51\nOkapi07\n\t\t\t\t<\/figcaption><\/figure>\n\t\t<\/div>\n\n<p style=\"text-align: justify\">Pour terminer, parlons de la religion chr\u00e9tienne.\u00a0D\u00e8s le IIe si\u00e8cle, la Gaule avait \u00e9t\u00e9 gagn\u00e9e par le christianisme qui s&rsquo;\u00e9tait r\u00e9pandu au sein de petites communaut\u00e9s orientales de marchands. Des \u00e9v\u00eaques sont attest\u00e9s au IIIe si\u00e8cle dans les cit\u00e9s de la vall\u00e9e du Rh\u00f4ne et du littoral m\u00e9diterran\u00e9en.<\/p>\n<p style=\"text-align: justify\">Premier \u00e9v\u00eaque connu est Diogenianus, cit\u00e9 vers 409 dans un fragment de <a href=\"https:\/\/www.universalis.fr\/encyclopedie\/paulin-de-nole\/\">Paulin de Nole<\/a> conserv\u00e9 par <a href=\"https:\/\/www.universalis.fr\/encyclopedie\/gregoire-de-tours\/\">Gr\u00e9goire de Tours<\/a>.<\/p>\n<p style=\"text-align: justify\">On ne conna\u00eet aucun autre \u00e9v\u00eaque au Ve si\u00e8cle\u00a0: de 484-505, Albi abrite l&rsquo;exil de l&rsquo;\u00e9v\u00eaque Eugenius de Carthage. Pour le VIe si\u00e8cle, les listes conciliaires fournissent les noms de Sabinus (Agde en 506), et d&rsquo;Ambrosius (repr\u00e9sent\u00e9 \u00e0 Orl\u00e9ans en 549), tandis que Gr\u00e9goire de Tours \u00e9voque plusieurs fois Salvius (Saint-Salvy), ancien dignitaire devenu moine, puis reclus et enfin \u00e9v\u00eaque de 574 \u00e0 584.<\/p>\n<p style=\"text-align: justify\">Desiderius de Cahors fait mention d&rsquo;une <em>basilica sancti Eugenii<\/em>, c&rsquo;est-\u00e0-dire d&rsquo;une cath\u00e9drale en l&rsquo;honneur d&rsquo;Eugenius. Biget suppose, suite \u00e0 l&rsquo;\u00e9tude des textes de Gr\u00e9goire de Tours, qu&rsquo;il s&rsquo;agirait de l&rsquo;endroit o\u00f9 repose Saint Armand et Eugenius, \u00e0 2 km \u00e0 l&rsquo;Est d&rsquo;Albi. Par suite, en 878, le comte Raimondus parle de la Sancti Affricani, localis\u00e9 d\u00e9sormais \u00e0 l&rsquo;actuelle \u00c9glise Saint-Affric au nord-ouest de la ville, \u00e0 laquelle serait rattach\u00e9 un sanctuaire dont la <em>basilica Saincti afrecani<\/em> cit\u00e9e par Desiderius dans son legs.<\/p>\n<p style=\"text-align: justify\">L\u2019\u00c9glise \u00e9piscopale appara\u00eet pour la premi\u00e8re fois en 920, dans une donation \u00e0 l\u2019\u00c9glise Sainte-m\u00e8re C\u00e9cile. Quelques vestiges de l&rsquo;\u00e9difice qui pr\u00e9c\u00e9da la <a href=\"http:\/\/blogs.univ-jfc.fr\/vphn\/patrimoine-et-sites-remarquables\/cathedrale-dalbi-2017\/\">cath\u00e9drale actuelle <\/a>(commenc\u00e9 en 1280) subsistent encore \u00e0 une vingtaine de m\u00e8tres au nord de celle-ci mais on ignore si cet emplacement \u00e9tait d\u00e9j\u00e0 celui de <em>l&rsquo;eccl\u00e9sia<\/em> primitive.<\/p>\n<p style=\"text-align: justify\">L&rsquo;\u00e9volution cultuelle \u00e0 Albi est semblable \u00e0 celle du reste de la France.\u00a0\u00a0En effet, malgr\u00e9 une religion pr\u00e9dominante dans un empire, les pr\u00e9c\u00e9dentes ne sont pas pour autant d\u00e9laiss\u00e9es. Divers cultes se juxtaposent et font de cette ancienne cit\u00e9 \u00e9piscopale un centre interculturel.<\/p>\n<p style=\"text-align: justify\"><strong>Pour aller plus loin:<\/strong><\/p>\n<p style=\"text-align: justify\">BIGET Jean, <em>Histoire d&rsquo;Albi, <\/em>\u00c9dition Privat, Miliau, 2000.<\/p>\n<p style=\"text-align: justify\">BORGEAUD Philippe, <em>Aux origines de l&rsquo;histoire des religions, <\/em>\u00c9dition du Seuil, Lonrai, 2010.<\/p>\n<p style=\"text-align: justify\">PECH Julien, <em>Atlas arch\u00e9ologique d&rsquo;Albi, <\/em>\u00c9dition CDAT, Lavaur, 2014.<\/p>\n<p style=\"text-align: justify\">SABLAYROLLES Robert, <em>guide arch\u00e9ologique de Midi-Pyr\u00e9n\u00e9es, <\/em>F\u00e9d\u00e9ration Aquitania, bordeaux, 2010.<\/p>\n<p style=\"text-align: justify\"><strong>\u00c9tudiants :<\/strong><\/p>\n<p style=\"text-align: justify\">BARTHUEL Maxime, BERNAT Ma\u00eflys, LLOBREGAT Ne\u00efs<\/p>\n","protected":false},"excerpt":{"rendered":"<p>Albi, au niveau cultuel, a connu une \u00e9volution semblable \u00e0 celle du sud de la France. Les fouilles arch\u00e9ologiques men\u00e9es dans cette ancienne cit\u00e9 \u00e9piscopale, sont diverses et les vestiges qu&rsquo;il en sort le sont tout autant. La compr\u00e9hension des mythes celtes est assez difficile \u00e9tant donn\u00e9 le peu de traces \u00e9crites que l&rsquo;on retrouve &hellip; <\/p>\n<p class=\"link-more\"><a href=\"https:\/\/blogs.univ-jfc.fr\/vphn\/patrimoine-et-sites-remarquables\/levolution-cultuelle-dalbi-et-larcheologie-2017\/\" class=\"more-link\">Continuer la lecture<span class=\"screen-reader-text\"> de &laquo;&nbsp;L&rsquo;\u00e9volution cultuelle d&rsquo;Albi et l&rsquo;arch\u00e9ologie [2017]&nbsp;&raquo;<\/span><\/a><\/p>\n","protected":false},"author":285,"featured_media":0,"parent":30,"menu_order":0,"comment_status":"closed","ping_status":"closed","template":"","meta":[],"_links":{"self":[{"href":"https:\/\/blogs.univ-jfc.fr\/vphn\/wp-json\/wp\/v2\/pages\/975"}],"collection":[{"href":"https:\/\/blogs.univ-jfc.fr\/vphn\/wp-json\/wp\/v2\/pages"}],"about":[{"href":"https:\/\/blogs.univ-jfc.fr\/vphn\/wp-json\/wp\/v2\/types\/page"}],"author":[{"embeddable":true,"href":"https:\/\/blogs.univ-jfc.fr\/vphn\/wp-json\/wp\/v2\/users\/285"}],"replies":[{"embeddable":true,"href":"https:\/\/blogs.univ-jfc.fr\/vphn\/wp-json\/wp\/v2\/comments?post=975"}],"version-history":[{"count":15,"href":"https:\/\/blogs.univ-jfc.fr\/vphn\/wp-json\/wp\/v2\/pages\/975\/revisions"}],"predecessor-version":[{"id":2069,"href":"https:\/\/blogs.univ-jfc.fr\/vphn\/wp-json\/wp\/v2\/pages\/975\/revisions\/2069"}],"up":[{"embeddable":true,"href":"https:\/\/blogs.univ-jfc.fr\/vphn\/wp-json\/wp\/v2\/pages\/30"}],"wp:attachment":[{"href":"https:\/\/blogs.univ-jfc.fr\/vphn\/wp-json\/wp\/v2\/media?parent=975"}],"curies":[{"name":"wp","href":"https:\/\/api.w.org\/{rel}","templated":true}]}}